{"id":3325,"date":"2022-07-28T09:19:41","date_gmt":"2022-07-28T12:19:41","guid":{"rendered":"https:\/\/propesp.uepa.br\/?page_id=3325"},"modified":"2025-09-19T14:29:15","modified_gmt":"2025-09-19T14:29:15","slug":"nitt-uepa","status":"publish","type":"page","link":"https:\/\/propesp.uepa.br\/index.php\/nitt-uepa\/","title":{"rendered":"Nitt.Uepa"},"content":{"rendered":"\n<div class=\"wp-block-uagb-container uagb-block-a66d7a09 alignfull uagb-is-root-container\"><div class=\"uagb-container-inner-blocks-wrap\">\n<div class=\"wp-block-uagb-advanced-heading uagb-block-c2a2c13b\"><h1 class=\"uagb-heading-text\"><strong>Pol\u00edtica de Inova\u00e7\u00e3o<\/strong><\/h1><div class=\"uagb-separator\"><\/div><\/div>\n\n\n\n<p><\/p>\n\n\n\n<ul>\n<li><strong>Legisla\u00e7\u00e3o Nacional<\/strong>&nbsp;&nbsp;<\/li>\n<\/ul>\n\n\n\n<p><strong>DECRETO N\u00ba 10.534, DE 28 DE OUTUBRO DE 2020&nbsp;<\/strong>&nbsp;&nbsp;&nbsp;<\/p>\n\n\n\n<p>Institui a Pol\u00edtica Nacional de Inova\u00e7\u00e3o e disp\u00f5e sobre a sua governan\u00e7a.<\/p>\n\n\n\n<div class=\"wp-block-uagb-buttons uagb-buttons__outer-wrap uagb-btn__default-btn uagb-btn-tablet__default-btn uagb-btn-mobile__default-btn uagb-block-1cb4f480\"><div class=\"uagb-buttons__wrap uagb-buttons-layout-wrap\">\n<div class=\"wp-block-uagb-buttons-child uagb-buttons__outer-wrap uagb-block-824f66bf wp-block-button\"><div class=\"uagb-button__wrapper\"><a class=\"uagb-buttons-repeater wp-block-button__link\" href=\"https:\/\/www.planalto.gov.br\/ccivil_03\/_ato2019-2022\/2020\/decreto\/d10534.htm\" onclick=\"return true;\" rel=\"follow noopener\" target=\"_blank\"><div class=\"uagb-button__link\">Saiba Mais!<\/div><\/a><\/div><\/div>\n<\/div><\/div>\n\n\n\n<p><strong>LEI N\u00ba 13.243, DE 11 DE JANEIRO DE 2016<\/strong><\/p>\n\n\n\n<p>Disp\u00f5e sobre est\u00edmulos ao desenvolvimento cient\u00edfico, \u00e0 pesquisa, \u00e0 capacita\u00e7\u00e3o cient\u00edfica e tecnol\u00f3gica e \u00e0 inova\u00e7\u00e3o e altera a Lei n\u00ba 10.973, de 2 de dezembro de 2004, a Lei n\u00ba 6.815, de 19 de agosto de 1980, a Lei n\u00ba 8.666, de 21 de junho de 1993, a Lei n\u00ba 12.462, de 4 de agosto de 2011, a Lei n\u00ba 8.745, de 9 de dezembro de 1993, a Lei n\u00ba 8.958, de 20 de dezembro de 1994, a Lei n\u00ba 8.010, de 29 de mar\u00e7o de 1990, a Lei n\u00ba 8.032, de 12 de abril de 1990, e a Lei n\u00ba 12.772, de 28 de dezembro de 2012, nos termos da Emenda Constitucional n\u00ba 85, de 26 de fevereiro de 2015.<\/p>\n\n\n\n<div class=\"wp-block-uagb-buttons uagb-buttons__outer-wrap uagb-btn__default-btn uagb-btn-tablet__default-btn uagb-btn-mobile__default-btn uagb-block-8698c57c\"><div class=\"uagb-buttons__wrap uagb-buttons-layout-wrap\">\n<div class=\"wp-block-uagb-buttons-child uagb-buttons__outer-wrap uagb-block-c5eaac43 wp-block-button\"><div class=\"uagb-button__wrapper\"><a class=\"uagb-buttons-repeater wp-block-button__link\" href=\"http:\/\/www.planalto.gov.br\/ccivil_03\/_ato2015-2018\/2016\/lei\/l13243.htm\" onclick=\"return true;\" rel=\"follow noopener\" target=\"_blank\"><div class=\"uagb-button__link\">Saiba Mais!<\/div><\/a><\/div><\/div>\n<\/div><\/div>\n\n\n\n<p><strong>LEI N\u00ba 10.973, DE 2 DE DEZEMBRO DE 2004<\/strong><\/p>\n\n\n\n<p>Disp\u00f5e sobre incentivos \u00e0 inova\u00e7\u00e3o e \u00e0 pesquisa cient\u00edfica e tecnol\u00f3gica no ambiente produtivo e d\u00e1 outras provid\u00eancias.<\/p>\n\n\n\n<div class=\"wp-block-uagb-buttons uagb-buttons__outer-wrap uagb-btn__default-btn uagb-btn-tablet__default-btn uagb-btn-mobile__default-btn uagb-block-d0929466\"><div class=\"uagb-buttons__wrap uagb-buttons-layout-wrap\">\n<div class=\"wp-block-uagb-buttons-child uagb-buttons__outer-wrap uagb-block-5fcba2bb wp-block-button\"><div class=\"uagb-button__wrapper\"><a class=\"uagb-buttons-repeater wp-block-button__link\" href=\"http:\/\/www.planalto.gov.br\/ccivil_03\/_ato2004-2006\/2004\/lei\/l10.973.htm\" onclick=\"return true;\" rel=\"follow noopener\" target=\"_blank\"><div class=\"uagb-button__link\">Saiba Mais!<\/div><\/a><\/div><\/div>\n<\/div><\/div>\n\n\n\n<ul>\n<li><strong>Legisla\u00e7\u00e3o Estadual&nbsp;<\/strong><\/li>\n<\/ul>\n\n\n\n<p><strong>DECRETO N\u00ba 1713, DE 12 DE JULHO DE 2021<\/strong><\/p>\n\n\n\n<p>Regulamenta a Lei Federal no 10.973, de 2 de dezembro de 2004, no tocante \u00e0s normas gerais aplic\u00e1veis ao Estado, assim como a Lei Estadual no 8.426, de 16 de novembro de 2016, e disp\u00f5e sobre outras medidas em mat\u00e9ria da pol\u00edtica estadual de ci\u00eancia, tecnologia e inova\u00e7\u00e3o.<\/p>\n\n\n\n<div class=\"wp-block-uagb-buttons uagb-buttons__outer-wrap uagb-btn__default-btn uagb-btn-tablet__default-btn uagb-btn-mobile__default-btn uagb-block-ad9bec60\"><div class=\"uagb-buttons__wrap uagb-buttons-layout-wrap\">\n<div class=\"wp-block-uagb-buttons-child uagb-buttons__outer-wrap uagb-block-68ebbcab wp-block-button\"><div class=\"uagb-button__wrapper\"><a class=\"uagb-buttons-repeater wp-block-button__link\" href=\"https:\/\/www.legisweb.com.br\/legislacao\/?id=417170\" onclick=\"return true;\" rel=\"follow noopener\" target=\"_blank\"><div class=\"uagb-button__link\">Saiba Mais!<\/div><\/a><\/div><\/div>\n<\/div><\/div>\n\n\n\n<p><strong>LEI N\u00ba 8426, DE 16 DE NOVEMBRO DE 2016<\/strong><\/p>\n\n\n\n<p>Disp\u00f5e sobre incentivos \u00e0 inova\u00e7\u00e3o, \u00e0 pesquisa cient\u00edfica e tecnol\u00f3gica e \u00e0 engenharia n\u00e3o rotineira, visando ao desenvolvimento tecnol\u00f3gico, econ\u00f4mico, cient\u00edfico e social no contexto da competitividade e sustentabilidade do Estado do Par\u00e1, e d\u00e1 outras provid\u00eancias.<\/p>\n\n\n\n<div class=\"wp-block-uagb-buttons uagb-buttons__outer-wrap uagb-btn__default-btn uagb-btn-tablet__default-btn uagb-btn-mobile__default-btn uagb-block-47ba2f66\"><div class=\"uagb-buttons__wrap uagb-buttons-layout-wrap\">\n<div class=\"wp-block-uagb-buttons-child uagb-buttons__outer-wrap uagb-block-3d973bec wp-block-button\"><div class=\"uagb-button__wrapper\"><a class=\"uagb-buttons-repeater wp-block-button__link\" href=\"https:\/\/www.legisweb.com.br\/legislacao\/?id=331861\" onclick=\"return true;\" rel=\"follow noopener\" target=\"_blank\"><div class=\"uagb-button__link\">Saiba Mais!<\/div><\/a><\/div><\/div>\n<\/div><\/div>\n\n\n\n<ul>\n<li><strong>Legisla\u00e7\u00e3o Institucional:<\/strong><\/li>\n<\/ul>\n\n\n\n<p><strong>RESOLU\u00c7\u00c3O N\u00ba 3363\/18-CONSUN<\/strong>, de 24 de outubro de 2018.<\/p>\n\n\n\n<div class=\"wp-block-uagb-buttons uagb-buttons__outer-wrap uagb-btn__default-btn uagb-btn-tablet__default-btn uagb-btn-mobile__default-btn uagb-block-8fac45e5\"><div class=\"uagb-buttons__wrap uagb-buttons-layout-wrap\">\n<div class=\"wp-block-uagb-buttons-child uagb-buttons__outer-wrap uagb-block-3ead743f wp-block-button\"><div class=\"uagb-button__wrapper\"><a class=\"uagb-buttons-repeater wp-block-button__link\" href=\"https:\/\/propesp.uepa.br\/wp-content\/uploads\/2024\/05\/Resoluc\u0327a\u0303o-3363.pdf\" onclick=\"return true;\" rel=\"follow noopener\" target=\"_blank\"><div class=\"uagb-button__link\">Saiba Mais!<\/div><\/a><\/div><\/div>\n<\/div><\/div>\n\n\n\n<p><strong>RESOLU\u00c7\u00c3O N\u00ba 2512\/13-CONSUN<\/strong>, de 27 de fevereiro de 2013.<\/p>\n\n\n\n<div class=\"wp-block-uagb-buttons uagb-buttons__outer-wrap uagb-btn__default-btn uagb-btn-tablet__default-btn uagb-btn-mobile__default-btn uagb-block-93370145\"><div class=\"uagb-buttons__wrap uagb-buttons-layout-wrap\">\n<div class=\"wp-block-uagb-buttons-child uagb-buttons__outer-wrap uagb-block-6b339373 wp-block-button\"><div class=\"uagb-button__wrapper\"><a class=\"uagb-buttons-repeater wp-block-button__link\" href=\"https:\/\/propesp.uepa.br\/wp-content\/uploads\/2022\/07\/Resolucao-2512.pdf\" onclick=\"return true;\" rel=\"follow noopener\" target=\"_blank\"><div class=\"uagb-button__link\">Clique Aqui!<\/div><\/a><\/div><\/div>\n<\/div><\/div>\n\n\n\n<p><strong>RESOLU\u00c7\u00c3O N\u00ba 4331\/25-CONSUN,<\/strong> 18 de junho de 2025.<\/p>\n<\/div><\/div>\n\n\n\n<div class=\"wp-block-uagb-buttons uagb-buttons__outer-wrap uagb-btn__default-btn uagb-btn-tablet__default-btn uagb-btn-mobile__default-btn uagb-block-08dbfa43\"><div class=\"uagb-buttons__wrap uagb-buttons-layout-wrap\">\n<div class=\"wp-block-uagb-buttons-child uagb-buttons__outer-wrap uagb-block-024d3917 wp-block-button\"><div class=\"uagb-button__wrapper\"><a class=\"uagb-buttons-repeater wp-block-button__link\" href=\"https:\/\/propesp.uepa.br\/wp-content\/uploads\/2025\/09\/POLITICA-DE-INOVACAO-DA-UEPA-RESOLUCAO-No-433125_CONSUN-18-de-junho-de-2025.pdf\" onclick=\"return true;\" rel=\"follow noopener\" target=\"_self\"><div class=\"uagb-button__link\">Clique Aqui!<\/div><\/a><\/div><\/div>\n<\/div><\/div>\n\n\n\n<p><\/p>\n\n\n\n<p><\/p>\n","protected":false},"excerpt":{"rendered":"<p>Pol\u00edtica de Inova\u00e7\u00e3o DECRETO N\u00ba 10.534, DE 28 DE OUTUBRO DE 2020&nbsp;&nbsp;&nbsp;&nbsp; Institui a Pol\u00edtica Nacional de Inova\u00e7\u00e3o e disp\u00f5e sobre a sua governan\u00e7a. LEI N\u00ba 13.243, DE 11 DE JANEIRO DE 2016 Disp\u00f5e sobre est\u00edmulos ao desenvolvimento cient\u00edfico, \u00e0 pesquisa, \u00e0 capacita\u00e7\u00e3o cient\u00edfica e tecnol\u00f3gica e \u00e0 inova\u00e7\u00e3o e altera a Lei n\u00ba 10.973, &hellip;<\/p>\n<p class=\"read-more\"> <a class=\"\" href=\"https:\/\/propesp.uepa.br\/index.php\/nitt-uepa\/\"> <span class=\"screen-reader-text\">Nitt.Uepa<\/span> Leia mais &raquo;<\/a><\/p>\n","protected":false},"author":4,"featured_media":0,"parent":0,"menu_order":0,"comment_status":"closed","ping_status":"closed","template":"","meta":{"_uag_custom_page_level_css":"","site-sidebar-layout":"default","site-content-layout":"","ast-site-content-layout":"default","site-content-style":"default","site-sidebar-style":"default","ast-global-header-display":"","ast-banner-title-visibility":"","ast-main-header-display":"","ast-hfb-above-header-display":"","ast-hfb-below-header-display":"","ast-hfb-mobile-header-display":"","site-post-title":"disabled","ast-breadcrumbs-content":"","ast-featured-img":"","footer-sml-layout":"","theme-transparent-header-meta":"","adv-header-id-meta":"","stick-header-meta":"","header-above-stick-meta":"","header-main-stick-meta":"","header-below-stick-meta":"","astra-migrate-meta-layouts":"set","ast-page-background-enabled":"default","ast-page-background-meta":{"desktop":{"background-color":"var(--ast-global-color-4)","background-image":"","background-repeat":"repeat","background-position":"center center","background-size":"auto","background-attachment":"scroll","background-type":"","background-media":"","overlay-type":"","overlay-color":"","overlay-gradient":""},"tablet":{"background-color":"","background-image":"","background-repeat":"repeat","background-position":"center center","background-size":"auto","background-attachment":"scroll","background-type":"","background-media":"","overlay-type":"","overlay-color":"","overlay-gradient":""},"mobile":{"background-color":"","background-image":"","background-repeat":"repeat","background-position":"center center","background-size":"auto","background-attachment":"scroll","background-type":"","background-media":"","overlay-type":"","overlay-color":"","overlay-gradient":""}},"ast-content-background-meta":{"desktop":{"background-color":"var(--ast-global-color-5)","background-image":"","background-repeat":"repeat","background-position":"center center","background-size":"auto","background-attachment":"scroll","background-type":"","background-media":"","overlay-type":"","overlay-color":"","overlay-gradient":""},"tablet":{"background-color":"var(--ast-global-color-5)","background-image":"","background-repeat":"repeat","background-position":"center center","background-size":"auto","background-attachment":"scroll","background-type":"","background-media":"","overlay-type":"","overlay-color":"","overlay-gradient":""},"mobile":{"background-color":"var(--ast-global-color-5)","background-image":"","background-repeat":"repeat","background-position":"center center","background-size":"auto","background-attachment":"scroll","background-type":"","background-media":"","overlay-type":"","overlay-color":"","overlay-gradient":""}},"footnotes":""},"uagb_featured_image_src":{"full":false,"thumbnail":false,"medium":false,"medium_large":false,"large":false,"1536x1536":false,"2048x2048":false},"uagb_author_info":{"display_name":"Elane Falcao","author_link":"https:\/\/propesp.uepa.br\/index.php\/author\/elane-falcao\/"},"uagb_comment_info":0,"uagb_excerpt":"Pol\u00edtica de Inova\u00e7\u00e3o DECRETO N\u00ba 10.534, DE 28 DE OUTUBRO DE 2020&nbsp;&nbsp;&nbsp;&nbsp; Institui a Pol\u00edtica Nacional de Inova\u00e7\u00e3o e disp\u00f5e sobre a sua governan\u00e7a. LEI N\u00ba 13.243, DE 11 DE JANEIRO DE 2016 Disp\u00f5e sobre est\u00edmulos ao desenvolvimento cient\u00edfico, \u00e0 pesquisa, \u00e0 capacita\u00e7\u00e3o cient\u00edfica e tecnol\u00f3gica e \u00e0 inova\u00e7\u00e3o e altera a Lei n\u00ba 10.973,&hellip;","_links":{"self":[{"href":"https:\/\/propesp.uepa.br\/index.php\/wp-json\/wp\/v2\/pages\/3325"}],"collection":[{"href":"https:\/\/propesp.uepa.br\/index.php\/wp-json\/wp\/v2\/pages"}],"about":[{"href":"https:\/\/propesp.uepa.br\/index.php\/wp-json\/wp\/v2\/types\/page"}],"author":[{"embeddable":true,"href":"https:\/\/propesp.uepa.br\/index.php\/wp-json\/wp\/v2\/users\/4"}],"replies":[{"embeddable":true,"href":"https:\/\/propesp.uepa.br\/index.php\/wp-json\/wp\/v2\/comments?post=3325"}],"version-history":[{"count":10,"href":"https:\/\/propesp.uepa.br\/index.php\/wp-json\/wp\/v2\/pages\/3325\/revisions"}],"predecessor-version":[{"id":6741,"href":"https:\/\/propesp.uepa.br\/index.php\/wp-json\/wp\/v2\/pages\/3325\/revisions\/6741"}],"wp:attachment":[{"href":"https:\/\/propesp.uepa.br\/index.php\/wp-json\/wp\/v2\/media?parent=3325"}],"curies":[{"name":"wp","href":"https:\/\/api.w.org\/{rel}","templated":true}]}}