{"id":5498,"date":"2024-03-15T16:55:06","date_gmt":"2024-03-15T16:55:06","guid":{"rendered":"https:\/\/propesp.uepa.br\/?page_id=5498"},"modified":"2025-10-08T12:23:03","modified_gmt":"2025-10-08T12:23:03","slug":"residencia-medica","status":"publish","type":"page","link":"https:\/\/propesp.uepa.br\/index.php\/residencia-medica\/","title":{"rendered":"Resid\u00eancia M\u00e9dica"},"content":{"rendered":"\n<div class=\"wp-block-uagb-advanced-heading uagb-block-7f9f05ec\"><h2 class=\"uagb-heading-text\">Resid\u00eancia M\u00e9dica<\/h2><div class=\"uagb-separator\"><\/div><\/div>\n\n\n\n<h2 class=\"wp-block-heading\">NOVOS<\/h2>\n\n\n\n<h2 class=\"wp-block-heading\">INSCRI\u00c7\u00d5ES ABERTAS<\/h2>\n\n\n\n<p><a href=\"https:\/\/www.uepa.br\/sites\/default\/files\/editais\/edital1172025.pdf\">Edital 117-2025 :Processo Seletivo para Resid\u00eancia Multiprofissional e em \u00c1rea Profissional em Sa\u00fade<\/a><br>Inscri\u00e7\u00f5es: 07 a 23\/10\/2025<\/p>\n\n\n\n<p><\/p>\n\n\n\n<h2 class=\"wp-block-heading\">EM ANDAMENTO<\/h2>\n\n\n\n<h2 class=\"wp-block-heading\">ENCERRADOS<br><br><\/h2>\n\n\n\n<p><a href=\"https:\/\/www.uepa.br\/sites\/default\/files\/editais\/edital252025.pdf\">Edital 25-2025 :Processo Seletivo Suplementar para os Programas de Resid\u00eancia M\u00e9dica da Uepa &#8211; 2025<\/a><br>Inscri\u00e7\u00f5es: 20 a 21\/03\/2025<\/p>\n\n\n\n<p><a href=\"https:\/\/www.uepa.br\/sites\/default\/files\/editais\/edital112025_0.pdf\">Edital 11-2025 :Processo Seletivo Simplificado para Resid\u00eancia Multiprofissional em Sa\u00fade \u2013 2025<\/a><br>Inscri\u00e7\u00f5es: 11 a 18\/02\/2025<\/p>\n\n\n\n<p><a href=\"https:\/\/www.uepa.br\/pt-br\/content\/edital-117-2024\">Edital 117-2024 ::: Processo Seletivo Unificado para os Programas de Resid\u00eancia M\u00e9dica do Estado do Par\u00e1 em 2025 (PSU\/2025)<\/a><br>Inscri\u00e7\u00f5es: 21 a 30\/11\/2024<\/p>\n\n\n\n<p><a href=\"https:\/\/www.uepa.br\/pt-br\/content\/edital-1122024\">Edital 112-2024 ::: Processo Seletivo para  Resid\u00eancia Multiprofissional e em \u00c1rea Profissional em Sa\u00fade-2025<\/a><br>Inscri\u00e7\u00f5es: 25\/10 a 20\/11\/2024<\/p>\n\n\n\n<p><a href=\"https:\/\/www.uepa.br\/pt-br\/content\/edital-24-2024\">Edital 24-2024 ::: Processo Seletivo para os Programas de Resid\u00eancia M\u00e9dica&nbsp;da Universidade do Estado do Par\u00e1 \u2013 PSRM-UEPA\/2024, na Regi\u00e3o Metropolitana de Bel\u00e9m \u2013 RMB e Santar\u00e9m<\/a><\/p>\n\n\n\n<p><a href=\"https:\/\/www.uepa.br\/pt-br\/content\/edital-06-2024\">Edital 06-2024 ::: Processo Seletivo Simplificado para Resid\u00eancia Multiprofissional em Sa\u00fade\/2024<\/a><\/p>\n","protected":false},"excerpt":{"rendered":"<p>Resid\u00eancia M\u00e9dica NOVOS INSCRI\u00c7\u00d5ES ABERTAS Edital 117-2025 :Processo Seletivo para Resid\u00eancia Multiprofissional e em \u00c1rea Profissional em Sa\u00fadeInscri\u00e7\u00f5es: 07 a 23\/10\/2025 EM ANDAMENTO ENCERRADOS Edital 25-2025 :Processo Seletivo Suplementar para os Programas de Resid\u00eancia M\u00e9dica da Uepa &#8211; 2025Inscri\u00e7\u00f5es: 20 a 21\/03\/2025 Edital 11-2025 :Processo Seletivo Simplificado para Resid\u00eancia Multiprofissional em Sa\u00fade \u2013 2025Inscri\u00e7\u00f5es: 11 &hellip;<\/p>\n<p class=\"read-more\"> <a class=\"\" href=\"https:\/\/propesp.uepa.br\/index.php\/residencia-medica\/\"> <span class=\"screen-reader-text\">Resid\u00eancia M\u00e9dica<\/span> Leia mais &raquo;<\/a><\/p>\n","protected":false},"author":1,"featured_media":0,"parent":0,"menu_order":0,"comment_status":"closed","ping_status":"closed","template":"","meta":{"_uag_custom_page_level_css":"","site-sidebar-layout":"default","site-content-layout":"","ast-site-content-layout":"default","site-content-style":"default","site-sidebar-style":"default","ast-global-header-display":"","ast-banner-title-visibility":"","ast-main-header-display":"","ast-hfb-above-header-display":"","ast-hfb-below-header-display":"","ast-hfb-mobile-header-display":"","site-post-title":"disabled","ast-breadcrumbs-content":"","ast-featured-img":"","footer-sml-layout":"","theme-transparent-header-meta":"","adv-header-id-meta":"","stick-header-meta":"","header-above-stick-meta":"","header-main-stick-meta":"","header-below-stick-meta":"","astra-migrate-meta-layouts":"set","ast-page-background-enabled":"default","ast-page-background-meta":{"desktop":{"background-color":"var(--ast-global-color-4)","background-image":"","background-repeat":"repeat","background-position":"center center","background-size":"auto","background-attachment":"scroll","background-type":"","background-media":"","overlay-type":"","overlay-color":"","overlay-gradient":""},"tablet":{"background-color":"","background-image":"","background-repeat":"repeat","background-position":"center center","background-size":"auto","background-attachment":"scroll","background-type":"","background-media":"","overlay-type":"","overlay-color":"","overlay-gradient":""},"mobile":{"background-color":"","background-image":"","background-repeat":"repeat","background-position":"center center","background-size":"auto","background-attachment":"scroll","background-type":"","background-media":"","overlay-type":"","overlay-color":"","overlay-gradient":""}},"ast-content-background-meta":{"desktop":{"background-color":"var(--ast-global-color-5)","background-image":"","background-repeat":"repeat","background-position":"center center","background-size":"auto","background-attachment":"scroll","background-type":"","background-media":"","overlay-type":"","overlay-color":"","overlay-gradient":""},"tablet":{"background-color":"var(--ast-global-color-5)","background-image":"","background-repeat":"repeat","background-position":"center center","background-size":"auto","background-attachment":"scroll","background-type":"","background-media":"","overlay-type":"","overlay-color":"","overlay-gradient":""},"mobile":{"background-color":"var(--ast-global-color-5)","background-image":"","background-repeat":"repeat","background-position":"center center","background-size":"auto","background-attachment":"scroll","background-type":"","background-media":"","overlay-type":"","overlay-color":"","overlay-gradient":""}},"footnotes":""},"uagb_featured_image_src":{"full":false,"thumbnail":false,"medium":false,"medium_large":false,"large":false,"1536x1536":false,"2048x2048":false},"uagb_author_info":{"display_name":"adminsites@uepa.br","author_link":"https:\/\/propesp.uepa.br\/index.php\/author\/adminsitesuepa-br\/"},"uagb_comment_info":0,"uagb_excerpt":"Resid\u00eancia M\u00e9dica NOVOS INSCRI\u00c7\u00d5ES ABERTAS Edital 117-2025 :Processo Seletivo para Resid\u00eancia Multiprofissional e em \u00c1rea Profissional em Sa\u00fadeInscri\u00e7\u00f5es: 07 a 23\/10\/2025 EM ANDAMENTO ENCERRADOS Edital 25-2025 :Processo Seletivo Suplementar para os Programas de Resid\u00eancia M\u00e9dica da Uepa &#8211; 2025Inscri\u00e7\u00f5es: 20 a 21\/03\/2025 Edital 11-2025 :Processo Seletivo Simplificado para Resid\u00eancia Multiprofissional em Sa\u00fade \u2013 2025Inscri\u00e7\u00f5es: 11&hellip;","_links":{"self":[{"href":"https:\/\/propesp.uepa.br\/index.php\/wp-json\/wp\/v2\/pages\/5498"}],"collection":[{"href":"https:\/\/propesp.uepa.br\/index.php\/wp-json\/wp\/v2\/pages"}],"about":[{"href":"https:\/\/propesp.uepa.br\/index.php\/wp-json\/wp\/v2\/types\/page"}],"author":[{"embeddable":true,"href":"https:\/\/propesp.uepa.br\/index.php\/wp-json\/wp\/v2\/users\/1"}],"replies":[{"embeddable":true,"href":"https:\/\/propesp.uepa.br\/index.php\/wp-json\/wp\/v2\/comments?post=5498"}],"version-history":[{"count":15,"href":"https:\/\/propesp.uepa.br\/index.php\/wp-json\/wp\/v2\/pages\/5498\/revisions"}],"predecessor-version":[{"id":6791,"href":"https:\/\/propesp.uepa.br\/index.php\/wp-json\/wp\/v2\/pages\/5498\/revisions\/6791"}],"wp:attachment":[{"href":"https:\/\/propesp.uepa.br\/index.php\/wp-json\/wp\/v2\/media?parent=5498"}],"curies":[{"name":"wp","href":"https:\/\/api.w.org\/{rel}","templated":true}]}}