{"id":692,"date":"2018-09-23T18:07:28","date_gmt":"2018-09-23T21:07:28","guid":{"rendered":"http:\/\/propesp.uepa.br\/?page_id=692"},"modified":"2022-11-16T18:39:20","modified_gmt":"2022-11-16T18:39:20","slug":"edital-no-030-2016-propostas-homologadas","status":"publish","type":"page","link":"https:\/\/propesp.uepa.br\/index.php\/edital-no-030-2016-propostas-homologadas\/","title":{"rendered":"Edital no. 030\/2016 &#8211; Propostas Homologadas"},"content":{"rendered":"\n<p>A Universidade do Estado do Par\u00e1, por meio da Pr\u00f3-Reitoria de Pesquisa e P\u00f3s\u2010Gradua\u00e7\u00e3o \u2013 PROPESP torna p\u00fablica a DIVULGA\u00c7\u00c3O DAS PROPOSTAS HOMOLOGADAS no \u00e2mbito do Programa Institucional de Bolsas de Inicia\u00e7\u00e3o Cient\u00edfica, Tecnol\u00f3gica e Inova\u00e7\u00e3o: PIBIC\/CNPq, PIBIC-AF\/CNPq, PIBICAF\/UEPA, PIBIC\/UEPA, PIBITI\/CNPq e PIBITI\/UEPA. Na oportunidade enaltece que o processo levou em considera\u00e7\u00e3o o item 2 &#8211; Requisitos do orientador proponente e o item 7 &#8211; Das inscri\u00e7\u00f5es e seus procedimentos, do Edital no. 030\/2016.<\/p>\n\n\n\n<div class=\"wp-block-uagb-buttons uagb-buttons__outer-wrap uagb-btn__default-btn uagb-btn-tablet__default-btn uagb-btn-mobile__default-btn uagb-block-73aee9db\"><div class=\"uagb-buttons__wrap uagb-buttons-layout-wrap\">\n<div class=\"wp-block-uagb-buttons-child uagb-buttons__outer-wrap uagb-block-754a504c wp-block-button is-style-outline\"><div class=\"uagb-button__wrapper\"><a class=\"uagb-buttons-repeater wp-block-button__link\" href=\"https:\/\/propesp.uepa.br\/wp-content\/uploads\/2018\/09\/Relacao_das_Propostas_Homologadas_-_Edital_030-2016.pdf\" rel=\"follow noopener\" target=\"_blank\"><div class=\"uagb-button__link\">Download<\/div><\/a><\/div><\/div>\n<\/div><\/div>\n\n\n\n<p>Data da publica\u00e7\u00e3o: 01\/07\/2016 &#8211; 11:30<\/p>\n","protected":false},"excerpt":{"rendered":"<p>A Universidade do Estado do Par\u00e1, por meio da Pr\u00f3-Reitoria de Pesquisa e P\u00f3s\u2010Gradua\u00e7\u00e3o \u2013 PROPESP torna p\u00fablica a DIVULGA\u00c7\u00c3O DAS PROPOSTAS HOMOLOGADAS no \u00e2mbito do Programa Institucional de Bolsas de Inicia\u00e7\u00e3o Cient\u00edfica, Tecnol\u00f3gica e Inova\u00e7\u00e3o: PIBIC\/CNPq, PIBIC-AF\/CNPq, PIBICAF\/UEPA, PIBIC\/UEPA, PIBITI\/CNPq e PIBITI\/UEPA. Na oportunidade enaltece que o processo levou em considera\u00e7\u00e3o o item 2 &hellip;<\/p>\n<p class=\"read-more\"> <a class=\"\" href=\"https:\/\/propesp.uepa.br\/index.php\/edital-no-030-2016-propostas-homologadas\/\"> <span class=\"screen-reader-text\">Edital no. 030\/2016 &#8211; Propostas Homologadas<\/span> Leia mais &raquo;<\/a><\/p>\n","protected":false},"author":1,"featured_media":0,"parent":0,"menu_order":0,"comment_status":"closed","ping_status":"closed","template":"","meta":{"_uag_custom_page_level_css":"","site-sidebar-layout":"default","site-content-layout":"","ast-site-content-layout":"","site-content-style":"default","site-sidebar-style":"default","ast-global-header-display":"","ast-banner-title-visibility":"","ast-main-header-display":"","ast-hfb-above-header-display":"","ast-hfb-below-header-display":"","ast-hfb-mobile-header-display":"","site-post-title":"","ast-breadcrumbs-content":"","ast-featured-img":"","footer-sml-layout":"","theme-transparent-header-meta":"","adv-header-id-meta":"","stick-header-meta":"","header-above-stick-meta":"","header-main-stick-meta":"","header-below-stick-meta":"","astra-migrate-meta-layouts":"","ast-page-background-enabled":"default","ast-page-background-meta":{"desktop":{"background-color":"var(--ast-global-color-4)","background-image":"","background-repeat":"repeat","background-position":"center center","background-size":"auto","background-attachment":"scroll","background-type":"","background-media":"","overlay-type":"","overlay-color":"","overlay-gradient":""},"tablet":{"background-color":"","background-image":"","background-repeat":"repeat","background-position":"center center","background-size":"auto","background-attachment":"scroll","background-type":"","background-media":"","overlay-type":"","overlay-color":"","overlay-gradient":""},"mobile":{"background-color":"","background-image":"","background-repeat":"repeat","background-position":"center center","background-size":"auto","background-attachment":"scroll","background-type":"","background-media":"","overlay-type":"","overlay-color":"","overlay-gradient":""}},"ast-content-background-meta":{"desktop":{"background-color":"var(--ast-global-color-5)","background-image":"","background-repeat":"repeat","background-position":"center center","background-size":"auto","background-attachment":"scroll","background-type":"","background-media":"","overlay-type":"","overlay-color":"","overlay-gradient":""},"tablet":{"background-color":"var(--ast-global-color-5)","background-image":"","background-repeat":"repeat","background-position":"center center","background-size":"auto","background-attachment":"scroll","background-type":"","background-media":"","overlay-type":"","overlay-color":"","overlay-gradient":""},"mobile":{"background-color":"var(--ast-global-color-5)","background-image":"","background-repeat":"repeat","background-position":"center center","background-size":"auto","background-attachment":"scroll","background-type":"","background-media":"","overlay-type":"","overlay-color":"","overlay-gradient":""}},"footnotes":""},"uagb_featured_image_src":{"full":false,"thumbnail":false,"medium":false,"medium_large":false,"large":false,"1536x1536":false,"2048x2048":false},"uagb_author_info":{"display_name":"adminsites@uepa.br","author_link":"https:\/\/propesp.uepa.br\/index.php\/author\/adminsitesuepa-br\/"},"uagb_comment_info":0,"uagb_excerpt":"A Universidade do Estado do Par\u00e1, por meio da Pr\u00f3-Reitoria de Pesquisa e P\u00f3s\u2010Gradua\u00e7\u00e3o \u2013 PROPESP torna p\u00fablica a DIVULGA\u00c7\u00c3O DAS PROPOSTAS HOMOLOGADAS no \u00e2mbito do Programa Institucional de Bolsas de Inicia\u00e7\u00e3o Cient\u00edfica, Tecnol\u00f3gica e Inova\u00e7\u00e3o: PIBIC\/CNPq, PIBIC-AF\/CNPq, PIBICAF\/UEPA, PIBIC\/UEPA, PIBITI\/CNPq e PIBITI\/UEPA. Na oportunidade enaltece que o processo levou em considera\u00e7\u00e3o o item 2&hellip;","_links":{"self":[{"href":"https:\/\/propesp.uepa.br\/index.php\/wp-json\/wp\/v2\/pages\/692"}],"collection":[{"href":"https:\/\/propesp.uepa.br\/index.php\/wp-json\/wp\/v2\/pages"}],"about":[{"href":"https:\/\/propesp.uepa.br\/index.php\/wp-json\/wp\/v2\/types\/page"}],"author":[{"embeddable":true,"href":"https:\/\/propesp.uepa.br\/index.php\/wp-json\/wp\/v2\/users\/1"}],"replies":[{"embeddable":true,"href":"https:\/\/propesp.uepa.br\/index.php\/wp-json\/wp\/v2\/comments?post=692"}],"version-history":[{"count":1,"href":"https:\/\/propesp.uepa.br\/index.php\/wp-json\/wp\/v2\/pages\/692\/revisions"}],"predecessor-version":[{"id":4522,"href":"https:\/\/propesp.uepa.br\/index.php\/wp-json\/wp\/v2\/pages\/692\/revisions\/4522"}],"wp:attachment":[{"href":"https:\/\/propesp.uepa.br\/index.php\/wp-json\/wp\/v2\/media?parent=692"}],"curies":[{"name":"wp","href":"https:\/\/api.w.org\/{rel}","templated":true}]}}