{"id":695,"date":"2018-09-23T18:13:12","date_gmt":"2018-09-23T21:13:12","guid":{"rendered":"http:\/\/propesp.uepa.br\/?page_id=695"},"modified":"2022-11-16T18:40:23","modified_gmt":"2022-11-16T18:40:23","slug":"iv-errata-do-edital-no-030-2016","status":"publish","type":"page","link":"https:\/\/propesp.uepa.br\/index.php\/iv-errata-do-edital-no-030-2016\/","title":{"rendered":"IV Errata do Edital no. 030\/2016"},"content":{"rendered":"\n<p>IV ERRATA DO EDITAL N\u00b0 030\/2016 \u2013 UEPA<br>PROGRAMA INSTITUCIONAL DE BOLSAS DE INICIA\u00c7\u00c3O<br>CIENT\u00cdFICA E DE DESENVOLVIMENTO TECNOL\u00d3GICO E INOVA\u00c7\u00c3O \u2013 PIBIC\/PIBITI\/CNPq\/AF\/UEPA &#8211; 2016<\/p>\n\n\n\n<p>A Universidade do Estado do Par\u00e1 (UEPA), por meio da Pr\u00f3-Reitoria de Pesquisa e P\u00f3s- Gradua\u00e7\u00e3o (PROPESP) torna p\u00fablica a altera\u00e7\u00e3o do item e subitem: 8; 8.1-Do calend\u00e1rio do Programa Institucional de Bolsas de Inicia\u00e7\u00e3o Cient\u00edfica e de Desenvolvimento Tecnol\u00f3gico e Inova\u00e7\u00e3o &#8211; PIBIC\/ PIBITI\/CNPq\/AF\/UEPA, que passa a ter a reda\u00e7\u00e3o a seguir especificada, permanecendo inalterados os demais itens e subitens do citado edital.<\/p>\n\n\n\n<p>ONDE SE L\u00ca:<\/p>\n\n\n\n<p>8. Do Calend\u00e1rio<br>8.1. O Calend\u00e1rio de execu\u00e7\u00e3o do presente edital \u00e9 o seguinte:<\/p>\n\n\n\n<figure class=\"wp-block-image\"><img decoding=\"async\" src=\"http:\/\/propesp.uepa.br\/wp-content\/uploads\/2018\/09\/Captura-de-Tela-2018-09-23-a\u0300s-18.14.05.png\" alt=\"\" class=\"wp-image-698\"\/><\/figure>\n\n\n\n<p>LEIA-SE:<\/p>\n\n\n\n<p>8. Do Calend\u00e1rio<br>8.1. O Calend\u00e1rio de execu\u00e7\u00e3o do presente edital \u00e9 o seguinte:<\/p>\n\n\n\n<figure class=\"wp-block-image\"><img decoding=\"async\" src=\"http:\/\/propesp.uepa.br\/wp-content\/uploads\/2018\/09\/Captura-de-Tela-2018-09-23-a\u0300s-18.18.13.png\" alt=\"\" class=\"wp-image-701\"\/><\/figure>\n\n\n\n<div class=\"wp-block-uagb-buttons uagb-buttons__outer-wrap uagb-btn__default-btn uagb-btn-tablet__default-btn uagb-btn-mobile__default-btn uagb-block-cd6d521d\"><div class=\"uagb-buttons__wrap uagb-buttons-layout-wrap\">\n<div class=\"wp-block-uagb-buttons-child uagb-buttons__outer-wrap uagb-block-4e40cb38 wp-block-button is-style-outline\"><div class=\"uagb-button__wrapper\"><a class=\"uagb-buttons-repeater wp-block-button__link\" href=\"https:\/\/propesp.uepa.br\/wp-content\/uploads\/2018\/09\/IV-Errata-do-Edital-030-2016-1.pdf\" rel=\"follow noopener\" target=\"_blank\"><div class=\"uagb-button__link\">Download<\/div><\/a><\/div><\/div>\n<\/div><\/div>\n\n\n\n<p>Data da publica\u00e7\u00e3o: 23\/06\/2016 &#8211; 14:17<\/p>\n","protected":false},"excerpt":{"rendered":"<p>IV ERRATA DO EDITAL N\u00b0 030\/2016 \u2013 UEPAPROGRAMA INSTITUCIONAL DE BOLSAS DE INICIA\u00c7\u00c3OCIENT\u00cdFICA E DE DESENVOLVIMENTO TECNOL\u00d3GICO E INOVA\u00c7\u00c3O \u2013 PIBIC\/PIBITI\/CNPq\/AF\/UEPA &#8211; 2016 A Universidade do Estado do Par\u00e1 (UEPA), por meio da Pr\u00f3-Reitoria de Pesquisa e P\u00f3s- Gradua\u00e7\u00e3o (PROPESP) torna p\u00fablica a altera\u00e7\u00e3o do item e subitem: 8; 8.1-Do calend\u00e1rio do Programa Institucional de &hellip;<\/p>\n<p class=\"read-more\"> <a class=\"\" href=\"https:\/\/propesp.uepa.br\/index.php\/iv-errata-do-edital-no-030-2016\/\"> <span class=\"screen-reader-text\">IV Errata do Edital no. 030\/2016<\/span> Leia mais &raquo;<\/a><\/p>\n","protected":false},"author":1,"featured_media":0,"parent":0,"menu_order":0,"comment_status":"closed","ping_status":"closed","template":"","meta":{"_uag_custom_page_level_css":"","site-sidebar-layout":"default","site-content-layout":"","ast-site-content-layout":"","site-content-style":"default","site-sidebar-style":"default","ast-global-header-display":"","ast-banner-title-visibility":"","ast-main-header-display":"","ast-hfb-above-header-display":"","ast-hfb-below-header-display":"","ast-hfb-mobile-header-display":"","site-post-title":"","ast-breadcrumbs-content":"","ast-featured-img":"","footer-sml-layout":"","theme-transparent-header-meta":"","adv-header-id-meta":"","stick-header-meta":"","header-above-stick-meta":"","header-main-stick-meta":"","header-below-stick-meta":"","astra-migrate-meta-layouts":"","ast-page-background-enabled":"default","ast-page-background-meta":{"desktop":{"background-color":"var(--ast-global-color-4)","background-image":"","background-repeat":"repeat","background-position":"center center","background-size":"auto","background-attachment":"scroll","background-type":"","background-media":"","overlay-type":"","overlay-color":"","overlay-gradient":""},"tablet":{"background-color":"","background-image":"","background-repeat":"repeat","background-position":"center center","background-size":"auto","background-attachment":"scroll","background-type":"","background-media":"","overlay-type":"","overlay-color":"","overlay-gradient":""},"mobile":{"background-color":"","background-image":"","background-repeat":"repeat","background-position":"center center","background-size":"auto","background-attachment":"scroll","background-type":"","background-media":"","overlay-type":"","overlay-color":"","overlay-gradient":""}},"ast-content-background-meta":{"desktop":{"background-color":"var(--ast-global-color-5)","background-image":"","background-repeat":"repeat","background-position":"center center","background-size":"auto","background-attachment":"scroll","background-type":"","background-media":"","overlay-type":"","overlay-color":"","overlay-gradient":""},"tablet":{"background-color":"var(--ast-global-color-5)","background-image":"","background-repeat":"repeat","background-position":"center center","background-size":"auto","background-attachment":"scroll","background-type":"","background-media":"","overlay-type":"","overlay-color":"","overlay-gradient":""},"mobile":{"background-color":"var(--ast-global-color-5)","background-image":"","background-repeat":"repeat","background-position":"center center","background-size":"auto","background-attachment":"scroll","background-type":"","background-media":"","overlay-type":"","overlay-color":"","overlay-gradient":""}},"footnotes":""},"uagb_featured_image_src":{"full":false,"thumbnail":false,"medium":false,"medium_large":false,"large":false,"1536x1536":false,"2048x2048":false},"uagb_author_info":{"display_name":"adminsites@uepa.br","author_link":"https:\/\/propesp.uepa.br\/index.php\/author\/adminsitesuepa-br\/"},"uagb_comment_info":0,"uagb_excerpt":"IV ERRATA DO EDITAL N\u00b0 030\/2016 \u2013 UEPAPROGRAMA INSTITUCIONAL DE BOLSAS DE INICIA\u00c7\u00c3OCIENT\u00cdFICA E DE DESENVOLVIMENTO TECNOL\u00d3GICO E INOVA\u00c7\u00c3O \u2013 PIBIC\/PIBITI\/CNPq\/AF\/UEPA &#8211; 2016 A Universidade do Estado do Par\u00e1 (UEPA), por meio da Pr\u00f3-Reitoria de Pesquisa e P\u00f3s- Gradua\u00e7\u00e3o (PROPESP) torna p\u00fablica a altera\u00e7\u00e3o do item e subitem: 8; 8.1-Do calend\u00e1rio do Programa Institucional de&hellip;","_links":{"self":[{"href":"https:\/\/propesp.uepa.br\/index.php\/wp-json\/wp\/v2\/pages\/695"}],"collection":[{"href":"https:\/\/propesp.uepa.br\/index.php\/wp-json\/wp\/v2\/pages"}],"about":[{"href":"https:\/\/propesp.uepa.br\/index.php\/wp-json\/wp\/v2\/types\/page"}],"author":[{"embeddable":true,"href":"https:\/\/propesp.uepa.br\/index.php\/wp-json\/wp\/v2\/users\/1"}],"replies":[{"embeddable":true,"href":"https:\/\/propesp.uepa.br\/index.php\/wp-json\/wp\/v2\/comments?post=695"}],"version-history":[{"count":1,"href":"https:\/\/propesp.uepa.br\/index.php\/wp-json\/wp\/v2\/pages\/695\/revisions"}],"predecessor-version":[{"id":4523,"href":"https:\/\/propesp.uepa.br\/index.php\/wp-json\/wp\/v2\/pages\/695\/revisions\/4523"}],"wp:attachment":[{"href":"https:\/\/propesp.uepa.br\/index.php\/wp-json\/wp\/v2\/media?parent=695"}],"curies":[{"name":"wp","href":"https:\/\/api.w.org\/{rel}","templated":true}]}}