{"id":710,"date":"2018-09-23T18:31:56","date_gmt":"2018-09-23T21:31:56","guid":{"rendered":"http:\/\/propesp.uepa.br\/?page_id=710"},"modified":"2022-11-16T18:42:33","modified_gmt":"2022-11-16T18:42:33","slug":"abertura-do-edital-no-043-2016","status":"publish","type":"page","link":"https:\/\/propesp.uepa.br\/index.php\/abertura-do-edital-no-043-2016\/","title":{"rendered":"Abertura do Edital no. 043\/2016"},"content":{"rendered":"\n<p>O Edital no. 043\/2016 tem como objetivo apoiar o desenvolvimento de projetos de pesquisa individuais que estimulem a integra\u00e7\u00e3o entre os grupos de pesquisas da Universidade do Estado do Par\u00e1 (UEPA) e as \u00e1reas do conhecimento, assim como a capacita\u00e7\u00e3o e a fixa\u00e7\u00e3o de pesquisadores doutores nas Regi\u00f5es de Integra\u00e7\u00e3o do Estado do Par\u00e1, abrangendo as regi\u00f5es Guajar\u00e1, Rio Capim, Araguaia, Caraj\u00e1s, Xingu, Guam\u00e1, Baixo Amazonas, Lago de Tucuru\u00ed, Tocantins e Maraj\u00f3, com foco nas tecnologias voltadas para o Sistema \u00danico de Sa\u00fade, verticaliza\u00e7\u00e3o das cadeias produtivas, al\u00e9m de inova\u00e7\u00f5es e impactos sociais para o desenvolvimento humano no Estado do Par\u00e1.<\/p>\n\n\n\n<div class=\"wp-block-uagb-buttons uagb-buttons__outer-wrap uagb-btn__default-btn uagb-btn-tablet__default-btn uagb-btn-mobile__default-btn uagb-block-26655c86\"><div class=\"uagb-buttons__wrap uagb-buttons-layout-wrap\">\n<div class=\"wp-block-uagb-buttons-child uagb-buttons__outer-wrap uagb-block-0e1020c5 wp-block-button is-style-outline\"><div class=\"uagb-button__wrapper\"><a class=\"uagb-buttons-repeater wp-block-button__link\" href=\"https:\/\/propesp.uepa.br\/wp-content\/uploads\/2018\/09\/Edital_043_2016.pdf\" rel=\"follow noopener\" target=\"_blank\"><div class=\"uagb-button__link\">Download<\/div><\/a><\/div><\/div>\n<\/div><\/div>\n\n\n\n<p>Data da publica\u00e7\u00e3o: 31\/05\/2016 &#8211; 09:06<\/p>\n","protected":false},"excerpt":{"rendered":"<p>O Edital no. 043\/2016 tem como objetivo apoiar o desenvolvimento de projetos de pesquisa individuais que estimulem a integra\u00e7\u00e3o entre os grupos de pesquisas da Universidade do Estado do Par\u00e1 (UEPA) e as \u00e1reas do conhecimento, assim como a capacita\u00e7\u00e3o e a fixa\u00e7\u00e3o de pesquisadores doutores nas Regi\u00f5es de Integra\u00e7\u00e3o do Estado do Par\u00e1, abrangendo &hellip;<\/p>\n<p class=\"read-more\"> <a class=\"\" href=\"https:\/\/propesp.uepa.br\/index.php\/abertura-do-edital-no-043-2016\/\"> <span class=\"screen-reader-text\">Abertura do Edital no. 043\/2016<\/span> Leia mais &raquo;<\/a><\/p>\n","protected":false},"author":1,"featured_media":0,"parent":0,"menu_order":0,"comment_status":"closed","ping_status":"closed","template":"","meta":{"_uag_custom_page_level_css":"","site-sidebar-layout":"default","site-content-layout":"","ast-site-content-layout":"","site-content-style":"default","site-sidebar-style":"default","ast-global-header-display":"","ast-banner-title-visibility":"","ast-main-header-display":"","ast-hfb-above-header-display":"","ast-hfb-below-header-display":"","ast-hfb-mobile-header-display":"","site-post-title":"","ast-breadcrumbs-content":"","ast-featured-img":"","footer-sml-layout":"","theme-transparent-header-meta":"","adv-header-id-meta":"","stick-header-meta":"","header-above-stick-meta":"","header-main-stick-meta":"","header-below-stick-meta":"","astra-migrate-meta-layouts":"","ast-page-background-enabled":"default","ast-page-background-meta":{"desktop":{"background-color":"var(--ast-global-color-4)","background-image":"","background-repeat":"repeat","background-position":"center center","background-size":"auto","background-attachment":"scroll","background-type":"","background-media":"","overlay-type":"","overlay-color":"","overlay-gradient":""},"tablet":{"background-color":"","background-image":"","background-repeat":"repeat","background-position":"center center","background-size":"auto","background-attachment":"scroll","background-type":"","background-media":"","overlay-type":"","overlay-color":"","overlay-gradient":""},"mobile":{"background-color":"","background-image":"","background-repeat":"repeat","background-position":"center center","background-size":"auto","background-attachment":"scroll","background-type":"","background-media":"","overlay-type":"","overlay-color":"","overlay-gradient":""}},"ast-content-background-meta":{"desktop":{"background-color":"var(--ast-global-color-5)","background-image":"","background-repeat":"repeat","background-position":"center center","background-size":"auto","background-attachment":"scroll","background-type":"","background-media":"","overlay-type":"","overlay-color":"","overlay-gradient":""},"tablet":{"background-color":"var(--ast-global-color-5)","background-image":"","background-repeat":"repeat","background-position":"center center","background-size":"auto","background-attachment":"scroll","background-type":"","background-media":"","overlay-type":"","overlay-color":"","overlay-gradient":""},"mobile":{"background-color":"var(--ast-global-color-5)","background-image":"","background-repeat":"repeat","background-position":"center center","background-size":"auto","background-attachment":"scroll","background-type":"","background-media":"","overlay-type":"","overlay-color":"","overlay-gradient":""}},"footnotes":""},"uagb_featured_image_src":{"full":false,"thumbnail":false,"medium":false,"medium_large":false,"large":false,"1536x1536":false,"2048x2048":false},"uagb_author_info":{"display_name":"adminsites@uepa.br","author_link":"https:\/\/propesp.uepa.br\/index.php\/author\/adminsitesuepa-br\/"},"uagb_comment_info":0,"uagb_excerpt":"O Edital no. 043\/2016 tem como objetivo apoiar o desenvolvimento de projetos de pesquisa individuais que estimulem a integra\u00e7\u00e3o entre os grupos de pesquisas da Universidade do Estado do Par\u00e1 (UEPA) e as \u00e1reas do conhecimento, assim como a capacita\u00e7\u00e3o e a fixa\u00e7\u00e3o de pesquisadores doutores nas Regi\u00f5es de Integra\u00e7\u00e3o do Estado do Par\u00e1, abrangendo&hellip;","_links":{"self":[{"href":"https:\/\/propesp.uepa.br\/index.php\/wp-json\/wp\/v2\/pages\/710"}],"collection":[{"href":"https:\/\/propesp.uepa.br\/index.php\/wp-json\/wp\/v2\/pages"}],"about":[{"href":"https:\/\/propesp.uepa.br\/index.php\/wp-json\/wp\/v2\/types\/page"}],"author":[{"embeddable":true,"href":"https:\/\/propesp.uepa.br\/index.php\/wp-json\/wp\/v2\/users\/1"}],"replies":[{"embeddable":true,"href":"https:\/\/propesp.uepa.br\/index.php\/wp-json\/wp\/v2\/comments?post=710"}],"version-history":[{"count":1,"href":"https:\/\/propesp.uepa.br\/index.php\/wp-json\/wp\/v2\/pages\/710\/revisions"}],"predecessor-version":[{"id":4525,"href":"https:\/\/propesp.uepa.br\/index.php\/wp-json\/wp\/v2\/pages\/710\/revisions\/4525"}],"wp:attachment":[{"href":"https:\/\/propesp.uepa.br\/index.php\/wp-json\/wp\/v2\/media?parent=710"}],"curies":[{"name":"wp","href":"https:\/\/api.w.org\/{rel}","templated":true}]}}