{"id":1134,"date":"2019-11-06T14:28:18","date_gmt":"2019-11-06T16:28:18","guid":{"rendered":"https:\/\/propesp.uepa.br\/ppgca\/?page_id=1134"},"modified":"2024-12-02T16:07:35","modified_gmt":"2024-12-02T19:07:35","slug":"laboratorios","status":"publish","type":"page","link":"https:\/\/propesp.uepa.br\/ppgca\/index.php\/laboratorios\/","title":{"rendered":"Laborat\u00f3rios"},"content":{"rendered":"\n<p><\/p>\n\n\n\n<div class=\"wp-block-uagb-container uagb-block-534da58c alignfull uagb-is-root-container\"><div class=\"uagb-container-inner-blocks-wrap\">\n<div class=\"wp-block-uagb-advanced-heading uagb-block-b877eff9\"><h1 class=\"uagb-heading-text\">Laborat\u00f3rios<\/h1><div class=\"uagb-separator\"><\/div><\/div>\n<\/div><\/div>\n\n\n\n<div class=\"wp-block-uagb-container uagb-block-78a68b5f alignfull uagb-is-root-container\"><div class=\"uagb-container-inner-blocks-wrap\">\n<div class=\"wp-block-uagb-container uagb-block-ba2ca217\">\n<div class=\"wp-block-uagb-image aligncenter uagb-block-ad40bf5e wp-block-uagb-image--layout-overlay wp-block-uagb-image--effect-static wp-block-uagb-image--align-center\"><figure class=\"wp-block-uagb-image__figure\"><a class=\"\" href=\"https:\/\/propesp.uepa.br\/ppgca\/index.php\/laboratorio-de-ciencias-ambientais-2\/\" target=\"_blank\" rel=\"noreferrer noopener\"><img decoding=\"async\" srcset=\"https:\/\/propesp.uepa.br\/ppgca\/wp-content\/uploads\/2023\/01\/lab_ambiental3-1024x684.jpg \" sizes=\"(max-width: 480px) 150px\" src=\"https:\/\/propesp.uepa.br\/ppgca\/wp-content\/uploads\/2023\/01\/lab_ambiental3-1024x684.jpg\" alt=\"\" class=\"uag-image-1682\" width=\"1024\" height=\"684\" title=\"\" loading=\"lazy\"\/><\/a><div class=\"wp-block-uagb-image--layout-overlay__color-wrapper\"><\/div><div class=\"wp-block-uagb-image--layout-overlay__inner center-center\"><a class=\"wp-block-uagb-image--layout-overlay-link \" href=\"https:\/\/propesp.uepa.br\/ppgca\/index.php\/laboratorio-de-ciencias-ambientais-2\/\" target=\"_blank\" rel=\"noreferrer noopener\"><\/a><h2 class=\"uagb-image-heading\">Laborat\u00f3rio de Ci\u00eancias Ambientais<\/h2><\/div><\/figure><\/div>\n<\/div>\n\n\n\n<div class=\"wp-block-uagb-container uagb-block-3cc53ada\">\n<div class=\"wp-block-uagb-image aligncenter uagb-block-34d1c0d7 wp-block-uagb-image--layout-overlay wp-block-uagb-image--effect-static wp-block-uagb-image--align-center\"><figure class=\"wp-block-uagb-image__figure\"><a class=\"\" href=\"https:\/\/propesp.uepa.br\/ppgca\/index.php\/laboratorio-de-monitoramento-ambiental-2\/\" target=\"_blank\" rel=\"noreferrer noopener\"><img decoding=\"async\" srcset=\"https:\/\/propesp.uepa.br\/ppgca\/wp-content\/uploads\/2023\/01\/lab_monitoramento_ambiental-1-1024x683.jpg \" sizes=\"(max-width: 480px) 150px\" src=\"https:\/\/propesp.uepa.br\/ppgca\/wp-content\/uploads\/2023\/01\/lab_monitoramento_ambiental-1-1024x683.jpg\" alt=\"\" class=\"uag-image-1692\" width=\"1024\" height=\"683\" title=\"\" loading=\"lazy\"\/><\/a><div class=\"wp-block-uagb-image--layout-overlay__color-wrapper\"><\/div><div class=\"wp-block-uagb-image--layout-overlay__inner center-center\"><a class=\"wp-block-uagb-image--layout-overlay-link \" href=\"https:\/\/propesp.uepa.br\/ppgca\/index.php\/laboratorio-de-monitoramento-ambiental-2\/\" target=\"_blank\" rel=\"noreferrer noopener\"><\/a><h2 class=\"uagb-image-heading\">Laborat\u00f3rio de Monitoramento e Conserva\u00e7\u00e3o Ambiental<\/h2><\/div><\/figure><\/div>\n<\/div>\n\n\n\n<div class=\"wp-block-uagb-container uagb-block-231dc7a0\">\n<div class=\"wp-block-uagb-image aligncenter uagb-block-85c4cdbb wp-block-uagb-image--layout-overlay wp-block-uagb-image--effect-static wp-block-uagb-image--align-center\"><figure class=\"wp-block-uagb-image__figure\"><a class=\"\" href=\"https:\/\/propesp.uepa.br\/ppgca\/index.php\/laboratorio-de-biodiversidade-e-agroecologia\/\" target=\"_blank\" rel=\"noreferrer noopener\"><img decoding=\"async\" srcset=\"https:\/\/propesp.uepa.br\/ppgca\/wp-content\/uploads\/2023\/01\/lab_ambiental-1024x683.jpg \" sizes=\"(max-width: 480px) 150px\" src=\"https:\/\/propesp.uepa.br\/ppgca\/wp-content\/uploads\/2023\/01\/lab_ambiental-1024x683.jpg\" alt=\"\" class=\"uag-image-1678\" width=\"1024\" height=\"683\" title=\"\" loading=\"lazy\"\/><\/a><div class=\"wp-block-uagb-image--layout-overlay__color-wrapper\"><\/div><div class=\"wp-block-uagb-image--layout-overlay__inner center-center\"><a class=\"wp-block-uagb-image--layout-overlay-link \" href=\"https:\/\/propesp.uepa.br\/ppgca\/index.php\/laboratorio-de-biodiversidade-e-agroecologia\/\" target=\"_blank\" rel=\"noreferrer noopener\"><\/a><h2 class=\"uagb-image-heading\">Laborat\u00f3rio de Biodiversidade e Agroecologia<\/h2><\/div><\/figure><\/div>\n<\/div>\n\n\n\n<div class=\"wp-block-uagb-container uagb-block-d73f7a1d\">\n<div class=\"wp-block-uagb-image aligncenter uagb-block-2df9dc69 wp-block-uagb-image--layout-overlay wp-block-uagb-image--effect-static wp-block-uagb-image--align-center\"><figure class=\"wp-block-uagb-image__figure\"><a class=\"\" href=\"https:\/\/propesp.uepa.br\/ppgca\/index.php\/laboratorio-de-hidrocarboneto-2\/\" target=\"_blank\" rel=\"noreferrer noopener\"><img decoding=\"async\" srcset=\"https:\/\/propesp.uepa.br\/ppgca\/wp-content\/uploads\/2023\/01\/lab_hidrocarboneto-1024x683.jpg \" sizes=\"(max-width: 480px) 150px\" src=\"https:\/\/propesp.uepa.br\/ppgca\/wp-content\/uploads\/2023\/01\/lab_hidrocarboneto-1024x683.jpg\" alt=\"\" class=\"uag-image-1684\" width=\"1024\" height=\"683\" title=\"\" loading=\"lazy\"\/><\/a><div class=\"wp-block-uagb-image--layout-overlay__color-wrapper\"><\/div><div class=\"wp-block-uagb-image--layout-overlay__inner center-center\"><a class=\"wp-block-uagb-image--layout-overlay-link \" href=\"https:\/\/propesp.uepa.br\/ppgca\/index.php\/laboratorio-de-hidrocarboneto-2\/\" target=\"_blank\" rel=\"noreferrer noopener\"><\/a><h2 class=\"uagb-image-heading\">Laborat\u00f3rio de Hidrocarboneto<\/h2><\/div><\/figure><\/div>\n<\/div>\n\n\n\n<div style=\"height:38px\" aria-hidden=\"true\" class=\"wp-block-spacer\"><\/div>\n<\/div><\/div>\n\n\n\n<div class=\"wp-block-uagb-container uagb-block-328daa40 alignfull uagb-is-root-container\"><div class=\"uagb-container-inner-blocks-wrap\">\n<div class=\"wp-block-uagb-container uagb-block-210e8154\">\n<div class=\"wp-block-uagb-image aligncenter uagb-block-db26d31c wp-block-uagb-image--layout-overlay wp-block-uagb-image--effect-static wp-block-uagb-image--align-center\"><figure class=\"wp-block-uagb-image__figure\"><a class=\"\" href=\"https:\/\/propesp.uepa.br\/ppgca\/index.php\/laboratorio-de-ciencias-ambientais-2\/\" target=\"_blank\" rel=\"noreferrer noopener\"><img decoding=\"async\" srcset=\"https:\/\/propesp.uepa.br\/ppgca\/wp-content\/uploads\/2023\/01\/lab_ambiental3-1024x684.jpg \" sizes=\"(max-width: 480px) 150px\" src=\"https:\/\/propesp.uepa.br\/ppgca\/wp-content\/uploads\/2023\/01\/lab_ambiental3-1024x684.jpg\" alt=\"\" class=\"uag-image-1682\" width=\"1024\" height=\"684\" title=\"\" loading=\"lazy\"\/><\/a><div class=\"wp-block-uagb-image--layout-overlay__color-wrapper\"><\/div><div class=\"wp-block-uagb-image--layout-overlay__inner center-center\"><a class=\"wp-block-uagb-image--layout-overlay-link \" href=\"https:\/\/propesp.uepa.br\/ppgca\/index.php\/laboratorio-de-ciencias-ambientais-2\/\" target=\"_blank\" rel=\"noreferrer noopener\"><\/a><h2 class=\"uagb-image-heading\">Laborat\u00f3rio de Sa\u00fade e Meio Ambiente<\/h2><\/div><\/figure><\/div>\n<\/div>\n\n\n\n<div class=\"wp-block-uagb-container uagb-block-9e1df5f9\">\n<div class=\"wp-block-uagb-image aligncenter uagb-block-dfaf1b7a wp-block-uagb-image--layout-overlay wp-block-uagb-image--effect-static wp-block-uagb-image--align-center\"><figure class=\"wp-block-uagb-image__figure\"><a class=\"\" href=\"https:\/\/propesp.uepa.br\/ppgca\/index.php\/laboratorio-de-monitoramento-ambiental-2\/\" target=\"_blank\" rel=\"noreferrer noopener\"><img decoding=\"async\" srcset=\"https:\/\/propesp.uepa.br\/ppgca\/wp-content\/uploads\/2023\/01\/lab_monitoramento_ambiental-1-1024x683.jpg \" sizes=\"(max-width: 480px) 150px\" src=\"https:\/\/propesp.uepa.br\/ppgca\/wp-content\/uploads\/2023\/01\/lab_monitoramento_ambiental-1-1024x683.jpg\" alt=\"\" class=\"uag-image-1692\" width=\"1024\" height=\"683\" title=\"\" loading=\"lazy\"\/><\/a><div class=\"wp-block-uagb-image--layout-overlay__color-wrapper\"><\/div><div class=\"wp-block-uagb-image--layout-overlay__inner center-center\"><a class=\"wp-block-uagb-image--layout-overlay-link \" href=\"https:\/\/propesp.uepa.br\/ppgca\/index.php\/laboratorio-de-monitoramento-ambiental-2\/\" target=\"_blank\" rel=\"noreferrer noopener\"><\/a><h2 class=\"uagb-image-heading\">Laborat\u00f3rio de Espectroscopia e Modelagem Ambiental<\/h2><\/div><\/figure><\/div>\n<\/div>\n\n\n\n<div class=\"wp-block-uagb-container uagb-block-a83dab04\">\n<div class=\"wp-block-uagb-image aligncenter uagb-block-768a3218 wp-block-uagb-image--layout-overlay wp-block-uagb-image--effect-static wp-block-uagb-image--align-center\"><figure class=\"wp-block-uagb-image__figure\"><a class=\"\" href=\"https:\/\/propesp.uepa.br\/ppgca\/index.php\/laboratorio-de-biodiversidade-e-agroecologia\/\" target=\"_blank\" rel=\"noreferrer noopener\"><img decoding=\"async\" srcset=\"https:\/\/propesp.uepa.br\/ppgca\/wp-content\/uploads\/2023\/01\/lab_ambiental-1024x683.jpg \" sizes=\"(max-width: 480px) 150px\" src=\"https:\/\/propesp.uepa.br\/ppgca\/wp-content\/uploads\/2023\/01\/lab_ambiental-1024x683.jpg\" alt=\"\" class=\"uag-image-1678\" width=\"1024\" height=\"683\" title=\"\" loading=\"lazy\"\/><\/a><div class=\"wp-block-uagb-image--layout-overlay__color-wrapper\"><\/div><div class=\"wp-block-uagb-image--layout-overlay__inner center-center\"><a class=\"wp-block-uagb-image--layout-overlay-link \" href=\"https:\/\/propesp.uepa.br\/ppgca\/index.php\/laboratorio-de-biodiversidade-e-agroecologia\/\" target=\"_blank\" rel=\"noreferrer noopener\"><\/a><h2 class=\"uagb-image-heading\">Laborat\u00f3rio de Inform\u00e1tica e Pesquisa Avan\u00e7ada<\/h2><\/div><\/figure><\/div>\n<\/div>\n\n\n\n<div class=\"wp-block-uagb-container uagb-block-8cbe56d0\">\n<div class=\"wp-block-uagb-image aligncenter uagb-block-cdb84ddb wp-block-uagb-image--layout-overlay wp-block-uagb-image--effect-static wp-block-uagb-image--align-center\"><figure class=\"wp-block-uagb-image__figure\"><a class=\"\" href=\"https:\/\/propesp.uepa.br\/ppgca\/index.php\/laboratorio-de-hidrocarboneto-2\/\" target=\"_blank\" rel=\"noreferrer noopener\"><img decoding=\"async\" srcset=\"https:\/\/propesp.uepa.br\/ppgca\/wp-content\/uploads\/2023\/01\/lab_hidrocarboneto-1024x683.jpg \" sizes=\"(max-width: 480px) 150px\" src=\"https:\/\/propesp.uepa.br\/ppgca\/wp-content\/uploads\/2023\/01\/lab_hidrocarboneto-1024x683.jpg\" alt=\"\" class=\"uag-image-1684\" width=\"1024\" height=\"683\" title=\"\" loading=\"lazy\"\/><\/a><div class=\"wp-block-uagb-image--layout-overlay__color-wrapper\"><\/div><div class=\"wp-block-uagb-image--layout-overlay__inner center-center\"><a class=\"wp-block-uagb-image--layout-overlay-link \" href=\"https:\/\/propesp.uepa.br\/ppgca\/index.php\/laboratorio-de-hidrocarboneto-2\/\" target=\"_blank\" rel=\"noreferrer noopener\"><\/a><h2 class=\"uagb-image-heading\">Laborat\u00f3rio de Ensino e Estudos Multim\u00eddias<\/h2><\/div><\/figure><\/div>\n<\/div>\n\n\n\n<div style=\"height:38px\" aria-hidden=\"true\" class=\"wp-block-spacer\"><\/div>\n<\/div><\/div>\n\n\n\n<div class=\"wp-block-uagb-container uagb-block-a37a0233 alignfull uagb-is-root-container\"><div class=\"uagb-container-inner-blocks-wrap\">\n<div class=\"wp-block-uagb-container uagb-block-1469d34f\">\n<div class=\"wp-block-uagb-buttons uagb-buttons__outer-wrap uagb-btn__default-btn uagb-btn-tablet__default-btn uagb-btn-mobile__default-btn uagb-block-34a8b52e\"><div class=\"uagb-buttons__wrap uagb-buttons-layout-wrap\">\n<div class=\"wp-block-uagb-buttons-child uagb-buttons__outer-wrap uagb-block-fb4a3261 wp-block-button is-style-outline\"><div class=\"uagb-button__wrapper\"><a class=\"uagb-buttons-repeater wp-block-button__link\" href=\"https:\/\/propesp.uepa.br\/ppgca\/index.php\/colecao-zoologica\/\" onclick=\"return true;\" rel=\"follow noopener\" target=\"_self\"><div class=\"uagb-button__link\"><\/div><span class=\"uagb-button__icon uagb-button__icon-position-after\"><svg xmlns=\"https:\/\/www.w3.org\/2000\/svg\" viewBox=\"0 0 576 512\"><path d=\"M561.7 199.6c-1.3 .3 .3 0 0 0zm-6.2-77.4c-7.7-22.3-5.1-7.2-13.4-36.9-1.6-6.5-3.6-14.5-6.2-20-4.4-8.7-4.6-7.5-4.6-9.5 0-5.3 30.7-45.3 19-46.9-5.7-.6-12.2 11.6-20.6 17-8.6 4.2-8 5-10.3 5-2.6 0-5.7-3-6.2-5-2-5.7 1.9-25.9-3.6-25.9-3.6 0-12.3 24.8-17 25.8-5.2 1.3-27.9-11.4-75.1 18-25.3 13.2-86.9 65.2-87 65.3-6.7 4.7-20 4.7-35.5 16-44.4 30.1-109.6 9.4-110.7 9-110.6-26.8-128-15.2-159 11.5-20.8 17.9-23.7 36.5-24.2 38.9-4.2 20.4 5.2 48.3 6.7 64.3 1.8 19.3-2.7 17.7 7.7 98.3 .5 1 4.1 0 5.1 1.5 0 8.4-3.8 12.1-4.1 13-1.5 4.5-1.5 10.5 0 16 2.3 8.2 8.2 37.2 8.2 46.9 0 41.8 .4 44 2.6 49.4 3.9 10 12.5 9.1 17 12 3.1 3.5-.5 8.5 1 12.5 .5 2 3.6 4 6.2 5 9.2 3.6 27 .3 29.9-2.5 1.6-1.5 .5-4.5 3.1-5 5.1 0 10.8-.5 14.4-2.5 5.1-2.5 4.1-6 1.5-10.5-.4-.8-7-13.3-9.8-16-2.1-2-5.1-3-7.2-4.5-5.8-4.9-10.3-19.4-10.3-19.5-4.6-19.4-10.3-46.3-4.1-66.8 4.6-17.2 39.5-87.7 39.6-87.8 4.1-6.5 17-11.5 27.3-7 6 1.9 19.3 22 65.4 30.9 47.9 8.7 97.4-2 112.2-2 2.8 2-1.9 13-.5 38.9 0 26.4-.4 13.7-4.1 29.9-2.2 9.7 3.4 23.2-1.5 46.9-1.4 9.8-9.9 32.7-8.2 43.4 .5 1 1 2 1.5 3.5 .5 4.5 1.5 8.5 4.6 10 7.3 3.6 12-3.5 9.8 11.5-.7 3.1-2.6 12 1.5 15 4.4 3.7 30.6 3.4 36.5 .5 2.6-1.5 1.6-4.5 6.4-7.4 1.9-.9 11.3-.4 11.3-6.5 .3-1.8-9.2-19.9-9.3-20-2.6-3.5-9.2-4.5-11.3-8-6.9-10.1-1.7-52.6 .5-59.4 3-11 5.6-22.4 8.7-32.4 11-42.5 10.3-50.6 16.5-68.3 .8-1.8 6.4-23.1 10.3-29.9 9.3-17 21.7-32.4 33.5-47.4 18-22.9 34-46.9 52-69.8 6.1-7 8.2-13.7 18-8 10.8 5.7 21.6 7 31.9 17 14.6 12.8 10.2 18.2 11.8 22.9 1.5 5 7.7 10.5 14.9 9.5 10.4-2 13-2.5 13.4-2.5 2.6-.5 5.7-5 7.2-8 3.1-5.5 7.2-9 7.2-16.5 0-7.7-.4-2.8-20.6-52.9z\"><\/path><\/svg><\/span><\/a><\/div><\/div>\n<\/div><\/div>\n\n\n\n<div class=\"wp-block-uagb-advanced-heading uagb-block-dfb78d57\"><h4 class=\"uagb-heading-text\">Cole\u00e7\u00e3o Zool\u00f3gica<\/h4><\/div>\n<\/div>\n\n\n\n<div class=\"wp-block-uagb-container uagb-block-14ca0e63\">\n<div class=\"wp-block-uagb-buttons uagb-buttons__outer-wrap uagb-btn__default-btn uagb-btn-tablet__default-btn uagb-btn-mobile__default-btn uagb-block-6b6fef8f\"><div class=\"uagb-buttons__wrap uagb-buttons-layout-wrap\">\n<div class=\"wp-block-uagb-buttons-child uagb-buttons__outer-wrap uagb-block-b70bbfca wp-block-button is-style-outline\"><div class=\"uagb-button__wrapper\"><a class=\"uagb-buttons-repeater wp-block-button__link\" href=\"https:\/\/propesp.uepa.br\/ppgca\/index.php\/cursinho-alternativo-da-uepa\/\" onclick=\"return true;\" rel=\"follow noopener\" target=\"_self\"><div class=\"uagb-button__link\"><\/div><span class=\"uagb-button__icon uagb-button__icon-position-after\"><svg xmlns=\"https:\/\/www.w3.org\/2000\/svg\" viewBox=\"0 0 512 512\"><path d=\"M0 219.2v212.5c0 14.25 11.62 26.25 26.5 27C75.32 461.2 180.2 471.3 240 511.9V245.2C181.4 205.5 79.99 194.8 29.84 192C13.59 191.1 0 203.6 0 219.2zM482.2 192c-50.09 2.848-151.3 13.47-209.1 53.09C272.1 245.2 272 245.3 272 245.5v266.5c60.04-40.39 164.7-50.76 213.5-53.28C500.4 457.9 512 445.9 512 431.7V219.2C512 203.6 498.4 191.1 482.2 192zM352 96c0-53-43-96-96-96S160 43 160 96s43 96 96 96S352 149 352 96z\"><\/path><\/svg><\/span><\/a><\/div><\/div>\n<\/div><\/div>\n\n\n\n<div class=\"wp-block-uagb-advanced-heading uagb-block-529f123f\"><h4 class=\"uagb-heading-text\">Curso alternativo da UEPA<\/h4><\/div>\n<\/div>\n\n\n\n<div class=\"wp-block-uagb-container uagb-block-175b9843\">\n<div class=\"wp-block-uagb-buttons uagb-buttons__outer-wrap uagb-btn__default-btn uagb-btn-tablet__default-btn uagb-btn-mobile__default-btn uagb-block-f0ba9178\"><div class=\"uagb-buttons__wrap uagb-buttons-layout-wrap\">\n<div class=\"wp-block-uagb-buttons-child uagb-buttons__outer-wrap uagb-block-dada2177 wp-block-button is-style-outline\"><div class=\"uagb-button__wrapper\"><a class=\"uagb-buttons-repeater wp-block-button__link\" href=\"https:\/\/herbariomfs.uepa.br\/\" onclick=\"return true;\" rel=\"follow noopener\" target=\"_blank\"><div class=\"uagb-button__link\"><\/div><span class=\"uagb-button__icon uagb-button__icon-position-after\"><svg xmlns=\"https:\/\/www.w3.org\/2000\/svg\" viewBox=\"0 0 512 512\"><path d=\"M512 165.4c0 127.9-70.05 235.3-175.3 270.1c-20.04 7.938-41.83 12.46-64.69 12.46c-64.9 0-125.2-36.51-155.7-94.47c-54.13 49.93-68.71 107-68.96 108.1C44.72 472.6 34.87 480 24.02 480c-1.844 0-3.727-.2187-5.602-.6562c-12.89-3.098-20.84-16.08-17.75-28.96c9.598-39.5 90.47-226.4 335.3-226.4C344.8 224 352 216.8 352 208S344.8 192 336 192C228.6 192 151 226.6 96.29 267.6c.1934-10.82 1.242-21.84 3.535-33.05c13.47-65.81 66.04-119 131.4-134.2c28.33-6.562 55.68-6.013 80.93-.0054c56 13.32 118.2-7.412 149.3-61.24c5.664-9.828 20.02-9.516 24.66 .8282C502.7 76.76 512 121.9 512 165.4z\"><\/path><\/svg><\/span><\/a><\/div><\/div>\n<\/div><\/div>\n\n\n\n<div class=\"wp-block-uagb-advanced-heading uagb-block-c453515f\"><h4 class=\"uagb-heading-text\">Herb\u00e1rio<\/h4><\/div>\n<\/div>\n<\/div><\/div>\n","protected":false},"excerpt":{"rendered":"<p>Laborat\u00f3rios Cole\u00e7\u00e3o Zool\u00f3gica Curso alternativo da UEPA Herb\u00e1rio<\/p>\n","protected":false},"author":4,"featured_media":0,"parent":0,"menu_order":0,"comment_status":"closed","ping_status":"closed","template":"","meta":{"_uag_custom_page_level_css":"","_mi_skip_tracking":false,"_exactmetrics_sitenote_active":false,"_exactmetrics_sitenote_note":"","_exactmetrics_sitenote_category":0,"site-sidebar-layout":"default","site-content-layout":"","ast-site-content-layout":"default","site-content-style":"default","site-sidebar-style":"default","ast-global-header-display":"","ast-banner-title-visibility":"","ast-main-header-display":"","ast-hfb-above-header-display":"","ast-hfb-below-header-display":"","ast-hfb-mobile-header-display":"","site-post-title":"disabled","ast-breadcrumbs-content":"","ast-featured-img":"","footer-sml-layout":"","theme-transparent-header-meta":"","adv-header-id-meta":"","stick-header-meta":"","header-above-stick-meta":"","header-main-stick-meta":"","header-below-stick-meta":"","astra-migrate-meta-layouts":"set","ast-page-background-enabled":"default","ast-page-background-meta":{"desktop":{"background-color":"var(--ast-global-color-4)","background-image":"","background-repeat":"repeat","background-position":"center center","background-size":"auto","background-attachment":"scroll","background-type":"","background-media":"","overlay-type":"","overlay-color":"","overlay-gradient":""},"tablet":{"background-color":"","background-image":"","background-repeat":"repeat","background-position":"center center","background-size":"auto","background-attachment":"scroll","background-type":"","background-media":"","overlay-type":"","overlay-color":"","overlay-gradient":""},"mobile":{"background-color":"","background-image":"","background-repeat":"repeat","background-position":"center center","background-size":"auto","background-attachment":"scroll","background-type":"","background-media":"","overlay-type":"","overlay-color":"","overlay-gradient":""}},"ast-content-background-meta":{"desktop":{"background-color":"var(--ast-global-color-5)","background-image":"","background-repeat":"repeat","background-position":"center center","background-size":"auto","background-attachment":"scroll","background-type":"","background-media":"","overlay-type":"","overlay-color":"","overlay-gradient":""},"tablet":{"background-color":"var(--ast-global-color-5)","background-image":"","background-repeat":"repeat","background-position":"center center","background-size":"auto","background-attachment":"scroll","background-type":"","background-media":"","overlay-type":"","overlay-color":"","overlay-gradient":""},"mobile":{"background-color":"var(--ast-global-color-5)","background-image":"","background-repeat":"repeat","background-position":"center center","background-size":"auto","background-attachment":"scroll","background-type":"","background-media":"","overlay-type":"","overlay-color":"","overlay-gradient":""}},"footnotes":""},"uagb_featured_image_src":{"full":false,"thumbnail":false,"medium":false,"medium_large":false,"large":false,"1536x1536":false,"2048x2048":false},"uagb_author_info":{"display_name":"adminsites@uepa.br","author_link":"https:\/\/propesp.uepa.br\/ppgca\/index.php\/author\/adminsitesuepa-br\/"},"uagb_comment_info":0,"uagb_excerpt":"Laborat\u00f3rios Cole\u00e7\u00e3o Zool\u00f3gica Curso alternativo da UEPA Herb\u00e1rio","_links":{"self":[{"href":"https:\/\/propesp.uepa.br\/ppgca\/index.php\/wp-json\/wp\/v2\/pages\/1134"}],"collection":[{"href":"https:\/\/propesp.uepa.br\/ppgca\/index.php\/wp-json\/wp\/v2\/pages"}],"about":[{"href":"https:\/\/propesp.uepa.br\/ppgca\/index.php\/wp-json\/wp\/v2\/types\/page"}],"author":[{"embeddable":true,"href":"https:\/\/propesp.uepa.br\/ppgca\/index.php\/wp-json\/wp\/v2\/users\/4"}],"replies":[{"embeddable":true,"href":"https:\/\/propesp.uepa.br\/ppgca\/index.php\/wp-json\/wp\/v2\/comments?post=1134"}],"version-history":[{"count":9,"href":"https:\/\/propesp.uepa.br\/ppgca\/index.php\/wp-json\/wp\/v2\/pages\/1134\/revisions"}],"predecessor-version":[{"id":2462,"href":"https:\/\/propesp.uepa.br\/ppgca\/index.php\/wp-json\/wp\/v2\/pages\/1134\/revisions\/2462"}],"wp:attachment":[{"href":"https:\/\/propesp.uepa.br\/ppgca\/index.php\/wp-json\/wp\/v2\/media?parent=1134"}],"curies":[{"name":"wp","href":"https:\/\/api.w.org\/{rel}","templated":true}]}}