{"id":2339,"date":"2023-02-27T10:09:49","date_gmt":"2023-02-27T13:09:49","guid":{"rendered":"https:\/\/propesp.uepa.br\/ppgca\/?page_id=2339"},"modified":"2023-02-27T10:13:23","modified_gmt":"2023-02-27T13:13:23","slug":"turma-2012","status":"publish","type":"page","link":"https:\/\/propesp.uepa.br\/ppgca\/index.php\/publicacoes\/dissertacoes\/turma-2012\/","title":{"rendered":"Turma 2012"},"content":{"rendered":"\n<div class=\"wp-block-uagb-container uagb-block-0eee0d8e alignfull uagb-is-root-container\"><div class=\"uagb-container-inner-blocks-wrap\">\n<div class=\"wp-block-uagb-advanced-heading uagb-block-3868ebb2\"><h2 class=\"uagb-heading-text\"><strong>Disserta\u00e7\u00f5es Conclu\u00eddas \u2013 Turma de 201<\/strong>2<\/h2><div class=\"uagb-separator\"><\/div><\/div>\n\n\n\n<p><strong>Tema da Disserta\u00e7\u00e3o<\/strong>: Estudo sobre o gafanhoto&nbsp;<em>Cornops aquaticum<\/em>&nbsp;e avalia\u00e7\u00e3o do seu potencial para o controle biol\u00f3gico de&nbsp;<em>Eichhornia crassipes<\/em>&nbsp;no lago Bolonha, Parque Ambiental de Bel\u00e9m-Par\u00e1<br><strong>Orientando(a)<\/strong>: Arthur Ferreira de Oliveira<br><strong>Orientador(a)<\/strong>: Profa. Dra. Ana L\u00facia Nunes Gutjahr<br><strong><a rel=\"noreferrer noopener\" href=\"https:\/\/propesp.uepa.br\/ppgca\/wp-content\/uploads\/2023\/02\/dissertacao_arthur_oliveira_ppgca_uepa_2012.pdf\" target=\"_blank\">Download da Disserta\u00e7\u00e3o<\/a><\/strong><\/p>\n\n\n\n<p><strong>Tema da Disserta\u00e7\u00e3o<\/strong>: Estudo etnobot\u00e2nico de palmeiras utilizadas pelas Comunidades ribeirinhas Rio Urubueua de F\u00e1tima e Nossa Senhora dos Anjos, Abaetetuba-PA<strong><br>Orientando(a)<\/strong>: Carolina Mesquita Germano<br><strong>Orientador(a)<\/strong>: Profa. Dra. Fl\u00e1via Cristina Araujo Lucas<br><strong><a href=\"https:\/\/propesp.uepa.br\/ppgca\/wp-content\/uploads\/2023\/02\/dissertacao_carolina_germano_ppgc_uepa_2012.pdf\" target=\"_blank\" rel=\"noreferrer noopener\">Download da Disserta\u00e7\u00e3o<\/a><\/strong><\/p>\n\n\n\n<p><strong>Tema da Disserta\u00e7\u00e3o<\/strong>: Avalia\u00e7\u00e3o das condi\u00e7\u00f5es do esgotamento sanit\u00e1rio frente \u00e0 possibilidade da instala\u00e7\u00e3o da esquistossomose mans\u00f4nica no Distrito de Mosqueiro, Bel\u00e9m-PA<br><strong>Orientando(a)<\/strong>: Cilanna Nascimento Moraes<br><strong>Orientador(a)<\/strong>: Profa. Dra. Cl\u00e9a Nazar\u00e9 Carneiro Bichara<br><strong><a href=\"https:\/\/propesp.uepa.br\/ppgca\/wp-content\/uploads\/2023\/02\/dissertacao_cilanna_moraes_ppgca_uepa_2012.pdf\" target=\"_blank\" rel=\"noreferrer noopener\">Download da Disserta\u00e7\u00e3o<\/a><\/strong><\/p>\n\n\n\n<p><strong>Tema da Disserta\u00e7\u00e3o<\/strong>:Avalia\u00e7\u00e3o de indicadores de sustentabilidade, nas perspectivas ambiental, econ\u00f4mica e cultural, no C\u00edrio de Nazar\u00e9, na Cidade de Bel\u00e9m, Par\u00e1, Brasil&nbsp;<br><strong>Orientando(a)<\/strong>: Glauce Vitor da Silva<br><strong>Orientador(a)<\/strong>: Prof. Dr. Altem Nascimento Pontes<br><strong><a href=\"https:\/\/propesp.uepa.br\/ppgca\/wp-content\/uploads\/2023\/02\/dissertacao_glauce_vitor_ppgca_uepa_2012.pdf\" target=\"_blank\" rel=\"noreferrer noopener\">Download da Disserta\u00e7\u00e3o<\/a><\/strong><\/p>\n\n\n\n<p><strong>Tema da Disserta\u00e7\u00e3o<\/strong>:Quantifica\u00e7\u00e3o de metais pesados (As, Cd e Pb) na \u00e1gua percolada oriunda da irriga\u00e7\u00e3o e da chuva em cultivos convencional e org\u00e2nico&nbsp;<br><strong>Orientando(a)<\/strong>: Gleicy Kelly China<br><strong>Orientador(a)<\/strong>: Profa. Dra. Suezilde da Concei\u00e7\u00e3o Amaral Ribeiro<br><strong><a href=\"https:\/\/propesp.uepa.br\/ppgca\/wp-content\/uploads\/2023\/02\/dissertacao_gleicy_kelly_ppgca_uepa_2012.pdf\" target=\"_blank\" rel=\"noreferrer noopener\">Download da Disserta\u00e7\u00e3o<\/a><\/strong><\/p>\n\n\n\n<p><strong>Tema da Disserta\u00e7\u00e3o<\/strong>:Determina\u00e7\u00e3o dos \u00edndices de qualidade da \u00e1gua e de subst\u00e2ncias t\u00f3xicas e organol\u00e9pticas do Rio Guam\u00e1, Bel\u00e9m, Par\u00e1<br><strong>Orientando(a)<\/strong>: Let\u00edcia Magalh\u00e3es da Silva<br><strong>Orientador(a)<\/strong>: Prof. Dr. Gundisalvo Piratoba Morales<br><strong><a href=\"https:\/\/propesp.uepa.br\/ppgca\/wp-content\/uploads\/2023\/02\/dissertacao_leticia_magalhaes_uepa_2012.pdf\" target=\"_blank\" rel=\"noreferrer noopener\">Download da Disserta\u00e7\u00e3o<\/a><\/strong><\/p>\n\n\n\n<p><strong>Tema da Disserta\u00e7\u00e3o<\/strong>:Avalia\u00e7\u00e3o das \u00e1guas subterr\u00e2neas nas proximidades de ocorr\u00eancia de vazamento de combust\u00edvel por posto de revenda no distrito administrativo de Bengui (Daben) \u2013 Bel\u00e9m-PA<br><strong>Orientando(a)<\/strong>: Luis Carlos Amaral Marques<br><strong>Orientador(a)<\/strong>: Profa. Dra. Hebe Morganne Campos Ribeiro<br><strong><a href=\"https:\/\/propesp.uepa.br\/ppgca\/wp-content\/uploads\/2023\/02\/dissertacao_luis_marques_ppgca_uepa_2012.pdf\" target=\"_blank\" rel=\"noreferrer noopener\">Download da Disserta\u00e7\u00e3o<\/a><\/strong><\/p>\n\n\n\n<p><strong>Tema da Disserta\u00e7\u00e3o<\/strong>:Atividades Produtivas, Tradi\u00e7\u00f5es Locais e Conserva\u00e7\u00e3o da Biodiversidade: um estudo na Comunidade Igarap\u00e9 Grande, ilha de Jo\u00e3o Pilatos, Ananindeua-PA<br><strong>Orientando(a)<\/strong>: Neriane Nascimento da Hora&nbsp;<br><strong>Orientador(a)<\/strong>: Prof. Dr. H\u00e9lio Raymundo Ferreira Filho<br><strong><a href=\"https:\/\/propesp.uepa.br\/ppgca\/wp-content\/uploads\/2023\/02\/dissertacao_neriane_hora_ppgca_uepa_2012.pdf\" target=\"_blank\" rel=\"noreferrer noopener\">Download da Disserta\u00e7\u00e3o<\/a><\/strong><\/p>\n\n\n\n<p><strong>Tema da Disserta\u00e7\u00e3o<\/strong>:Influ\u00eancia da absor\u00e7\u00e3o do fl\u00faor atmosf\u00e9rico sobre par\u00e2metros qu\u00edmicos, bioqu\u00edmicos e de crescimento em cultivares de feij\u00e3o caupi (<em>Vigna Unguiculata<\/em>&nbsp;[L.] Walp)<br><strong>Orientando(a)<\/strong>: Paulo Alexandre Panarra Ferreira Gomes das Neves&nbsp;<br><strong>Orientador(a)<\/strong>: Prof. Dr. Manoel Tavares de Paula<br><strong><a href=\"https:\/\/propesp.uepa.br\/ppgca\/wp-content\/uploads\/2023\/02\/dissertacao_paulo_panarra_ppgca_uepa_2012.pdf\" target=\"_blank\" rel=\"noreferrer noopener\">Download da Disserta\u00e7\u00e3o<\/a><\/strong><\/p>\n\n\n\n<p><strong>Tema da Disserta\u00e7\u00e3o<\/strong>:A inclus\u00e3o dos servi\u00e7os ambientais e dos valores de n\u00e3o uso da biodiversidade nos contratos de concess\u00e3o florestal: um estudo na Gleba Mamuru-Arapiuns- Par\u00e1\/Brasil<br><strong>Orientando(a)<\/strong>:&nbsp;Saiara Concei\u00e7\u00e3o de Jesus da Silva<br><strong>Orientador(a)<\/strong>: Profa. Dra. Norma Ely Santos Beltr\u00e3o<br><strong><a href=\"https:\/\/propesp.uepa.br\/ppgca\/wp-content\/uploads\/2023\/02\/dissertacao_saiara_conceicao_ppgca_uepa_2012.pdf\" target=\"_blank\" rel=\"noreferrer noopener\">Download da Disserta\u00e7\u00e3o<\/a><\/strong><\/p>\n\n\n\n<p><strong>Tema da Disserta\u00e7\u00e3o<\/strong>:Indicadores em corpos h\u00eddricos para apontar efeitos da biodiversidade na mitiga\u00e7\u00e3o de mudan\u00e7as clim\u00e1tica em \u00e1reas legalmente protegidas: estudo de caso na flona tapaj\u00f3s e seu entorno<br><strong>Orientando(a)<\/strong>:&nbsp;Sarah Suely Alves Batalha<br><strong>Orientador(a)<\/strong>: Profa. Dra. Lucieta Guerreiro Martorano<br><strong><a href=\"https:\/\/propesp.uepa.br\/ppgca\/wp-content\/uploads\/2023\/02\/dissertacao_sara_batalha_ppgca_uepa_2012.pdf\" target=\"_blank\" rel=\"noreferrer noopener\">Download da Disserta\u00e7\u00e3o<\/a><\/strong><\/p>\n\n\n\n<p><strong>Tema da Disserta\u00e7\u00e3o<\/strong>:Levantamento etnobot\u00e2nico de plantas utilizadas pelas comunidades da Reserva Extrativista Marinha de Soure-PA<br><strong>Orientando(a)<\/strong>:&nbsp;Tain\u00e1 Teixeira Rocha&nbsp;<br><strong>Orientador(a)<\/strong>: Profa. Dra. Ana Cl\u00e1udia Caldeira Tavares Martins<br><strong><a rel=\"noreferrer noopener\" href=\"https:\/\/propesp.uepa.br\/ppgca\/wp-content\/uploads\/2023\/02\/dissertacao_taina_rocha_ppgca_uepa_2012.pdf\" target=\"_blank\">Download da Disserta\u00e7\u00e3o<\/a><\/strong><\/p>\n<\/div><\/div>\n","protected":false},"excerpt":{"rendered":"<p>Disserta\u00e7\u00f5es Conclu\u00eddas \u2013 Turma de 2012 Tema da Disserta\u00e7\u00e3o: Estudo sobre o gafanhoto&nbsp;Cornops aquaticum&nbsp;e avalia\u00e7\u00e3o do seu potencial para o controle biol\u00f3gico de&nbsp;Eichhornia crassipes&nbsp;no lago Bolonha, Parque Ambiental de Bel\u00e9m-Par\u00e1Orientando(a): Arthur Ferreira de OliveiraOrientador(a): Profa. Dra. Ana L\u00facia Nunes GutjahrDownload da Disserta\u00e7\u00e3o Tema da Disserta\u00e7\u00e3o: Estudo etnobot\u00e2nico de palmeiras utilizadas pelas Comunidades ribeirinhas Rio Urubueua &hellip;<\/p>\n<p class=\"read-more\"> <a class=\"\" href=\"https:\/\/propesp.uepa.br\/ppgca\/index.php\/publicacoes\/dissertacoes\/turma-2012\/\"> <span class=\"screen-reader-text\">Turma 2012<\/span> Leia mais &raquo;<\/a><\/p>\n","protected":false},"author":4,"featured_media":0,"parent":145,"menu_order":0,"comment_status":"closed","ping_status":"closed","template":"","meta":{"_uag_custom_page_level_css":"","_mi_skip_tracking":false,"_exactmetrics_sitenote_active":false,"_exactmetrics_sitenote_note":"","_exactmetrics_sitenote_category":0,"site-sidebar-layout":"default","site-content-layout":"","ast-site-content-layout":"","site-content-style":"default","site-sidebar-style":"default","ast-global-header-display":"","ast-banner-title-visibility":"","ast-main-header-display":"","ast-hfb-above-header-display":"","ast-hfb-below-header-display":"","ast-hfb-mobile-header-display":"","site-post-title":"disabled","ast-breadcrumbs-content":"","ast-featured-img":"","footer-sml-layout":"","theme-transparent-header-meta":"","adv-header-id-meta":"","stick-header-meta":"","header-above-stick-meta":"","header-main-stick-meta":"","header-below-stick-meta":"","astra-migrate-meta-layouts":"","ast-page-background-enabled":"default","ast-page-background-meta":{"desktop":{"background-color":"var(--ast-global-color-4)","background-image":"","background-repeat":"repeat","background-position":"center center","background-size":"auto","background-attachment":"scroll","background-type":"","background-media":"","overlay-type":"","overlay-color":"","overlay-gradient":""},"tablet":{"background-color":"","background-image":"","background-repeat":"repeat","background-position":"center center","background-size":"auto","background-attachment":"scroll","background-type":"","background-media":"","overlay-type":"","overlay-color":"","overlay-gradient":""},"mobile":{"background-color":"","background-image":"","background-repeat":"repeat","background-position":"center center","background-size":"auto","background-attachment":"scroll","background-type":"","background-media":"","overlay-type":"","overlay-color":"","overlay-gradient":""}},"ast-content-background-meta":{"desktop":{"background-color":"var(--ast-global-color-5)","background-image":"","background-repeat":"repeat","background-position":"center center","background-size":"auto","background-attachment":"scroll","background-type":"","background-media":"","overlay-type":"","overlay-color":"","overlay-gradient":""},"tablet":{"background-color":"var(--ast-global-color-5)","background-image":"","background-repeat":"repeat","background-position":"center center","background-size":"auto","background-attachment":"scroll","background-type":"","background-media":"","overlay-type":"","overlay-color":"","overlay-gradient":""},"mobile":{"background-color":"var(--ast-global-color-5)","background-image":"","background-repeat":"repeat","background-position":"center center","background-size":"auto","background-attachment":"scroll","background-type":"","background-media":"","overlay-type":"","overlay-color":"","overlay-gradient":""}},"footnotes":""},"uagb_featured_image_src":{"full":false,"thumbnail":false,"medium":false,"medium_large":false,"large":false,"1536x1536":false,"2048x2048":false},"uagb_author_info":{"display_name":"adminsites@uepa.br","author_link":"https:\/\/propesp.uepa.br\/ppgca\/index.php\/author\/adminsitesuepa-br\/"},"uagb_comment_info":0,"uagb_excerpt":"Disserta\u00e7\u00f5es Conclu\u00eddas \u2013 Turma de 2012 Tema da Disserta\u00e7\u00e3o: Estudo sobre o gafanhoto&nbsp;Cornops aquaticum&nbsp;e avalia\u00e7\u00e3o do seu potencial para o controle biol\u00f3gico de&nbsp;Eichhornia crassipes&nbsp;no lago Bolonha, Parque Ambiental de Bel\u00e9m-Par\u00e1Orientando(a): Arthur Ferreira de OliveiraOrientador(a): Profa. Dra. Ana L\u00facia Nunes GutjahrDownload da Disserta\u00e7\u00e3o Tema da Disserta\u00e7\u00e3o: Estudo etnobot\u00e2nico de palmeiras utilizadas pelas Comunidades ribeirinhas Rio Urubueua&hellip;","_links":{"self":[{"href":"https:\/\/propesp.uepa.br\/ppgca\/index.php\/wp-json\/wp\/v2\/pages\/2339"}],"collection":[{"href":"https:\/\/propesp.uepa.br\/ppgca\/index.php\/wp-json\/wp\/v2\/pages"}],"about":[{"href":"https:\/\/propesp.uepa.br\/ppgca\/index.php\/wp-json\/wp\/v2\/types\/page"}],"author":[{"embeddable":true,"href":"https:\/\/propesp.uepa.br\/ppgca\/index.php\/wp-json\/wp\/v2\/users\/4"}],"replies":[{"embeddable":true,"href":"https:\/\/propesp.uepa.br\/ppgca\/index.php\/wp-json\/wp\/v2\/comments?post=2339"}],"version-history":[{"count":3,"href":"https:\/\/propesp.uepa.br\/ppgca\/index.php\/wp-json\/wp\/v2\/pages\/2339\/revisions"}],"predecessor-version":[{"id":2344,"href":"https:\/\/propesp.uepa.br\/ppgca\/index.php\/wp-json\/wp\/v2\/pages\/2339\/revisions\/2344"}],"up":[{"embeddable":true,"href":"https:\/\/propesp.uepa.br\/ppgca\/index.php\/wp-json\/wp\/v2\/pages\/145"}],"wp:attachment":[{"href":"https:\/\/propesp.uepa.br\/ppgca\/index.php\/wp-json\/wp\/v2\/media?parent=2339"}],"curies":[{"name":"wp","href":"https:\/\/api.w.org\/{rel}","templated":true}]}}