{"id":243,"date":"2019-01-28T14:26:39","date_gmt":"2019-01-28T16:26:39","guid":{"rendered":"https:\/\/paginas.uepa.br\/pcambientais\/ppgca\/?page_id=243"},"modified":"2026-04-14T11:45:51","modified_gmt":"2026-04-14T14:45:51","slug":"processo-seletivo-2","status":"publish","type":"page","link":"https:\/\/propesp.uepa.br\/ppgca\/index.php\/processo-seletivo-2\/","title":{"rendered":"Processo Seletivo"},"content":{"rendered":"\n<div class=\"wp-block-uagb-advanced-heading uagb-block-b00ffb20\"><h1 class=\"uagb-heading-text\">Processo Seletivo<\/h1><div class=\"uagb-separator\"><\/div><\/div>\n\n\n\n<div class=\"inherit-container-width wp-block-group alignfull has-ast-global-color-5-background-color has-background is-layout-constrained wp-block-group-is-layout-constrained\">\n<h2 class=\"wp-block-heading has-text-align-center has-large-font-size\" id=\"acompanhamento-edital-032-2021-uepa\">Alunos Especiais (2026\/1) &#8211; INSCRI\u00c7\u00d5ES ENCERRADAS<\/h2>\n\n\n\n<p class=\"has-text-align-left\">O Programa de P\u00f3s-Gradua\u00e7\u00e3o em Ci\u00eancias Ambientais informa a rela\u00e7\u00e3o parcial de inscritos como alunos especiais nas disciplinas ofertadas, conforme Chamada vigente. At\u00e9 o momento, as disciplinas <strong>Metodologia de Pesquisa e Reda\u00e7\u00e3o Cient\u00edfica<\/strong>, <strong>Qualidade, Manejo e Conserva\u00e7\u00e3o de Recursos H\u00eddricos e Geoprocessamento Ambienta<\/strong>l j\u00e1 se encontram com vagas esgotadas.<\/p>\n\n\n\n<p>As demais disciplinas ofertadas \u2014 Log\u00edstica Verde, Polui\u00e7\u00e3o e Doen\u00e7as Emergentes na Amaz\u00f4nia e Epidemiologia e Controle de Doen\u00e7as Tropicais na Amaz\u00f4nia \u2014 ainda possuem vagas dispon\u00edveis, com inscri\u00e7\u00f5es abertas at\u00e9 amanh\u00e3, conforme prazo estabelecido na Chamada.<br>Ressalta-se que esta \u00e9 uma lista parcial, sujeita a atualiza\u00e7\u00f5es at\u00e9 a divulga\u00e7\u00e3o da rela\u00e7\u00e3o final homologada.<\/p>\n\n\n\n<figure class=\"wp-block-table is-style-stripes\"><table><tbody><tr><td>CHAMADA 2026\/1 PARA ALUNOS ESPECIAIS \u2013 <a href=\"https:\/\/propesp.uepa.br\/ppgca\/wp-content\/uploads\/2026\/04\/chamada_aluno_especial_ppgca_belem_2026-versao-final-1.pdf\">Clique aqui<\/a><\/td><\/tr><tr><td>RELA\u00c7\u00c3O PARCIAL DE INSCRITOS ALUNOS ESPECIAIS \u2013 2026\/1 \u2013 <a href=\"https:\/\/propesp.uepa.br\/ppgca\/wp-content\/uploads\/2026\/04\/Relacao-Parcial-9-de-Abril-as-18-h.pdf\">Clique aqui<\/a><\/td><\/tr><tr><td>HOMOLOGA\u00c7\u00c3O DAS INSCRI\u00c7\u00d5ES \u2013 CHAMADA 2026\/1 PARA ALUNOS ESPECIAIS \u2013 <a href=\"https:\/\/propesp.uepa.br\/ppgca\/wp-content\/uploads\/2026\/04\/Relacao-inscricoes-homologadas-Alunos-Especiais-chamada-2026-1o.semestre-1.pdf\">Clique aqui<\/a><\/td><\/tr><\/tbody><\/table><\/figure>\n\n\n\n<hr class=\"wp-block-separator has-alpha-channel-opacity is-style-wide\"\/>\n\n\n\n<h2 class=\"wp-block-heading has-text-align-center has-large-font-size\" id=\"acompanhamento-edital-032-2021-uepa\">&nbsp; Edital n\u00b0 134\/2025 &#8211; UEPA &#8211; Mestrado Acad\u00eamico <\/h2>\n\n\n\n<p class=\"has-text-align-center\"><strong>Programa de P\u00f3s-gradua\u00e7\u00e3o em Ci\u00eancias Ambientais &#8211; Mestrado Acad\u00eamico &#8211; Campus Bel\u00e9m<\/strong><\/p>\n\n\n\n<figure class=\"wp-block-table is-style-stripes\"><table><tbody><tr><td>Edital N\u00ba 134\/2025 &#8211; <a href=\"https:\/\/propesp.uepa.br\/ppgca\/wp-content\/uploads\/2026\/02\/edital1342025-1.pdf\" data-type=\"link\" data-id=\"https:\/\/propesp.uepa.br\/ppgca\/wp-content\/uploads\/2026\/02\/edital1342025-1.pdf\">Clique aqui para acessar<\/a>  <\/td><\/tr><tr><td>Termo Aditivo ao Edital N\u00ba 134\/2025 \u2013  <a href=\"https:\/\/propesp.uepa.br\/ppgca\/wp-content\/uploads\/2026\/02\/2-termo_aditivo_edital_mestrado_ppgca_134_2025-1.pdf\">Clique aqui para acessar<\/a><\/td><\/tr><tr><td>Inscri\u00e7\u00f5es Homologadas &#8211; <a href=\"https:\/\/propesp.uepa.br\/ppgca\/wp-content\/uploads\/2026\/02\/3-div_ins_hom_ppgca_mes_2026_v1.pdf\" data-type=\"link\" data-id=\"https:\/\/propesp.uepa.br\/ppgca\/wp-content\/uploads\/2026\/02\/3-div_ins_hom_ppgca_mes_2026_v1.pdf\">Clique aqui para acessar<\/a><\/td><\/tr><tr><td>Inscri\u00e7\u00f5es Homologadas (P\u00f3s recurso) &#8211; <a href=\"https:\/\/propesp.uepa.br\/ppgca\/wp-content\/uploads\/2026\/02\/4-div_ins_hom_ppgca_mes_2026_v2.pdf\">Clique aqui para acessar<\/a><\/td><\/tr><tr><td>FASE 1 &#8211; Resultado da Prova Escrita e de Profici\u00eancia em Ingl\u00eas &#8211; <a href=\"https:\/\/propesp.uepa.br\/ppgca\/wp-content\/uploads\/2026\/02\/5-div_resultado_prova_escrita_mes_2026.pdf\" data-type=\"link\" data-id=\"https:\/\/propesp.uepa.br\/ppgca\/wp-content\/uploads\/2026\/02\/5-div_resultado_prova_escrita_mes_2026.pdf\">Clique aqui para acessar<\/a><\/td><\/tr><tr><td>FASE 1 &#8211; Resultado da Prova Escrita e de Profici\u00eancia em Ingl\u00eas P\u00f3s Recurso &#8211; <a href=\"https:\/\/propesp.uepa.br\/ppgca\/wp-content\/uploads\/2026\/02\/6-div_resultado_prova_escrita_mes_2026_v2.pdf\">Clique aqui para acessar<\/a><\/td><\/tr><tr><td>FASE 2 &#8211; Resultado da An\u00e1lise do Curr\u00edculo Lattes &#8211; <a href=\"https:\/\/propesp.uepa.br\/ppgca\/wp-content\/uploads\/2026\/02\/7-div_resultado_analise_curriculo_mestrado_2026.pdf\">Clique aqui para acessar<\/a><\/td><\/tr><tr><td>FASE 2 &#8211; Resultado da An\u00e1lise do Curr\u00edculo Lattes p\u00f3s recurso &#8211; <a href=\"https:\/\/propesp.uepa.br\/ppgca\/wp-content\/uploads\/2026\/02\/8-div_resultado_analise_curriculo_mestrado_2026_Pos_Recurso.pdf\">Clique aqui para acessar<\/a><\/td><\/tr><tr><td>FASE 3 &#8211; Resultado da Defesa de Pr\u00e9-Projeto de Pesquisa &#8211; <a href=\"https:\/\/propesp.uepa.br\/ppgca\/wp-content\/uploads\/2026\/02\/9-div_resultado-Fase-3-Defesa-de-pre-projetos-Mestrado-2026.pdf\">Clique aqui para acessar<\/a><\/td><\/tr><tr><td>FASE 3 &#8211; Resultado da Defesa de Pr\u00e9-Projeto de Pesquisa &#8211; P\u00f3s Recurso &#8211; <a href=\"https:\/\/propesp.uepa.br\/ppgca\/wp-content\/uploads\/2026\/02\/10-div_resultado-Fase-3-Defesa-de-pre-projetos-Mestrado-2026-pos-recursos-1.pdf\" data-type=\"link\" data-id=\"https:\/\/propesp.uepa.br\/ppgca\/wp-content\/uploads\/2026\/02\/10-div_resultado-Fase-3-Defesa-de-pre-projetos-Mestrado-2026-pos-recursos-1.pdf\">Clique aqui para acessar<\/a><\/td><\/tr><tr><td>FASE 4 &#8211; CRONOGRAMA de Entrevista do Mestrado &#8211; 20\/02\/2026 &#8211; <a href=\"https:\/\/propesp.uepa.br\/ppgca\/wp-content\/uploads\/2026\/02\/divulgacao_cronograma_FASE-4-ENTREVISTAS_MESTRADO-2026-1.pdf\" data-type=\"link\" data-id=\"https:\/\/propesp.uepa.br\/ppgca\/wp-content\/uploads\/2026\/02\/divulgacao_cronograma_FASE-4-ENTREVISTAS_MESTRADO-2026-1.pdf\">Clique aqui para acessar<\/a><\/td><\/tr><tr><td>FASE 4 &#8211; Resultado da Entrevista do Mestrado &#8211; <a href=\"https:\/\/propesp.uepa.br\/ppgca\/wp-content\/uploads\/2026\/02\/11-div_resultado_entrevistas_MESTRADO_2026.pdf\" data-type=\"link\" data-id=\"https:\/\/propesp.uepa.br\/ppgca\/wp-content\/uploads\/2026\/02\/11-div_resultado_entrevistas_MESTRADO_2026.pdf\">Clique aqui para acessar<\/a><\/td><\/tr><tr><td>FASE 4 &#8211; Resultado da Entrevista do Mestrado &#8211; P\u00f3s Recurso &#8211; <a href=\"https:\/\/propesp.uepa.br\/ppgca\/wp-content\/uploads\/2026\/02\/12-div_resultado_entrevistas_MESTRADO_2026-POS-RECURSOS-1.pdf\">Clique aqui para acessar<\/a><\/td><\/tr><tr><td>Resultado Final do Mestrado &#8211; <a href=\"https:\/\/propesp.uepa.br\/ppgca\/wp-content\/uploads\/2026\/02\/13-Resultado_Final_Mestrado_PPGCA_2026-1.pdf\">Clique aqui para acessar<\/a><\/td><\/tr><tr><td>ATEN\u00c7\u00c3O &#8211; MATRICULA NOVOS ALUNOS MESTRADO &#8211; <a href=\"https:\/\/propesp.uepa.br\/ppgca\/wp-content\/uploads\/2026\/03\/Matricula_Mestrado_2026-v3.pdf\">Clique aqui para acessar<\/a><\/td><\/tr><\/tbody><\/table><\/figure>\n\n\n\n<hr class=\"wp-block-separator has-alpha-channel-opacity is-style-wide\"\/>\n\n\n\n<h2 class=\"wp-block-heading has-text-align-center has-large-font-size\" id=\"acompanhamento-edital-032-2021-uepa\">&nbsp; Edital n\u00b0 133\/2025 &#8211; UEPA &#8211; Doutorado Acad\u00eamico <\/h2>\n\n\n\n<div class=\"inherit-container-width wp-block-group alignfull has-ast-global-color-5-background-color has-background is-layout-constrained wp-block-group-is-layout-constrained\">\n<p class=\"has-text-align-center\"><strong>Programa de P\u00f3s-gradua\u00e7\u00e3o em Ci\u00eancias Ambientais Doutorado Acad\u00eamico &#8211; Campus Bel\u00e9m<\/strong><\/p>\n\n\n\n<figure class=\"wp-block-table is-style-stripes\"><table><tbody><tr><td>Edital N\u00ba 133\/2025 &#8211; <a href=\"https:\/\/propesp.uepa.br\/ppgca\/wp-content\/uploads\/2026\/02\/edital1332025.pdf\" data-type=\"link\" data-id=\"https:\/\/propesp.uepa.br\/ppgca\/wp-content\/uploads\/2026\/02\/edital1332025.pdf\">Clique aqui para acessar<\/a><\/td><\/tr><tr><td>Termo Aditivo ao Edital N\u00ba 133\/2025 &#8211; <a href=\"https:\/\/propesp.uepa.br\/ppgca\/wp-content\/uploads\/2026\/02\/2-termo_aditivo_edital_doutorado_ppgca_133_2025-3.pdf\" data-type=\"link\" data-id=\"https:\/\/propesp.uepa.br\/ppgca\/wp-content\/uploads\/2026\/02\/2-termo_aditivo_edital_doutorado_ppgca_133_2025-3.pdf\">Clique aqui para acessar <\/a><\/td><\/tr><tr><td>Inscri\u00e7\u00f5es Homologadas &#8211; <a href=\"https:\/\/propesp.uepa.br\/ppgca\/wp-content\/uploads\/2026\/02\/3-div_ins_hom_ppgca_dou_2026_v1.pdf\">Clique aqui para acessar<\/a><\/td><\/tr><tr><td>Inscri\u00e7\u00f5es Homologadas P\u00f3s Recurso &#8211; <a href=\"https:\/\/propesp.uepa.br\/ppgca\/wp-content\/uploads\/2026\/02\/4-div_ins_hom_ppgca_dou_2026_v2.pdf\">Clique aqui para acessar<\/a><\/td><\/tr><tr><td>FASE 1 &#8211; Resultado da Prova Escrita e Profici\u00eancia em Ingl\u00eas &#8211; <a href=\"https:\/\/propesp.uepa.br\/ppgca\/wp-content\/uploads\/2026\/02\/5-div_resultado_prova_escrita_dou_2026.pdf\" data-type=\"link\" data-id=\"https:\/\/propesp.uepa.br\/ppgca\/wp-content\/uploads\/2026\/02\/5-div_resultado_prova_escrita_dou_2026.pdf\">Clique aqui para acessar<\/a><\/td><\/tr><tr><td>FASE 1 &#8211; Resultado da Prova Escrita e Profici\u00eancia em Ingl\u00eas &#8211; P\u00f3s Recurso &#8211; <a href=\"https:\/\/propesp.uepa.br\/ppgca\/wp-content\/uploads\/2026\/02\/6-div_resultado_prova_escrita_dou_2026_v2-2.pdf\">Clique aqui para acessar<\/a><\/td><\/tr><tr><td>FASE 2 &#8211; Resultado da An\u00e1lise do Curr\u00edculo Lattes &#8211; <a href=\"https:\/\/propesp.uepa.br\/ppgca\/wp-content\/uploads\/2026\/02\/7-div_resultado_analise_curriculo_lattes_doutorado_2026.pdf\">Clique aqui para acessar<\/a><\/td><\/tr><tr><td>FASE 2 &#8211; Resultado da An\u00e1lise do Curr\u00edculo Lattes &#8211; P\u00f3s Recurso &#8211; <a href=\"https:\/\/propesp.uepa.br\/ppgca\/wp-content\/uploads\/2026\/02\/8-div_resultado_analise_curriculo_lattes_doutorado_2026_Pos_recurso.pdf\">Clique aqui para acessar<\/a><\/td><\/tr><tr><td>FASE 3 &#8211; Resultado da Defesa de Pr\u00e9-Projeto &#8211; <a href=\"https:\/\/propesp.uepa.br\/ppgca\/wp-content\/uploads\/2026\/02\/9-div_resultado_analise_defesa_pre_projeto_doutorado_2026.pdf\">Clique aqui para acessar<\/a><\/td><\/tr><tr><td>FASE 3 &#8211; Resultado da Defesa de Pr\u00e9-Projeto &#8211; P\u00f3s Recurso &#8211; <a href=\"https:\/\/propesp.uepa.br\/ppgca\/wp-content\/uploads\/2026\/02\/10-div_resultado_analise_defesa_pre_projeto_doutorado_2026-POS-RECURSOS.pdf\" data-type=\"link\" data-id=\"https:\/\/propesp.uepa.br\/ppgca\/wp-content\/uploads\/2026\/02\/10-div_resultado_analise_defesa_pre_projeto_doutorado_2026-POS-RECURSOS.pdf\">Clique aqui para acessar<\/a><\/td><\/tr><tr><td>FASE 4 &#8211; CRONOGRAMA de Entrevista do Doutorado &#8211; 19\/02\/2026 &#8211; <a href=\"https:\/\/propesp.uepa.br\/ppgca\/wp-content\/uploads\/2026\/02\/divulgacao_cronograma_FASE-4-ENTREVISTAS_DOUTORADO-2026-2.pdf\" data-type=\"link\" data-id=\"https:\/\/propesp.uepa.br\/ppgca\/wp-content\/uploads\/2026\/02\/divulgacao_cronograma_FASE-4-ENTREVISTAS_MESTRADO-2026-1.pdf\">Clique aqui para acess<\/a><a href=\"https:\/\/propesp.uepa.br\/ppgca\/wp-content\/uploads\/2026\/02\/divulgacao_cronograma_FASE-4-ENTREVISTAS_MESTRADO-2026-1.pdf\" data-type=\"link\" data-id=\"https:\/\/propesp.uepa.br\/ppgca\/wp-content\/uploads\/2026\/02\/divulgacao_cronograma_FASE-4-ENTREVISTAS_MESTRADO-2026-1.pdf\">ar<\/a><\/td><\/tr><tr><td>FASE 4 &#8211; Resultado da Entrevista do Doutorado &#8211; <a href=\"https:\/\/propesp.uepa.br\/ppgca\/wp-content\/uploads\/2026\/02\/11-div_resultado_entrevistas_doutorado_2026.pdf\">Clique aqui para acessar<\/a><\/td><\/tr><tr><td>FASE 4 &#8211; Resultado da Entrevista do Doutorado &#8211; P\u00f3s Recurso &#8211; <a href=\"https:\/\/propesp.uepa.br\/ppgca\/wp-content\/uploads\/2026\/02\/12-div_resultado_entrevistas_doutorado_2026-pos-recursos-1.pdf\">Clique aqui para acessar <\/a><\/td><\/tr><tr><td>Resultado Final do Doutorado &#8211; <a href=\"https:\/\/propesp.uepa.br\/ppgca\/wp-content\/uploads\/2026\/02\/13-Resultado_Final_Doutorado_PPGCA_2026.pdf\">Clique aqui para acessar<\/a><\/td><\/tr><tr><td>ATEN\u00c7\u00c3O &#8211; MATRICULA NOVOS ALUNOS DOUTORADO &#8211; <a href=\"https:\/\/propesp.uepa.br\/ppgca\/wp-content\/uploads\/2026\/03\/Matricula_Doutorado_2026-v3.pdf\" data-type=\"link\" data-id=\"https:\/\/propesp.uepa.br\/ppgca\/wp-content\/uploads\/2026\/03\/Matricula_Doutorado_2026-v3.pdf\">Clique aqui para acessar<\/a><\/td><\/tr><\/tbody><\/table><\/figure>\n\n\n\n<p><\/p>\n<\/div>\n<\/div>\n","protected":false},"excerpt":{"rendered":"<p>Processo Seletivo Alunos Especiais (2026\/1) &#8211; INSCRI\u00c7\u00d5ES ENCERRADAS O Programa de P\u00f3s-Gradua\u00e7\u00e3o em Ci\u00eancias Ambientais informa a rela\u00e7\u00e3o parcial de inscritos como alunos especiais nas disciplinas ofertadas, conforme Chamada vigente. At\u00e9 o momento, as disciplinas Metodologia de Pesquisa e Reda\u00e7\u00e3o Cient\u00edfica, Qualidade, Manejo e Conserva\u00e7\u00e3o de Recursos H\u00eddricos e Geoprocessamento Ambiental j\u00e1 se encontram com &hellip;<\/p>\n<p class=\"read-more\"> <a class=\"\" href=\"https:\/\/propesp.uepa.br\/ppgca\/index.php\/processo-seletivo-2\/\"> <span class=\"screen-reader-text\">Processo Seletivo<\/span> Leia mais &raquo;<\/a><\/p>\n","protected":false},"author":4,"featured_media":0,"parent":0,"menu_order":0,"comment_status":"closed","ping_status":"closed","template":"","meta":{"_uag_custom_page_level_css":"","_mi_skip_tracking":false,"_exactmetrics_sitenote_active":false,"_exactmetrics_sitenote_note":"","_exactmetrics_sitenote_category":0,"site-sidebar-layout":"default","site-content-layout":null,"ast-site-content-layout":"default","site-content-style":"default","site-sidebar-style":"default","ast-global-header-display":"","ast-banner-title-visibility":"","ast-main-header-display":"","ast-hfb-above-header-display":"","ast-hfb-below-header-display":"","ast-hfb-mobile-header-display":"","site-post-title":"disabled","ast-breadcrumbs-content":"","ast-featured-img":"","footer-sml-layout":"","theme-transparent-header-meta":"","adv-header-id-meta":null,"stick-header-meta":null,"header-above-stick-meta":null,"header-main-stick-meta":null,"header-below-stick-meta":null,"astra-migrate-meta-layouts":"set","ast-page-background-enabled":"default","ast-page-background-meta":{"desktop":{"background-color":"var(--ast-global-color-4)","background-image":"","background-repeat":"repeat","background-position":"center center","background-size":"auto","background-attachment":"scroll","background-type":"","background-media":"","overlay-type":"","overlay-color":"","overlay-gradient":""},"tablet":{"background-color":"","background-image":"","background-repeat":"repeat","background-position":"center center","background-size":"auto","background-attachment":"scroll","background-type":"","background-media":"","overlay-type":"","overlay-color":"","overlay-gradient":""},"mobile":{"background-color":"","background-image":"","background-repeat":"repeat","background-position":"center center","background-size":"auto","background-attachment":"scroll","background-type":"","background-media":"","overlay-type":"","overlay-color":"","overlay-gradient":""}},"ast-content-background-meta":{"desktop":{"background-color":"var(--ast-global-color-5)","background-image":"","background-repeat":"repeat","background-position":"center center","background-size":"auto","background-attachment":"scroll","background-type":"","background-media":"","overlay-type":"","overlay-color":"","overlay-gradient":""},"tablet":{"background-color":"var(--ast-global-color-5)","background-image":"","background-repeat":"repeat","background-position":"center center","background-size":"auto","background-attachment":"scroll","background-type":"","background-media":"","overlay-type":"","overlay-color":"","overlay-gradient":""},"mobile":{"background-color":"var(--ast-global-color-5)","background-image":"","background-repeat":"repeat","background-position":"center center","background-size":"auto","background-attachment":"scroll","background-type":"","background-media":"","overlay-type":"","overlay-color":"","overlay-gradient":""}},"footnotes":""},"uagb_featured_image_src":{"full":false,"thumbnail":false,"medium":false,"medium_large":false,"large":false,"1536x1536":false,"2048x2048":false},"uagb_author_info":{"display_name":"adminsites@uepa.br","author_link":"https:\/\/propesp.uepa.br\/ppgca\/index.php\/author\/adminsitesuepa-br\/"},"uagb_comment_info":0,"uagb_excerpt":"Processo Seletivo Alunos Especiais (2026\/1) &#8211; INSCRI\u00c7\u00d5ES ENCERRADAS O Programa de P\u00f3s-Gradua\u00e7\u00e3o em Ci\u00eancias Ambientais informa a rela\u00e7\u00e3o parcial de inscritos como alunos especiais nas disciplinas ofertadas, conforme Chamada vigente. At\u00e9 o momento, as disciplinas Metodologia de Pesquisa e Reda\u00e7\u00e3o Cient\u00edfica, Qualidade, Manejo e Conserva\u00e7\u00e3o de Recursos H\u00eddricos e Geoprocessamento Ambiental j\u00e1 se encontram com&hellip;","_links":{"self":[{"href":"https:\/\/propesp.uepa.br\/ppgca\/index.php\/wp-json\/wp\/v2\/pages\/243"}],"collection":[{"href":"https:\/\/propesp.uepa.br\/ppgca\/index.php\/wp-json\/wp\/v2\/pages"}],"about":[{"href":"https:\/\/propesp.uepa.br\/ppgca\/index.php\/wp-json\/wp\/v2\/types\/page"}],"author":[{"embeddable":true,"href":"https:\/\/propesp.uepa.br\/ppgca\/index.php\/wp-json\/wp\/v2\/users\/4"}],"replies":[{"embeddable":true,"href":"https:\/\/propesp.uepa.br\/ppgca\/index.php\/wp-json\/wp\/v2\/comments?post=243"}],"version-history":[{"count":39,"href":"https:\/\/propesp.uepa.br\/ppgca\/index.php\/wp-json\/wp\/v2\/pages\/243\/revisions"}],"predecessor-version":[{"id":2733,"href":"https:\/\/propesp.uepa.br\/ppgca\/index.php\/wp-json\/wp\/v2\/pages\/243\/revisions\/2733"}],"wp:attachment":[{"href":"https:\/\/propesp.uepa.br\/ppgca\/index.php\/wp-json\/wp\/v2\/media?parent=243"}],"curies":[{"name":"wp","href":"https:\/\/api.w.org\/{rel}","templated":true}]}}