{"id":83,"date":"2019-01-25T11:55:47","date_gmt":"2019-01-25T13:55:47","guid":{"rendered":"https:\/\/paginas.uepa.br\/pcambientais\/ppgca\/?page_id=83"},"modified":"2023-01-25T13:51:08","modified_gmt":"2023-01-25T16:51:08","slug":"coordenacao","status":"publish","type":"page","link":"https:\/\/propesp.uepa.br\/ppgca\/index.php\/institucional\/coordenacao\/","title":{"rendered":"Coordena\u00e7\u00e3o"},"content":{"rendered":"\n<div class=\"wp-block-uagb-container uagb-block-148a512a alignfull uagb-is-root-container\"><div class=\"uagb-container-inner-blocks-wrap\">\n<div class=\"wp-block-uagb-advanced-heading uagb-block-28d0515b\"><h1 class=\"uagb-heading-text\">Coordena\u00e7\u00e3o<\/h1><div class=\"uagb-separator\"><\/div><\/div>\n<\/div><\/div>\n\n\n\n<div class=\"wp-block-uagb-advanced-heading uagb-block-e970e223\"><h3 class=\"uagb-heading-text\"><strong>Secret\u00e1ria<\/strong>:<\/h3><\/div>\n\n\n\n<div class=\"wp-block-columns has-2-columns is-layout-flex wp-container-core-columns-layout-1 wp-block-columns-is-layout-flex\">\n<div class=\"wp-block-column is-layout-flow wp-block-column-is-layout-flow\">\n<p class=\"has-medium-font-size\">Sra. Lionete Castanho<br>E-mail: <a href=\"mailto:lionete@uepa.br\" target=\"_blank\" rel=\"noreferrer noopener\">lionete@uepa.br<\/a><\/p>\n<\/div>\n\n\n\n<div class=\"wp-block-column is-layout-flow wp-block-column-is-layout-flow\">\n<p class=\"has-medium-font-size\">Sra. Fabr\u00edcia Ribeiro<br>E-mail: <a href=\"mailto:fabricia-ribeiro@hotmail.com\" target=\"_blank\" rel=\"noreferrer noopener\">fabricia-ribeiro@hotmail.com<\/a><\/p>\n<\/div>\n<\/div>\n\n\n\n<hr class=\"wp-block-separator has-css-opacity\"\/>\n\n\n\n<h3 class=\"wp-block-heading\"><strong>Mandato: 01\/01\/2011 a 31\/12\/2012<\/strong><\/h3>\n\n\n\n<div class=\"wp-block-columns has-2-columns is-layout-flex wp-container-core-columns-layout-2 wp-block-columns-is-layout-flex\">\n<div class=\"wp-block-column has-medium-font-size is-layout-flow wp-block-column-is-layout-flow\">\n<p class=\"has-medium-font-size\"><strong>Coordenador:<\/strong><br>Prof. Dr. Altem Nascimento Pontes<br>E-mail: <a href=\"mailto:altempontes@hotmail.com\" target=\"_blank\" rel=\"noreferrer noopener\">altempontes@hotmail.com<\/a><\/p>\n<\/div>\n\n\n\n<div class=\"wp-block-column is-layout-flow wp-block-column-is-layout-flow\">\n<p class=\"has-medium-font-size\"><strong>Vice:<\/strong><br>Profa. Dra. Fl\u00e1via Cristina Ara\u00fajo Lucas<br>E-mail: <a href=\"mailto:copaldoc@yahoo.com.br\" target=\"_blank\" rel=\"noreferrer noopener\">copaldoc@yahoo.com.br<\/a><\/p>\n<\/div>\n<\/div>\n\n\n\n<hr class=\"wp-block-separator has-css-opacity\"\/>\n\n\n\n<h3 class=\"wp-block-heading\"><strong>Mandato: 01\/01\/2013 a 31\/12\/2015<\/strong><\/h3>\n\n\n\n<div class=\"wp-block-columns has-2-columns is-layout-flex wp-container-core-columns-layout-3 wp-block-columns-is-layout-flex\">\n<div class=\"wp-block-column is-layout-flow wp-block-column-is-layout-flow\">\n<p class=\"has-medium-font-size\"><strong>Coordenador:<\/strong><br>Prof. Dr. Altem Nascimento Pontes<br>E-mail: <a href=\"mailto:altempontes@hotmail.com\">altempontes@hotmail.com<\/a><\/p>\n<\/div>\n\n\n\n<div class=\"wp-block-column is-layout-flow wp-block-column-is-layout-flow\">\n<p class=\"has-medium-font-size\"><strong>Vice:<\/strong><br>Profa. Dra. Fl\u00e1via Cristina Ara\u00fajo Lucas<br>E-mail: <a href=\"mailto:copaldoc@yahoo.com.br\" target=\"_blank\" rel=\"noreferrer noopener\">copaldoc@yahoo.com.br<\/a><\/p>\n<\/div>\n<\/div>\n\n\n\n<hr class=\"wp-block-separator has-css-opacity\"\/>\n\n\n\n<h3 class=\"wp-block-heading\"><strong>Mandato: 01\/01\/2016 a 31\/12\/2016<\/strong><\/h3>\n\n\n\n<div class=\"wp-block-columns has-2-columns is-layout-flex wp-container-core-columns-layout-4 wp-block-columns-is-layout-flex\">\n<div class=\"wp-block-column is-layout-flow wp-block-column-is-layout-flow\">\n<p class=\"has-medium-font-size\"><strong>Coordenador:<\/strong><br>Prof. Dr. Altem Nascimento Pontes<br>E-mail: <a href=\"mailto:altempontes@hotmail.com\" target=\"_blank\" rel=\"noreferrer noopener\">altempontes@hotmail.com<\/a><\/p>\n<\/div>\n\n\n\n<div class=\"wp-block-column is-layout-flow wp-block-column-is-layout-flow\">\n<p class=\"has-medium-font-size\"><strong>Vice:<\/strong><br>Profa. Dra. Fl\u00e1via Cristina Ara\u00fajo Lucas<br>E-mail: <a href=\"mailto:copaldoc@yahoo.com.br\" target=\"_blank\" rel=\"noreferrer noopener\">copaldoc@yahoo.com.br<\/a><\/p>\n<\/div>\n<\/div>\n\n\n\n<hr class=\"wp-block-separator has-css-opacity\"\/>\n\n\n\n<h3 class=\"wp-block-heading\"><strong>Mandato: 01\/01\/2017 a 31\/12\/2018<\/strong><\/h3>\n\n\n\n<div class=\"wp-block-columns has-2-columns is-layout-flex wp-container-core-columns-layout-5 wp-block-columns-is-layout-flex\">\n<div class=\"wp-block-column is-layout-flow wp-block-column-is-layout-flow\">\n<p class=\"has-medium-font-size\"><strong>Coordenador:<\/strong><br>Prof. Dr. Altem Nascimento Pontes<br>E-mail: <a href=\"mailto:altempontes@hotmail.com\" target=\"_blank\" rel=\"noreferrer noopener\">altempontes@hotmail.com<\/a><\/p>\n<\/div>\n\n\n\n<div class=\"wp-block-column is-layout-flow wp-block-column-is-layout-flow\">\n<p class=\"has-medium-font-size\"><strong>Vice:<\/strong><br>Profa. Dra. Fl\u00e1via Cristina Ara\u00fajo Lucas<br>E-mail: <a href=\"mailto:copaldoc@yahoo.com.br\" target=\"_blank\" rel=\"noreferrer noopener\">copaldoc@yahoo.com.br<\/a><\/p>\n<\/div>\n<\/div>\n","protected":false},"excerpt":{"rendered":"<p>Coordena\u00e7\u00e3o Secret\u00e1ria: Sra. Lionete CastanhoE-mail: lionete@uepa.br Sra. Fabr\u00edcia RibeiroE-mail: fabricia-ribeiro@hotmail.com Mandato: 01\/01\/2011 a 31\/12\/2012 Coordenador:Prof. Dr. Altem Nascimento PontesE-mail: altempontes@hotmail.com Vice:Profa. Dra. Fl\u00e1via Cristina Ara\u00fajo LucasE-mail: copaldoc@yahoo.com.br Mandato: 01\/01\/2013 a 31\/12\/2015 Coordenador:Prof. Dr. Altem Nascimento PontesE-mail: altempontes@hotmail.com Vice:Profa. Dra. Fl\u00e1via Cristina Ara\u00fajo LucasE-mail: copaldoc@yahoo.com.br Mandato: 01\/01\/2016 a 31\/12\/2016 Coordenador:Prof. Dr. Altem Nascimento PontesE-mail: altempontes@hotmail.com Vice:Profa. &hellip;<\/p>\n<p class=\"read-more\"> <a class=\"\" href=\"https:\/\/propesp.uepa.br\/ppgca\/index.php\/institucional\/coordenacao\/\"> <span class=\"screen-reader-text\">Coordena\u00e7\u00e3o<\/span> Leia mais &raquo;<\/a><\/p>\n","protected":false},"author":4,"featured_media":0,"parent":132,"menu_order":0,"comment_status":"closed","ping_status":"closed","template":"","meta":{"_uag_custom_page_level_css":"","_mi_skip_tracking":false,"_exactmetrics_sitenote_active":false,"_exactmetrics_sitenote_note":"","_exactmetrics_sitenote_category":0,"site-sidebar-layout":"default","site-content-layout":"","ast-site-content-layout":"","site-content-style":"default","site-sidebar-style":"default","ast-global-header-display":"","ast-banner-title-visibility":"","ast-main-header-display":"","ast-hfb-above-header-display":"","ast-hfb-below-header-display":"","ast-hfb-mobile-header-display":"","site-post-title":"disabled","ast-breadcrumbs-content":"","ast-featured-img":"","footer-sml-layout":"","theme-transparent-header-meta":"","adv-header-id-meta":"","stick-header-meta":"","header-above-stick-meta":"","header-main-stick-meta":"","header-below-stick-meta":"","astra-migrate-meta-layouts":"","ast-page-background-enabled":"default","ast-page-background-meta":{"desktop":{"background-color":"var(--ast-global-color-4)","background-image":"","background-repeat":"repeat","background-position":"center center","background-size":"auto","background-attachment":"scroll","background-type":"","background-media":"","overlay-type":"","overlay-color":"","overlay-gradient":""},"tablet":{"background-color":"","background-image":"","background-repeat":"repeat","background-position":"center center","background-size":"auto","background-attachment":"scroll","background-type":"","background-media":"","overlay-type":"","overlay-color":"","overlay-gradient":""},"mobile":{"background-color":"","background-image":"","background-repeat":"repeat","background-position":"center center","background-size":"auto","background-attachment":"scroll","background-type":"","background-media":"","overlay-type":"","overlay-color":"","overlay-gradient":""}},"ast-content-background-meta":{"desktop":{"background-color":"var(--ast-global-color-5)","background-image":"","background-repeat":"repeat","background-position":"center center","background-size":"auto","background-attachment":"scroll","background-type":"","background-media":"","overlay-type":"","overlay-color":"","overlay-gradient":""},"tablet":{"background-color":"var(--ast-global-color-5)","background-image":"","background-repeat":"repeat","background-position":"center center","background-size":"auto","background-attachment":"scroll","background-type":"","background-media":"","overlay-type":"","overlay-color":"","overlay-gradient":""},"mobile":{"background-color":"var(--ast-global-color-5)","background-image":"","background-repeat":"repeat","background-position":"center center","background-size":"auto","background-attachment":"scroll","background-type":"","background-media":"","overlay-type":"","overlay-color":"","overlay-gradient":""}},"footnotes":""},"uagb_featured_image_src":{"full":false,"thumbnail":false,"medium":false,"medium_large":false,"large":false,"1536x1536":false,"2048x2048":false},"uagb_author_info":{"display_name":"adminsites@uepa.br","author_link":"https:\/\/propesp.uepa.br\/ppgca\/index.php\/author\/adminsitesuepa-br\/"},"uagb_comment_info":0,"uagb_excerpt":"Coordena\u00e7\u00e3o Secret\u00e1ria: Sra. Lionete CastanhoE-mail: lionete@uepa.br Sra. Fabr\u00edcia RibeiroE-mail: fabricia-ribeiro@hotmail.com Mandato: 01\/01\/2011 a 31\/12\/2012 Coordenador:Prof. Dr. Altem Nascimento PontesE-mail: altempontes@hotmail.com Vice:Profa. Dra. Fl\u00e1via Cristina Ara\u00fajo LucasE-mail: copaldoc@yahoo.com.br Mandato: 01\/01\/2013 a 31\/12\/2015 Coordenador:Prof. Dr. Altem Nascimento PontesE-mail: altempontes@hotmail.com Vice:Profa. Dra. Fl\u00e1via Cristina Ara\u00fajo LucasE-mail: copaldoc@yahoo.com.br Mandato: 01\/01\/2016 a 31\/12\/2016 Coordenador:Prof. Dr. Altem Nascimento PontesE-mail: altempontes@hotmail.com Vice:Profa.&hellip;","_links":{"self":[{"href":"https:\/\/propesp.uepa.br\/ppgca\/index.php\/wp-json\/wp\/v2\/pages\/83"}],"collection":[{"href":"https:\/\/propesp.uepa.br\/ppgca\/index.php\/wp-json\/wp\/v2\/pages"}],"about":[{"href":"https:\/\/propesp.uepa.br\/ppgca\/index.php\/wp-json\/wp\/v2\/types\/page"}],"author":[{"embeddable":true,"href":"https:\/\/propesp.uepa.br\/ppgca\/index.php\/wp-json\/wp\/v2\/users\/4"}],"replies":[{"embeddable":true,"href":"https:\/\/propesp.uepa.br\/ppgca\/index.php\/wp-json\/wp\/v2\/comments?post=83"}],"version-history":[{"count":5,"href":"https:\/\/propesp.uepa.br\/ppgca\/index.php\/wp-json\/wp\/v2\/pages\/83\/revisions"}],"predecessor-version":[{"id":1772,"href":"https:\/\/propesp.uepa.br\/ppgca\/index.php\/wp-json\/wp\/v2\/pages\/83\/revisions\/1772"}],"up":[{"embeddable":true,"href":"https:\/\/propesp.uepa.br\/ppgca\/index.php\/wp-json\/wp\/v2\/pages\/132"}],"wp:attachment":[{"href":"https:\/\/propesp.uepa.br\/ppgca\/index.php\/wp-json\/wp\/v2\/media?parent=83"}],"curies":[{"name":"wp","href":"https:\/\/api.w.org\/{rel}","templated":true}]}}