{"id":11715,"date":"2026-01-22T17:17:49","date_gmt":"2026-01-22T20:17:49","guid":{"rendered":"https:\/\/propesp.uepa.br\/ppged\/?page_id=11715"},"modified":"2026-02-12T00:48:23","modified_gmt":"2026-02-12T03:48:23","slug":"resolucoes-de-desligamentos","status":"publish","type":"page","link":"https:\/\/propesp.uepa.br\/ppged\/resolucoes-de-desligamentos\/","title":{"rendered":"Resolu\u00e7\u00f5es de Desligamentos"},"content":{"rendered":"\n<ul class=\"wp-block-list\">\n<li class=\"has-ast-global-color-8-color has-text-color has-link-color wp-elements-ae57b13d0776f594645cb85b29095cf3\"><span style=\"font-family: 'trebuchet ms', geneva, sans-serif;\"><strong>RESOLU\u00c7\u00c3O PPGED N\u00ba 02 DE 05 DE ABRIL DE 2016.<br>EMENTA: <\/strong>Desliga, a pedido, do Programa de P\u00f3s gradua\u00e7\u00e3o em Educa\u00e7\u00e3o, a mestranda THAYNARA SOUZA ANDRADE.<b><br><img loading=\"lazy\" decoding=\"async\" width=\"25\" height=\"25\" style=\"color: #333333;\" src=\"https:\/\/propesp.uepa.br\/ppged\/wp-content\/uploads\/2017\/01\/download-e1486389457443.png\" alt=\"\"><strong>ARQUIVO COMPLETO: <a href=\"https:\/\/propesp.uepa.br\/ppged\/wp-content\/uploads\/resolucoes\/2016\/res_02_2016.pdf\">CLIQUE AQUI!!!<\/a><\/strong><\/b><\/span><\/li>\n\n\n\n<li class=\"has-ast-global-color-8-color has-text-color has-link-color wp-elements-5658d6654fbfc226ef75b507386e025a\"><span style=\"font-family: 'trebuchet ms', geneva, sans-serif;\"><strong>RESOLU\u00c7\u00c3O PPGED N\u00ba 03 DE 23 DE MAIO DE 2017.<br>EMENTA:<\/strong> Desliga do Programa de P\u00f3s-Gradua\u00e7\u00e3o em Educa\u00e7\u00e3o a mestranda CLEIDE TEIXEIRA CARRERA.<\/span><br><span style=\"font-family: 'trebuchet ms', geneva, sans-serif;\"><strong><b><img loading=\"lazy\" decoding=\"async\" width=\"25\" height=\"25\" src=\"https:\/\/propesp.uepa.br\/ppged\/wp-content\/uploads\/2017\/01\/download-e1486389457443.png\" alt=\"\">ARQUIVO COMPLETO: <a href=\"https:\/\/propesp.uepa.br\/ppged\/wp-content\/uploads\/resolucoes\/2017\/res_03_2017.pdf\">CLIQUE AQUI!!!<\/a><\/b><\/strong><\/span><\/li>\n\n\n\n<li class=\"has-ast-global-color-8-color has-text-color has-link-color wp-elements-fde18088f319d7333950c4d47fc81057\"><span style=\"font-family: 'trebuchet ms', geneva, sans-serif;\"><strong><strong>RESOLU\u00c7\u00c3O PPGED N\u00ba 04 DE 20 DE JUNHO DE 2017<\/strong>.<br>EMENTA:<\/strong> Desliga do Programa de P\u00f3s-Gradua\u00e7\u00e3o em Educa\u00e7\u00e3o a mestranda PAULO ARTHUR PANTOJA DE MORAES FRANCO.<\/span><br><span style=\"font-family: 'trebuchet ms', geneva, sans-serif;\"><strong><b><img loading=\"lazy\" decoding=\"async\" width=\"25\" height=\"25\" src=\"https:\/\/propesp.uepa.br\/ppged\/wp-content\/uploads\/2017\/01\/download-e1486389457443.png\" alt=\"\">ARQUIVO COMPLETO: <a href=\"https:\/\/propesp.uepa.br\/ppged\/wp-content\/uploads\/resolucoes\/2017\/res_04_2017.pdf\">CLIQUE AQUI!!!<\/a><\/b><\/strong><\/span><\/li>\n\n\n\n<li class=\"has-ast-global-color-8-color has-text-color has-link-color wp-elements-5fc5ffe6a572f9f1e0f20222c33f90e5\"><span style=\"font-family: 'trebuchet ms', geneva, sans-serif;\"><strong>RESOLU\u00c7\u00c3O PPGED N\u00ba 06 DE 19 DE SETEMBRO DE 2017.<br>EMENTA:<\/strong> Desliga do Programa de P\u00f3s-Gradua\u00e7\u00e3o em Educa\u00e7\u00e3o a mestranda <strong>PRISCILA PASTANA ALMEIDA<br><b><img loading=\"lazy\" decoding=\"async\" width=\"25\" height=\"25\" src=\"https:\/\/propesp.uepa.br\/ppged\/wp-content\/uploads\/2017\/01\/download-e1486389457443.png\" alt=\"\">ARQUIVO COMPLETO: <a href=\"https:\/\/propesp.uepa.br\/ppged\/wp-content\/uploads\/resolucoes\/2017\/res_06_2017.pdf\">CLIQUE AQUI!!!<\/a><\/b><\/strong><\/span><\/li>\n\n\n\n<li class=\"has-ast-global-color-8-color has-text-color has-link-color wp-elements-f0e25e3326023b3de4cae0a150e6b436\"><span style=\"font-family: 'trebuchet ms', geneva, sans-serif;\"><strong>RESOLU\u00c7\u00c3O PPGED N\u00ba 06 DE 11 DE SETEMBRO DE 2018.<br><\/strong>EMENTA: Desliga do Programa de P\u00f3s-Gradua\u00e7\u00e3o em Educa\u00e7\u00e3o a mestranda <strong>NILZA HELENA SOUZA DE JESUS<\/strong>.<\/span><br><span style=\"font-family: 'trebuchet ms', geneva, sans-serif;\"><strong><b><img loading=\"lazy\" decoding=\"async\" width=\"25\" height=\"25\" src=\"https:\/\/propesp.uepa.br\/ppged\/wp-content\/uploads\/2017\/01\/download-e1486389457443.png\" alt=\"\">ARQUIVO COMPLETO: <a href=\"https:\/\/propesp.uepa.br\/ppged\/wp-content\/uploads\/2021\/11\/re_06_2018.pdf\">CLIQUE AQUI!!!<\/a><\/b><\/strong><\/span><\/li>\n\n\n\n<li class=\"has-ast-global-color-8-color has-text-color has-link-color wp-elements-a80219048aaa564d15d23103c69ec143\"><span style=\"font-family: 'trebuchet ms', geneva, sans-serif;\"><strong>RESOLU\u00c7\u00c3O PPGED N\u00ba 06 DE 11 DE SETEMBRO DE 2018.<br><\/strong>EMENTA: Desliga do Programa de P\u00f3s-Gradua\u00e7\u00e3o em Educa\u00e7\u00e3o o mestrando <strong>JEAN CARLOS COSTA MACHADO<\/strong>.<\/span><br><span style=\"font-family: 'trebuchet ms', geneva, sans-serif;\"><strong><b><img loading=\"lazy\" decoding=\"async\" width=\"25\" height=\"25\" src=\"https:\/\/propesp.uepa.br\/ppged\/wp-content\/uploads\/2017\/01\/download-e1486389457443.png\" alt=\"\">ARQUIVO COMPLETO: <a href=\"https:\/\/propesp.uepa.br\/ppged\/wp-content\/uploads\/2021\/11\/res_07_2018.pdf\">CLIQUE AQUI!!!<\/a><\/b><\/strong><\/span><\/li>\n\n\n\n<li class=\"has-ast-global-color-8-color has-text-color has-link-color wp-elements-cf10791202c7393dc22ecf7401ff9007\"><span style=\"font-family: 'trebuchet ms', geneva, sans-serif;\"><strong>RESOLU\u00c7\u00c3O PPGED N\u00ba 14 DE 23 DE OUTUBRO DE 2024.<br><\/strong>EMENTA: Desliga do Programa de P\u00f3s-Gradua\u00e7\u00e3o em Educa\u00e7\u00e3o o mestrando <strong>RAYZA SILVA DA SILVA<\/strong>.<\/span><br><span style=\"font-family: 'trebuchet ms', geneva, sans-serif;\"><strong><b><img loading=\"lazy\" decoding=\"async\" width=\"25\" height=\"25\" src=\"https:\/\/propesp.uepa.br\/ppged\/wp-content\/uploads\/2017\/01\/download-e1486389457443.png\" alt=\"\">ARQUIVO COMPLETO: <a href=\"https:\/\/propesp.uepa.br\/ppged\/wp-content\/uploads\/2024\/10\/RESOLUCAO-PPGED-N-14.pdf\">CLIQUE AQUI!!!<\/a><\/b><\/strong><\/span><\/li>\n\n\n\n<li class=\"has-ast-global-color-8-color has-text-color has-link-color wp-elements-72fae55381348b753d9e34a0d9743c5b\"><span style=\"font-family: 'trebuchet ms', geneva, sans-serif;\"><strong>RESOLU\u00c7\u00c3O PPGED N\u00ba 17 DE 31 DE OUTUBRO DE 2024.<br><\/strong>EMENTA: Desliga do Programa de P\u00f3s-Gradua\u00e7\u00e3o em Educa\u00e7\u00e3o o mestrando <strong>DINELZA CARDOSO LOPES<\/strong>.<\/span><br><span style=\"font-family: 'trebuchet ms', geneva, sans-serif;\"><strong><b><img loading=\"lazy\" decoding=\"async\" width=\"25\" height=\"25\" src=\"https:\/\/propesp.uepa.br\/ppged\/wp-content\/uploads\/2017\/01\/download-e1486389457443.png\" alt=\"\">ARQUIVO COMPLETO: <\/b><\/strong><b><a href=\"https:\/\/propesp.uepa.br\/ppged\/wp-content\/uploads\/2024\/11\/RESOLUCAO-17.pdf\">CLIQUE AQUI!!!<\/a><\/b><\/span><\/li>\n\n\n\n<li class=\"has-ast-global-color-8-color has-text-color has-link-color wp-elements-cca5ed17bca968b05d36a1660a3da5ce\"><span style=\"font-family: 'trebuchet ms', geneva, sans-serif;\"><strong>RESOLU\u00c7\u00c3O PPGED N\u00ba 18 DE 19 DE NOVEMBRO DE 2024.<br><\/strong>EMENTA: Desliga do Programa de P\u00f3s-Gradua\u00e7\u00e3o em Educa\u00e7\u00e3o o mestrando <strong>GABRIEL BRABO DE VASCONCELOS<\/strong>.<\/span><br><span style=\"font-family: 'trebuchet ms', geneva, sans-serif;\"><strong><b><img loading=\"lazy\" decoding=\"async\" width=\"25\" height=\"25\" src=\"https:\/\/propesp.uepa.br\/ppged\/wp-content\/uploads\/2017\/01\/download-e1486389457443.png\" alt=\"\">ARQUIVO COMPLETO: <a href=\"https:\/\/propesp.uepa.br\/ppged\/wp-content\/uploads\/2024\/11\/RESOLUCAO-18.pdf\">CLIQUE AQUI!!!<\/a><\/b><\/strong><\/span><\/li>\n\n\n\n<li class=\"has-ast-global-color-8-color has-text-color has-link-color wp-elements-7b9c3c8bdfadc66e32054a11fa0afa03\"><span style=\"font-family: 'trebuchet ms', geneva, sans-serif;\"><strong>RESOLU\u00c7\u00c3O PPGED N\u00ba 19 DE 19 DE NOVEMBRO DE 2024.<br><\/strong>EMENTA: Desliga do Programa de P\u00f3s-Gradua\u00e7\u00e3o em Educa\u00e7\u00e3o o mestrando <strong>D\u00c9BORA BRITO LIMA<\/strong>.<\/span><br><span style=\"font-family: 'trebuchet ms', geneva, sans-serif;\"><strong><b><img loading=\"lazy\" decoding=\"async\" width=\"25\" height=\"25\" src=\"https:\/\/propesp.uepa.br\/ppged\/wp-content\/uploads\/2017\/01\/download-e1486389457443.png\" alt=\"\">ARQUIVO COMPLETO: <a href=\"https:\/\/propesp.uepa.br\/ppged\/wp-content\/uploads\/2024\/11\/RESOLUCAO-N-19.pdf\">CLIQUE AQUI!!!<\/a><\/b><\/strong><\/span><\/li>\n\n\n\n<li class=\"has-ast-global-color-8-color has-text-color has-link-color wp-elements-b06fe97b28823a3f291d9a1215070b1b\"><span style=\"font-family: 'trebuchet ms', geneva, sans-serif;\"><strong>RESOLU\u00c7\u00c3O PPGED N\u00ba 20 DE 18 DE NOVEMBRO DE 2024.<br><\/strong>EMENTA: Desliga do Programa de P\u00f3s-Gradua\u00e7\u00e3o em Educa\u00e7\u00e3o o mestrando <strong>YAN DE ARA\u00daJO GON\u00c7ALVES<\/strong>.<\/span><br><span style=\"font-family: 'trebuchet ms', geneva, sans-serif;\"><strong><b><img loading=\"lazy\" decoding=\"async\" width=\"25\" height=\"25\" src=\"https:\/\/propesp.uepa.br\/ppged\/wp-content\/uploads\/2017\/01\/download-e1486389457443.png\" alt=\"\">ARQUIVO COMPLETO: <a href=\"https:\/\/propesp.uepa.br\/ppged\/wp-content\/uploads\/2024\/11\/RESOLUCAO-N-20.pdf\">CLIQUE AQUI!!!<\/a><\/b><\/strong><\/span><\/li>\n\n\n\n<li class=\"has-ast-global-color-8-color has-text-color has-link-color wp-elements-674a01fedc5a19987447d7bb5dbfe7df\"><span style=\"font-family: 'trebuchet ms', geneva, sans-serif;\"><strong>RESOLU\u00c7\u00c3O PPGED N\u00ba 06 DE 28 DE JANEIRO DE 2025.<br><\/strong>EMENTA: Desliga do Programa de P\u00f3s-Gradua\u00e7\u00e3o em Educa\u00e7\u00e3o o mestrando <strong>LUCIANE CRISTINA FARIAS DE AGUIAR<\/strong>.<\/span><br><span style=\"font-family: 'trebuchet ms', geneva, sans-serif;\"><strong><b><img loading=\"lazy\" decoding=\"async\" width=\"25\" height=\"25\" src=\"https:\/\/propesp.uepa.br\/ppged\/wp-content\/uploads\/2017\/01\/download-e1486389457443.png\" alt=\"\">ARQUIVO COMPLETO: <a href=\"https:\/\/propesp.uepa.br\/ppged\/wp-content\/uploads\/2025\/03\/res_06_28_01_2025_LUCIANE_CRISTINA_-_Copia_assinado.pdf\">CLIQUE AQUI!!!<\/a><\/b><\/strong><\/span><\/li>\n\n\n\n<li class=\"has-ast-global-color-8-color has-text-color has-link-color wp-elements-1635d5f3c9fa5a64f850cf5f605f2a6e\"><span style=\"font-family: 'trebuchet ms', geneva, sans-serif;\"><strong>RESOLU\u00c7\u00c3O PPGED N\u00ba 24 DE 18 DE NOVEMBRO DE 2025.<br><\/strong>EMENTA: Desliga do Programa de P\u00f3s-Gradua\u00e7\u00e3o em Educa\u00e7\u00e3o o mestrando <strong>MONIK AGUILLA PEIXOTO<\/strong>.<\/span><br><span style=\"font-family: 'trebuchet ms', geneva, sans-serif;\"><strong><b><img loading=\"lazy\" decoding=\"async\" width=\"25\" height=\"25\" src=\"https:\/\/propesp.uepa.br\/ppged\/wp-content\/uploads\/2017\/01\/download-e1486389457443.png\" alt=\"\">ARQUIVO COMPLETO: <a href=\"https:\/\/propesp.uepa.br\/ppged\/wp-content\/uploads\/2025\/11\/24_DE_18_DE_NOVEMBRO_DE_2025_2_assinado-1.pdf\">CLIQUE AQUI!!!<\/a><\/b><\/strong><\/span><\/li>\n<\/ul>\n\n\n\n<p><\/p>\n","protected":false},"excerpt":{"rendered":"","protected":false},"author":6,"featured_media":0,"parent":0,"menu_order":0,"comment_status":"closed","ping_status":"closed","template":"","meta":{"_uag_custom_page_level_css":"","site-sidebar-layout":"default","site-content-layout":"","ast-site-content-layout":"","site-content-style":"default","site-sidebar-style":"default","ast-global-header-display":"","ast-banner-title-visibility":"","ast-main-header-display":"","ast-hfb-above-header-display":"","ast-hfb-below-header-display":"","ast-hfb-mobile-header-display":"","site-post-title":"","ast-breadcrumbs-content":"","ast-featured-img":"","footer-sml-layout":"","theme-transparent-header-meta":"","adv-header-id-meta":"","stick-header-meta":"","header-above-stick-meta":"","header-main-stick-meta":"","header-below-stick-meta":"","astra-migrate-meta-layouts":"default","ast-page-background-enabled":"default","ast-page-background-meta":{"desktop":{"background-color":"var(--ast-global-color-4)","background-image":"","background-repeat":"repeat","background-position":"center center","background-size":"auto","background-attachment":"scroll","background-type":"","background-media":"","overlay-type":"","overlay-color":"","overlay-gradient":""},"tablet":{"background-color":"","background-image":"","background-repeat":"repeat","background-position":"center center","background-size":"auto","background-attachment":"scroll","background-type":"","background-media":"","overlay-type":"","overlay-color":"","overlay-gradient":""},"mobile":{"background-color":"","background-image":"","background-repeat":"repeat","background-position":"center center","background-size":"auto","background-attachment":"scroll","background-type":"","background-media":"","overlay-type":"","overlay-color":"","overlay-gradient":""}},"ast-content-background-meta":{"desktop":{"background-color":"var(--ast-global-color-5)","background-image":"","background-repeat":"repeat","background-position":"center center","background-size":"auto","background-attachment":"scroll","background-type":"","background-media":"","overlay-type":"","overlay-color":"","overlay-gradient":""},"tablet":{"background-color":"var(--ast-global-color-5)","background-image":"","background-repeat":"repeat","background-position":"center center","background-size":"auto","background-attachment":"scroll","background-type":"","background-media":"","overlay-type":"","overlay-color":"","overlay-gradient":""},"mobile":{"background-color":"var(--ast-global-color-5)","background-image":"","background-repeat":"repeat","background-position":"center center","background-size":"auto","background-attachment":"scroll","background-type":"","background-media":"","overlay-type":"","overlay-color":"","overlay-gradient":""}},"footnotes":""},"class_list":["post-11715","page","type-page","status-publish","hentry"],"uagb_featured_image_src":{"full":false,"thumbnail":false,"medium":false,"medium_large":false,"large":false,"1536x1536":false,"2048x2048":false},"uagb_author_info":{"display_name":"m.oliveiracosta@aluno.uepa.br","author_link":"https:\/\/propesp.uepa.br\/ppged\/author\/m-oliveiracostaaluno-uepa-br\/"},"uagb_comment_info":0,"uagb_excerpt":null,"_links":{"self":[{"href":"https:\/\/propesp.uepa.br\/ppged\/wp-json\/wp\/v2\/pages\/11715","targetHints":{"allow":["GET"]}}],"collection":[{"href":"https:\/\/propesp.uepa.br\/ppged\/wp-json\/wp\/v2\/pages"}],"about":[{"href":"https:\/\/propesp.uepa.br\/ppged\/wp-json\/wp\/v2\/types\/page"}],"author":[{"embeddable":true,"href":"https:\/\/propesp.uepa.br\/ppged\/wp-json\/wp\/v2\/users\/6"}],"replies":[{"embeddable":true,"href":"https:\/\/propesp.uepa.br\/ppged\/wp-json\/wp\/v2\/comments?post=11715"}],"version-history":[{"count":5,"href":"https:\/\/propesp.uepa.br\/ppged\/wp-json\/wp\/v2\/pages\/11715\/revisions"}],"predecessor-version":[{"id":11899,"href":"https:\/\/propesp.uepa.br\/ppged\/wp-json\/wp\/v2\/pages\/11715\/revisions\/11899"}],"wp:attachment":[{"href":"https:\/\/propesp.uepa.br\/ppged\/wp-json\/wp\/v2\/media?parent=11715"}],"curies":[{"name":"wp","href":"https:\/\/api.w.org\/{rel}","templated":true}]}}