{"id":11762,"date":"2026-01-22T20:50:52","date_gmt":"2026-01-22T23:50:52","guid":{"rendered":"https:\/\/propesp.uepa.br\/ppged\/?page_id=11762"},"modified":"2026-03-10T10:21:47","modified_gmt":"2026-03-10T13:21:47","slug":"comissao-de-bolsas","status":"publish","type":"page","link":"https:\/\/propesp.uepa.br\/ppged\/comissao-de-bolsas\/","title":{"rendered":"Comiss\u00e3o de Bolsas"},"content":{"rendered":"\n<p><mark style=\"background-color:rgba(0, 0, 0, 0);color:#000000\" class=\"has-inline-color\"><strong>PORTARIA N\u00ba 01\/2026- PPGED-CCSE-UEPA DE 10 DE FEVEREIRO DE 2026<br><\/strong>Revogar a Portaria de n\u00ba 04\/2025 e designar os docentes e discentes para compor a Comiss\u00e3o de Bolsas do Programa de P\u00f3s-Gradua\u00e7\u0103o em Educa\u00e7\u00e3o.<br><strong>ARQUIVO COMPLETO:<\/strong> <\/mark><a href=\"https:\/\/propesp.uepa.br\/ppged\/wp-content\/uploads\/2026\/02\/portaria-01-2026.pdf\">CLIQUE AQUI.<\/a><\/p>\n\n\n\n<p class=\"has-ast-global-color-8-color has-text-color has-link-color wp-elements-0cf8d3b529c73b842c08e868ca9202ce\"><strong>PORTARIA N\u00ba 04\/2024-PPGED-CCSE-UEPA, DE 30 DE JUNHO DE 202<\/strong>5<br>Revogar a Portaria de n\u00ba 04\/2024 e designar os docentes e discentes para compor a Comiss\u00e3o de Bolsas do Programa de P\u00f3s-Gradua\u00e7\u0103o em Educa\u00e7\u00e3o.<br><strong><strong>ARQUIVO COMPLETO:&nbsp;<a href=\"https:\/\/propesp.uepa.br\/ppged\/wp-content\/uploads\/2025\/07\/PORTARIA_05_2025_assinado.pdf\">CLIQUE AQUI!!!<\/a><\/strong><\/strong><\/p>\n\n\n\n<p class=\"has-ast-global-color-8-color has-text-color has-link-color wp-elements-2f4aa2e95ce5ba7eaa25285aa40967fc\"><strong>PORTARIA N\u00ba 04\/2024-PPGED-CCSE-UEPA, DE 02 DE ABRIL DE 202<\/strong>4<br>Revogar a Portaria de n\u00ba 04\/2023 e designar os docentes e discentes para compor a Comiss\u00e3o de Bolsas do Programa de P\u00f3s-Gradua\u00e7\u0103o em Educa\u00e7\u00e3o.<br><strong><strong>ARQUIVO COMPLETO:&nbsp;<a href=\"https:\/\/propesp.uepa.br\/ppged\/wp-content\/uploads\/2024\/04\/portaria_04_2024-comissao-de-bolsa-_Revogar_Nomear_assinado.pdf\">CLIQUE AQUI!!!<\/a><\/strong><\/strong><\/p>\n\n\n\n<p class=\"has-ast-global-color-8-color has-text-color has-link-color wp-elements-4a5f298a6074d65a9f9e2d39da05cbaf\"><strong>PORTARIA N\u00ba 04\/2023-PPGED-CCSE-UEPA, DE 21 DE AGOSTO DE 2023<\/strong><br>Designar os docentes e discentes para compor a Comiss\u00e3o de Bolsas do Programa de P\u00f3s-Gradua\u00e7\u0103o em Educa\u00e7\u00e3o.<br><strong><strong>ARQUIVO COMPLETO:&nbsp;<a href=\"https:\/\/propesp.uepa.br\/ppged\/wp-content\/uploads\/2023\/08\/PORTARIA-N-4-DE-COMISSAO-DE-BOLSA.pdf\">CLIQUE AQUI!!!<\/a><\/strong><\/strong><\/p>\n\n\n\n<p class=\"has-ast-global-color-8-color has-text-color has-link-color wp-elements-600e732ba2bf05d254ca91da196df5e5\"><strong>PORTARIA N\u00ba 03\/2023-PPGED-CCSE-UEPA, DE 20 DE JUNHO DE 2023<\/strong><br>Designar a docente Rosineide de Sousa Juc\u00e1 como membro suplente da Comiss\u00e3o de Bolsas do Programa de P\u00f3s-Gradua\u00e7\u0103o em Educa\u00e7\u00e3o.<br><strong><strong>ARQUIVO COMPLETO:&nbsp;<a href=\"https:\/\/propesp.uepa.br\/ppged\/wp-content\/uploads\/2023\/08\/Portaria-Rosineide.pdf\">CLIQUE AQUI!!!<\/a><\/strong><\/strong><\/p>\n\n\n\n<p class=\"has-ast-global-color-8-color has-text-color has-link-color wp-elements-9aec45988a2ba2759d7844a935670b44\"><strong>PORTARIA N\u00ba 02\/2023-PPGED-CCSE-UEPA, DE 15 DE FEVEREIRO DE 2023<\/strong><br>Designar os docentes e discentes abaixo relacionados para compor a Comiss\u00e3o de Bolsas do Programa de P\u00f3s-Gradua\u00e7\u0103o em Educa\u00e7\u00e3o.<br><strong><strong>ARQUIVO COMPLETO:&nbsp;<a href=\"https:\/\/propesp.uepa.br\/ppged\/wp-content\/uploads\/2023\/03\/portaria_02_2022-comissao-de-bolsa.pdf\">CLIQUE AQUI!!!<\/a><\/strong><\/strong><\/p>\n\n\n\n<p class=\"has-ast-global-color-8-color has-text-color has-link-color wp-elements-d16c597ae5e23785c8f24954a9e5e2dd\"><strong>PORTARIA N\u00ba 02\/2022-PPGED-CCSE-UEPA, DE 15 DE FEVEREIRO 2022<br>Ementa: <\/strong>Designar docentes e discentes para compor a Comiss\u00e3o de Bolsas do Programa de&nbsp;P\u00f3s-gradua\u00e7\u00e3o&nbsp;em Educa\u00e7\u00e3<strong>o<\/strong><br><strong>ARQUIVO COMPLETO:&nbsp;<a href=\"https:\/\/propesp.uepa.br\/ppged\/wp-content\/uploads\/resolucoes\/2022\/portaria_02_2022.pdf\">CLIQUE AQUI!!!<\/a><\/strong><\/p>\n","protected":false},"excerpt":{"rendered":"<p>PORTARIA N\u00ba 01\/2026- PPGED-CCSE-UEPA DE 10 DE FEVEREIRO DE 2026Revogar a Portaria de n\u00ba 04\/2025 e designar os docentes e discentes para compor a Comiss\u00e3o de Bolsas do Programa de P\u00f3s-Gradua\u00e7\u0103o em Educa\u00e7\u00e3o.ARQUIVO COMPLETO: CLIQUE AQUI. PORTARIA N\u00ba 04\/2024-PPGED-CCSE-UEPA, DE 30 DE JUNHO DE 2025Revogar a Portaria de n\u00ba 04\/2024 e designar os docentes e [&hellip;]<\/p>\n","protected":false},"author":6,"featured_media":0,"parent":0,"menu_order":0,"comment_status":"closed","ping_status":"closed","template":"","meta":{"_uag_custom_page_level_css":"","site-sidebar-layout":"default","site-content-layout":"","ast-site-content-layout":"","site-content-style":"default","site-sidebar-style":"default","ast-global-header-display":"","ast-banner-title-visibility":"","ast-main-header-display":"","ast-hfb-above-header-display":"","ast-hfb-below-header-display":"","ast-hfb-mobile-header-display":"","site-post-title":"","ast-breadcrumbs-content":"","ast-featured-img":"","footer-sml-layout":"","theme-transparent-header-meta":"","adv-header-id-meta":"","stick-header-meta":"","header-above-stick-meta":"","header-main-stick-meta":"","header-below-stick-meta":"","astra-migrate-meta-layouts":"default","ast-page-background-enabled":"default","ast-page-background-meta":{"desktop":{"background-color":"var(--ast-global-color-4)","background-image":"","background-repeat":"repeat","background-position":"center center","background-size":"auto","background-attachment":"scroll","background-type":"","background-media":"","overlay-type":"","overlay-color":"","overlay-gradient":""},"tablet":{"background-color":"","background-image":"","background-repeat":"repeat","background-position":"center center","background-size":"auto","background-attachment":"scroll","background-type":"","background-media":"","overlay-type":"","overlay-color":"","overlay-gradient":""},"mobile":{"background-color":"","background-image":"","background-repeat":"repeat","background-position":"center center","background-size":"auto","background-attachment":"scroll","background-type":"","background-media":"","overlay-type":"","overlay-color":"","overlay-gradient":""}},"ast-content-background-meta":{"desktop":{"background-color":"var(--ast-global-color-5)","background-image":"","background-repeat":"repeat","background-position":"center center","background-size":"auto","background-attachment":"scroll","background-type":"","background-media":"","overlay-type":"","overlay-color":"","overlay-gradient":""},"tablet":{"background-color":"var(--ast-global-color-5)","background-image":"","background-repeat":"repeat","background-position":"center center","background-size":"auto","background-attachment":"scroll","background-type":"","background-media":"","overlay-type":"","overlay-color":"","overlay-gradient":""},"mobile":{"background-color":"var(--ast-global-color-5)","background-image":"","background-repeat":"repeat","background-position":"center center","background-size":"auto","background-attachment":"scroll","background-type":"","background-media":"","overlay-type":"","overlay-color":"","overlay-gradient":""}},"footnotes":""},"class_list":["post-11762","page","type-page","status-publish","hentry"],"uagb_featured_image_src":{"full":false,"thumbnail":false,"medium":false,"medium_large":false,"large":false,"1536x1536":false,"2048x2048":false},"uagb_author_info":{"display_name":"m.oliveiracosta@aluno.uepa.br","author_link":"https:\/\/propesp.uepa.br\/ppged\/author\/m-oliveiracostaaluno-uepa-br\/"},"uagb_comment_info":0,"uagb_excerpt":"PORTARIA N\u00ba 01\/2026- PPGED-CCSE-UEPA DE 10 DE FEVEREIRO DE 2026Revogar a Portaria de n\u00ba 04\/2025 e designar os docentes e discentes para compor a Comiss\u00e3o de Bolsas do Programa de P\u00f3s-Gradua\u00e7\u0103o em Educa\u00e7\u00e3o.ARQUIVO COMPLETO: CLIQUE AQUI. PORTARIA N\u00ba 04\/2024-PPGED-CCSE-UEPA, DE 30 DE JUNHO DE 2025Revogar a Portaria de n\u00ba 04\/2024 e designar os docentes e&hellip;","_links":{"self":[{"href":"https:\/\/propesp.uepa.br\/ppged\/wp-json\/wp\/v2\/pages\/11762","targetHints":{"allow":["GET"]}}],"collection":[{"href":"https:\/\/propesp.uepa.br\/ppged\/wp-json\/wp\/v2\/pages"}],"about":[{"href":"https:\/\/propesp.uepa.br\/ppged\/wp-json\/wp\/v2\/types\/page"}],"author":[{"embeddable":true,"href":"https:\/\/propesp.uepa.br\/ppged\/wp-json\/wp\/v2\/users\/6"}],"replies":[{"embeddable":true,"href":"https:\/\/propesp.uepa.br\/ppged\/wp-json\/wp\/v2\/comments?post=11762"}],"version-history":[{"count":3,"href":"https:\/\/propesp.uepa.br\/ppged\/wp-json\/wp\/v2\/pages\/11762\/revisions"}],"predecessor-version":[{"id":11947,"href":"https:\/\/propesp.uepa.br\/ppged\/wp-json\/wp\/v2\/pages\/11762\/revisions\/11947"}],"wp:attachment":[{"href":"https:\/\/propesp.uepa.br\/ppged\/wp-json\/wp\/v2\/media?parent=11762"}],"curies":[{"name":"wp","href":"https:\/\/api.w.org\/{rel}","templated":true}]}}