{"id":11768,"date":"2026-01-22T21:05:45","date_gmt":"2026-01-23T00:05:45","guid":{"rendered":"https:\/\/propesp.uepa.br\/ppged\/?page_id=11768"},"modified":"2026-01-22T21:05:45","modified_gmt":"2026-01-23T00:05:45","slug":"comissao-eleitoral","status":"publish","type":"page","link":"https:\/\/propesp.uepa.br\/ppged\/comissao-eleitoral\/","title":{"rendered":"Comiss\u00e3o Eleitoral"},"content":{"rendered":"\n<p class=\"has-ast-global-color-8-color has-text-color has-link-color wp-elements-4bd2057ddb0ff50e50a1f31d11e5e16f\"><strong>PORTARIA N\u00ba 06\/2023-PPGED-CCSE-UEPA, DE 05 DE DEZEMBRO DE 2023<\/strong><br>Designar a Comiss\u00e3o Eleitoral para Coordena\u00e7\u00e3o Geral do PPGED\/UEPA (Bi\u00eanio 2024 \u2013 2026)<br><strong><strong>ARQUIVO COMPLETO:\u00a0<a href=\"https:\/\/propesp.uepa.br\/ppged\/wp-content\/uploads\/2023\/12\/Portaria-da-Comissao-Eleitoral-2023.pdf\">CLIQUE AQUI!!!<\/a><\/strong><\/strong><\/p>\n\n\n\n<p class=\"has-ast-global-color-8-color has-text-color has-link-color wp-elements-3d4e719bb8ed4745fdd7d1b9cec2d0cf\"><strong>PORTARIA N\u00ba 06\/2025-PPGED-CCSE-UEPA, DE 05 DE SETEMBRO DE 202<\/strong>5<br>Aprovar a Comiss\u00e3o Eleitorial, para coordenar a elei\u00e7\u00e3o geral do Programa de P\u00f3s-Gradua\u00e7\u0103o em Educa\u00e7\u00e3o \u2013 Mestrado e Doutorado, para o bi\u00eanio Janeiro\/2026-janeiro\/2027.<br><strong><strong>ARQUIVO COMPLETO:\u00a0<a href=\"https:\/\/propesp.uepa.br\/ppged\/wp-content\/uploads\/2025\/09\/PORTARIA_N06_2025_assinado.pdf\">CLIQUE AQUI!!!<\/a><\/strong><\/strong><\/p>\n\n\n\n<p class=\"has-ast-global-color-8-color has-text-color has-link-color wp-elements-93697934bf631e797ffd9bd8c25d76df\"><\/p>\n","protected":false},"excerpt":{"rendered":"<p>PORTARIA N\u00ba 06\/2023-PPGED-CCSE-UEPA, DE 05 DE DEZEMBRO DE 2023Designar a Comiss\u00e3o Eleitoral para Coordena\u00e7\u00e3o Geral do PPGED\/UEPA (Bi\u00eanio 2024 \u2013 2026)ARQUIVO COMPLETO:\u00a0CLIQUE AQUI!!! PORTARIA N\u00ba 06\/2025-PPGED-CCSE-UEPA, DE 05 DE SETEMBRO DE 2025Aprovar a Comiss\u00e3o Eleitorial, para coordenar a elei\u00e7\u00e3o geral do Programa de P\u00f3s-Gradua\u00e7\u0103o em Educa\u00e7\u00e3o \u2013 Mestrado e Doutorado, para o bi\u00eanio Janeiro\/2026-janeiro\/2027.ARQUIVO COMPLETO:\u00a0CLIQUE [&hellip;]<\/p>\n","protected":false},"author":6,"featured_media":0,"parent":0,"menu_order":0,"comment_status":"closed","ping_status":"closed","template":"","meta":{"_uag_custom_page_level_css":"","site-sidebar-layout":"default","site-content-layout":"","ast-site-content-layout":"","site-content-style":"default","site-sidebar-style":"default","ast-global-header-display":"","ast-banner-title-visibility":"","ast-main-header-display":"","ast-hfb-above-header-display":"","ast-hfb-below-header-display":"","ast-hfb-mobile-header-display":"","site-post-title":"","ast-breadcrumbs-content":"","ast-featured-img":"","footer-sml-layout":"","theme-transparent-header-meta":"","adv-header-id-meta":"","stick-header-meta":"","header-above-stick-meta":"","header-main-stick-meta":"","header-below-stick-meta":"","astra-migrate-meta-layouts":"default","ast-page-background-enabled":"default","ast-page-background-meta":{"desktop":{"background-color":"var(--ast-global-color-4)","background-image":"","background-repeat":"repeat","background-position":"center center","background-size":"auto","background-attachment":"scroll","background-type":"","background-media":"","overlay-type":"","overlay-color":"","overlay-gradient":""},"tablet":{"background-color":"","background-image":"","background-repeat":"repeat","background-position":"center center","background-size":"auto","background-attachment":"scroll","background-type":"","background-media":"","overlay-type":"","overlay-color":"","overlay-gradient":""},"mobile":{"background-color":"","background-image":"","background-repeat":"repeat","background-position":"center center","background-size":"auto","background-attachment":"scroll","background-type":"","background-media":"","overlay-type":"","overlay-color":"","overlay-gradient":""}},"ast-content-background-meta":{"desktop":{"background-color":"var(--ast-global-color-5)","background-image":"","background-repeat":"repeat","background-position":"center center","background-size":"auto","background-attachment":"scroll","background-type":"","background-media":"","overlay-type":"","overlay-color":"","overlay-gradient":""},"tablet":{"background-color":"var(--ast-global-color-5)","background-image":"","background-repeat":"repeat","background-position":"center center","background-size":"auto","background-attachment":"scroll","background-type":"","background-media":"","overlay-type":"","overlay-color":"","overlay-gradient":""},"mobile":{"background-color":"var(--ast-global-color-5)","background-image":"","background-repeat":"repeat","background-position":"center center","background-size":"auto","background-attachment":"scroll","background-type":"","background-media":"","overlay-type":"","overlay-color":"","overlay-gradient":""}},"footnotes":""},"class_list":["post-11768","page","type-page","status-publish","hentry"],"uagb_featured_image_src":{"full":false,"thumbnail":false,"medium":false,"medium_large":false,"large":false,"1536x1536":false,"2048x2048":false},"uagb_author_info":{"display_name":"m.oliveiracosta@aluno.uepa.br","author_link":"https:\/\/propesp.uepa.br\/ppged\/author\/m-oliveiracostaaluno-uepa-br\/"},"uagb_comment_info":0,"uagb_excerpt":"PORTARIA N\u00ba 06\/2023-PPGED-CCSE-UEPA, DE 05 DE DEZEMBRO DE 2023Designar a Comiss\u00e3o Eleitoral para Coordena\u00e7\u00e3o Geral do PPGED\/UEPA (Bi\u00eanio 2024 \u2013 2026)ARQUIVO COMPLETO:\u00a0CLIQUE AQUI!!! PORTARIA N\u00ba 06\/2025-PPGED-CCSE-UEPA, DE 05 DE SETEMBRO DE 2025Aprovar a Comiss\u00e3o Eleitorial, para coordenar a elei\u00e7\u00e3o geral do Programa de P\u00f3s-Gradua\u00e7\u0103o em Educa\u00e7\u00e3o \u2013 Mestrado e Doutorado, para o bi\u00eanio Janeiro\/2026-janeiro\/2027.ARQUIVO COMPLETO:\u00a0CLIQUE&hellip;","_links":{"self":[{"href":"https:\/\/propesp.uepa.br\/ppged\/wp-json\/wp\/v2\/pages\/11768","targetHints":{"allow":["GET"]}}],"collection":[{"href":"https:\/\/propesp.uepa.br\/ppged\/wp-json\/wp\/v2\/pages"}],"about":[{"href":"https:\/\/propesp.uepa.br\/ppged\/wp-json\/wp\/v2\/types\/page"}],"author":[{"embeddable":true,"href":"https:\/\/propesp.uepa.br\/ppged\/wp-json\/wp\/v2\/users\/6"}],"replies":[{"embeddable":true,"href":"https:\/\/propesp.uepa.br\/ppged\/wp-json\/wp\/v2\/comments?post=11768"}],"version-history":[{"count":1,"href":"https:\/\/propesp.uepa.br\/ppged\/wp-json\/wp\/v2\/pages\/11768\/revisions"}],"predecessor-version":[{"id":11769,"href":"https:\/\/propesp.uepa.br\/ppged\/wp-json\/wp\/v2\/pages\/11768\/revisions\/11769"}],"wp:attachment":[{"href":"https:\/\/propesp.uepa.br\/ppged\/wp-json\/wp\/v2\/media?parent=11768"}],"curies":[{"name":"wp","href":"https:\/\/api.w.org\/{rel}","templated":true}]}}