{"id":3527,"date":"2020-02-05T09:25:33","date_gmt":"2020-02-05T12:25:33","guid":{"rendered":"https:\/\/propesp.uepa.br\/ppged\/?page_id=3527"},"modified":"2025-11-26T14:05:13","modified_gmt":"2025-11-26T17:05:13","slug":"curriculo-doutorado-2","status":"publish","type":"page","link":"https:\/\/propesp.uepa.br\/ppged\/curriculo-doutorado-2\/","title":{"rendered":"Organiza\u00e7\u00e3o Curricular do Doutorado a partir de 2025"},"content":{"rendered":"\n<p><strong><mark style=\"background-color:rgba(0, 0, 0, 0);color:#000000\" class=\"has-inline-color\">1\u00ba SEMESTRE &#8211; Disciplinas de fundamenta\u00e7\u00e3o te\u00f3rico-metodol\u00f3gica &#8211; 09 CR:<\/mark><\/strong><br><mark style=\"background-color:rgba(0, 0, 0, 0);color:#000000\" class=\"has-inline-color\">Epistemologia da Educa\u00e7\u00e3o I\u2013 03 CR<br>Pesquisa Avan\u00e7ada em Educa\u00e7\u00e3o \u2013 03 CR<\/mark><br><mark style=\"background-color:rgba(0, 0, 0, 0);color:#000000\" class=\"has-inline-color\">Obrigatoria de Linha- 3 CR<\/mark><br><mark style=\"background-color:rgba(0, 0, 0, 0);color:#000000\" class=\"has-inline-color\">Linha Saberes culturais e educa\u00e7\u00e3o na Amaz\u00f4nia: Cultura, Saberes e Imagin\u00e1rios na Educa\u00e7\u00e3o Amaz\u00f4nica<strong>&nbsp;<\/strong><\/mark><br><mark style=\"background-color:rgba(0, 0, 0, 0);color:#000000\" class=\"has-inline-color\">Linha Forma\u00e7\u00e3o de professores, doc\u00eancia e pr\u00e1ticas educativas: Doc\u00eancia, forma\u00e7\u00e3o e pr\u00e1tica educativa<br><\/mark><\/p>\n\n\n\n<hr class=\"wp-block-separator aligncenter has-alpha-channel-opacity\"\/>\n\n\n\n<p><strong><mark style=\"background-color:rgba(0, 0, 0, 0);color:#000000\" class=\"has-inline-color\">2\u00ba SEMESTRE &#8211; Disciplinas Especificas &#8211; 06 CR <\/mark><\/strong><br><mark style=\"background-color:rgba(0, 0, 0, 0);color:#000000\" class=\"has-inline-color\">Epistemologia da Educa\u00e7\u00e3o II &#8211; 03 CR<br>Eletiva I \u2013 03 CR<\/mark><\/p>\n\n\n\n<hr class=\"wp-block-separator aligncenter has-alpha-channel-opacity\"\/>\n\n\n\n<p><strong><mark style=\"background-color:rgba(0, 0, 0, 0);color:#000000\" class=\"has-inline-color\">3\u00ba SEMESTRE &#8211; Disciplinas Especificas &#8211; 06 CR<\/mark><\/strong><br><mark style=\"background-color:rgba(0, 0, 0, 0);color:#000000\" class=\"has-inline-color\">Teoria Social e Educa\u00e7\u00e3o \u2013 03 CR<br>Estudos metodol\u00f3gico-instrumentais \u2013 03 CR<br>Semin\u00e1rio de Qualifica\u00e7\u00e3o de projetos de teses da Linha \u2013 03 CR<br>Eletiva II \u2013 03 CR<\/mark><\/p>\n\n\n\n<hr class=\"wp-block-separator aligncenter has-alpha-channel-opacity\"\/>\n\n\n\n<p><strong><mark style=\"background-color:rgba(0, 0, 0, 0);color:#000000\" class=\"has-inline-color\">Disciplinas de Orienta\u00e7\u00e3o de Tese &#8211; 08 CR<\/mark><\/strong> <mark style=\"background-color:rgba(0, 0, 0, 0);color:#000000\" class=\"has-inline-color\">&#8211; <strong>1\u00ba,2\u00ba,3\u00ba,4\u00ba<\/strong>,<\/mark><strong><mark style=\"background-color:rgba(0, 0, 0, 0);color:#000000\" class=\"has-inline-color\">5\u00ba, 6\u00ba, 7\u00ba e 8\u00ba SEMESTRES<\/mark><\/strong><br><br><mark style=\"background-color:rgba(0, 0, 0, 0);color:#000000\" class=\"has-inline-color\">Orienta\u00e7\u00e3o de Tese I \u2013 01 CR<\/mark><\/p>\n\n\n\n<p><mark style=\"background-color:rgba(0, 0, 0, 0);color:#000000\" class=\"has-inline-color\">Orienta\u00e7\u00e3o de Tese II \u2013 01 CR<\/mark><\/p>\n\n\n\n<p><mark style=\"background-color:rgba(0, 0, 0, 0);color:#000000\" class=\"has-inline-color\">Orienta\u00e7\u00e3o de Tese III \u2013 01 CR<\/mark><\/p>\n\n\n\n<p><mark style=\"background-color:rgba(0, 0, 0, 0);color:#000000\" class=\"has-inline-color\">Orienta\u00e7\u00e3o de Tese IV \u2013 01 CR<\/mark><\/p>\n\n\n\n<p><mark style=\"background-color:rgba(0, 0, 0, 0);color:#000000\" class=\"has-inline-color\">Orienta\u00e7\u00e3o de Tese V \u2013 01 CR<\/mark><\/p>\n\n\n\n<p><mark style=\"background-color:rgba(0, 0, 0, 0);color:#000000\" class=\"has-inline-color\">Orienta\u00e7\u00e3o de Tese VI \u2013 01 CR<\/mark><\/p>\n\n\n\n<p><mark style=\"background-color:rgba(0, 0, 0, 0);color:#000000\" class=\"has-inline-color\">Orienta\u00e7\u00e3o de Tese VII \u2013 01 CR<\/mark><\/p>\n\n\n\n<p><mark style=\"background-color:rgba(0, 0, 0, 0);color:#000000\" class=\"has-inline-color\">Orienta\u00e7\u00e3o de Tese VIII \u2013 01 CR<\/mark><\/p>\n\n\n\n<p><strong><mark style=\"background-color:rgba(0, 0, 0, 0);color:#000000\" class=\"has-inline-color\">Cr\u00e9ditos de Elabora\u00e7\u00e3o de Tese : 08 CR  &#8211;  5\u00ba, 6\u00ba, 7\u00ba e 8\u00ba SEMESTRES<\/mark><\/strong><br><br><mark style=\"background-color:rgba(0, 0, 0, 0);color:#000000\" class=\"has-inline-color\">Elabora\u00e7\u00e3o de Tese I \u2013 02 CR<\/mark><\/p>\n\n\n\n<p><mark style=\"background-color:rgba(0, 0, 0, 0);color:#000000\" class=\"has-inline-color\">Elabora\u00e7\u00e3o de Tese II \u2013 02 CR<\/mark><\/p>\n\n\n\n<p><mark style=\"background-color:rgba(0, 0, 0, 0);color:#000000\" class=\"has-inline-color\">Elabora\u00e7\u00e3o de Tese III \u2013 02 CR<\/mark><\/p>\n\n\n\n<p><mark style=\"background-color:rgba(0, 0, 0, 0);color:#000000\" class=\"has-inline-color\">Elabora\u00e7\u00e3o de Tese IV\u2013 02 CR<\/mark><\/p>\n\n\n\n<p><\/p>\n\n\n\n<figure class=\"wp-block-embed aligncenter is-type-wp-embed is-provider-ppged wp-block-embed-ppged\">\n<blockquote class=\"wp-embedded-content\" data-secret=\"ofIYsLYWYD\"><a href=\"https:\/\/propesp.uepa.br\/ppged\/organizacao-curricular-do-doutorado-a-partir-de-2025\/\">Antiga Organiza\u00e7\u00e3o Curricular do Doutorado<\/a><\/blockquote><iframe loading=\"lazy\" class=\"wp-embedded-content\" sandbox=\"allow-scripts\" security=\"restricted\" style=\"position: absolute; visibility: hidden;\" title=\"&#8220;Antiga Organiza\u00e7\u00e3o Curricular do Doutorado&#8221; &#8212; PPGED\" src=\"https:\/\/propesp.uepa.br\/ppged\/organizacao-curricular-do-doutorado-a-partir-de-2025\/embed\/#?secret=x5zam95Yod#?secret=ofIYsLYWYD\" data-secret=\"ofIYsLYWYD\" width=\"500\" height=\"282\" frameborder=\"0\" marginwidth=\"0\" marginheight=\"0\" scrolling=\"no\"><\/iframe>\n<\/figure>\n\n\n\n<p><\/p>\n\n\n\n<p><\/p>\n","protected":false},"excerpt":{"rendered":"<p>1\u00ba SEMESTRE &#8211; Disciplinas de fundamenta\u00e7\u00e3o te\u00f3rico-metodol\u00f3gica &#8211; 09 CR:Epistemologia da Educa\u00e7\u00e3o I\u2013 03 CRPesquisa Avan\u00e7ada em Educa\u00e7\u00e3o \u2013 03 CRObrigatoria de Linha- 3 CRLinha Saberes culturais e educa\u00e7\u00e3o na Amaz\u00f4nia: Cultura, Saberes e Imagin\u00e1rios na Educa\u00e7\u00e3o Amaz\u00f4nica&nbsp;Linha Forma\u00e7\u00e3o de professores, doc\u00eancia e pr\u00e1ticas educativas: Doc\u00eancia, forma\u00e7\u00e3o e pr\u00e1tica educativa 2\u00ba SEMESTRE &#8211; Disciplinas Especificas [&hellip;]<\/p>\n","protected":false},"author":1,"featured_media":0,"parent":0,"menu_order":0,"comment_status":"closed","ping_status":"closed","template":"","meta":{"_uag_custom_page_level_css":"","site-sidebar-layout":"default","site-content-layout":"","ast-site-content-layout":"","site-content-style":"default","site-sidebar-style":"default","ast-global-header-display":"","ast-banner-title-visibility":"","ast-main-header-display":"","ast-hfb-above-header-display":"","ast-hfb-below-header-display":"","ast-hfb-mobile-header-display":"","site-post-title":"","ast-breadcrumbs-content":"","ast-featured-img":"","footer-sml-layout":"","theme-transparent-header-meta":"","adv-header-id-meta":"","stick-header-meta":"","header-above-stick-meta":"","header-main-stick-meta":"","header-below-stick-meta":"","astra-migrate-meta-layouts":"default","ast-page-background-enabled":"default","ast-page-background-meta":{"desktop":{"background-color":"var(--ast-global-color-4)","background-image":"","background-repeat":"repeat","background-position":"center center","background-size":"auto","background-attachment":"scroll","background-type":"","background-media":"","overlay-type":"","overlay-color":"","overlay-gradient":""},"tablet":{"background-color":"","background-image":"","background-repeat":"repeat","background-position":"center center","background-size":"auto","background-attachment":"scroll","background-type":"","background-media":"","overlay-type":"","overlay-color":"","overlay-gradient":""},"mobile":{"background-color":"","background-image":"","background-repeat":"repeat","background-position":"center center","background-size":"auto","background-attachment":"scroll","background-type":"","background-media":"","overlay-type":"","overlay-color":"","overlay-gradient":""}},"ast-content-background-meta":{"desktop":{"background-color":"var(--ast-global-color-5)","background-image":"","background-repeat":"repeat","background-position":"center center","background-size":"auto","background-attachment":"scroll","background-type":"","background-media":"","overlay-type":"","overlay-color":"","overlay-gradient":""},"tablet":{"background-color":"var(--ast-global-color-5)","background-image":"","background-repeat":"repeat","background-position":"center center","background-size":"auto","background-attachment":"scroll","background-type":"","background-media":"","overlay-type":"","overlay-color":"","overlay-gradient":""},"mobile":{"background-color":"var(--ast-global-color-5)","background-image":"","background-repeat":"repeat","background-position":"center center","background-size":"auto","background-attachment":"scroll","background-type":"","background-media":"","overlay-type":"","overlay-color":"","overlay-gradient":""}},"footnotes":""},"class_list":["post-3527","page","type-page","status-publish","hentry"],"uagb_featured_image_src":{"full":false,"thumbnail":false,"medium":false,"medium_large":false,"large":false,"1536x1536":false,"2048x2048":false},"uagb_author_info":{"display_name":"adminsites@uepa.br","author_link":"https:\/\/propesp.uepa.br\/ppged\/author\/adminsitesuepa-br\/"},"uagb_comment_info":0,"uagb_excerpt":"1\u00ba SEMESTRE &#8211; Disciplinas de fundamenta\u00e7\u00e3o te\u00f3rico-metodol\u00f3gica &#8211; 09 CR:Epistemologia da Educa\u00e7\u00e3o I\u2013 03 CRPesquisa Avan\u00e7ada em Educa\u00e7\u00e3o \u2013 03 CRObrigatoria de Linha- 3 CRLinha Saberes culturais e educa\u00e7\u00e3o na Amaz\u00f4nia: Cultura, Saberes e Imagin\u00e1rios na Educa\u00e7\u00e3o Amaz\u00f4nica&nbsp;Linha Forma\u00e7\u00e3o de professores, doc\u00eancia e pr\u00e1ticas educativas: Doc\u00eancia, forma\u00e7\u00e3o e pr\u00e1tica educativa 2\u00ba SEMESTRE &#8211; Disciplinas Especificas&hellip;","_links":{"self":[{"href":"https:\/\/propesp.uepa.br\/ppged\/wp-json\/wp\/v2\/pages\/3527","targetHints":{"allow":["GET"]}}],"collection":[{"href":"https:\/\/propesp.uepa.br\/ppged\/wp-json\/wp\/v2\/pages"}],"about":[{"href":"https:\/\/propesp.uepa.br\/ppged\/wp-json\/wp\/v2\/types\/page"}],"author":[{"embeddable":true,"href":"https:\/\/propesp.uepa.br\/ppged\/wp-json\/wp\/v2\/users\/1"}],"replies":[{"embeddable":true,"href":"https:\/\/propesp.uepa.br\/ppged\/wp-json\/wp\/v2\/comments?post=3527"}],"version-history":[{"count":12,"href":"https:\/\/propesp.uepa.br\/ppged\/wp-json\/wp\/v2\/pages\/3527\/revisions"}],"predecessor-version":[{"id":11450,"href":"https:\/\/propesp.uepa.br\/ppged\/wp-json\/wp\/v2\/pages\/3527\/revisions\/11450"}],"wp:attachment":[{"href":"https:\/\/propesp.uepa.br\/ppged\/wp-json\/wp\/v2\/media?parent=3527"}],"curies":[{"name":"wp","href":"https:\/\/api.w.org\/{rel}","templated":true}]}}