{"id":630,"date":"2017-02-07T10:50:36","date_gmt":"2017-02-07T13:50:36","guid":{"rendered":"http:\/\/ccse.uepa.br\/mestradoeducacao\/?page_id=630"},"modified":"2025-01-24T11:30:43","modified_gmt":"2025-01-24T14:30:43","slug":"colegiado-2","status":"publish","type":"page","link":"https:\/\/propesp.uepa.br\/ppged\/administracao-2\/colegiado-2\/","title":{"rendered":"Colegiado"},"content":{"rendered":"\n<div class=\"wp-block-uagb-container uagb-block-c24adcba alignfull uagb-is-root-container\"><div class=\"uagb-container-inner-blocks-wrap\">\n<p class=\"has-ast-global-color-8-color has-text-color has-medium-font-size\">O Programa conta em sua estrutura administrativa com um Colegiado constitu\u00eddo pelos docentes, um representante do corpo administrativo e seis representantes discentes. Todos os docentes s\u00e3o membros do Colegiado e a representa\u00e7\u00e3o dos servidores e discentes \u00e9 escolhida em elei\u00e7\u00e3o pelos pares. As normas para a elei\u00e7\u00e3o da representa\u00e7\u00e3o discente e de servidores no Colegiado est\u00e3o previstas no Regimento do Programa, que foi alterado em 2008 para permitir a nova configura\u00e7\u00e3o da representa\u00e7\u00e3o discente no Colegiado, que \u00e9 realizada por meio de edital.<br><br>A Coordena\u00e7\u00e3o Geral do Programa tamb\u00e9m \u00e9 eleita por seus pares, discentes e servidores, para um mandato de dois (2) anos, e composta por dois (2) professores doutores para os cargos de Coordenador e Vice-Coordenador. A Coordena\u00e7\u00e3o Geral e a Vice-Coordena\u00e7\u00e3o contam, nos encaminhamentos administrativos do Programa, com a colabora\u00e7\u00e3o de: (a) docentes respons\u00e1veis pelas Linhas de Pesquisa; (b) C\u00e2mara de Gest\u00e3o; (c) C\u00e2mara de Ensino Pesquisa e Extens\u00e3o (d) Comiss\u00f5es institu\u00eddas para desenvolverem diversas atividades acad\u00eamicas, como a Comiss\u00e3o de Bolsas, para avalia\u00e7\u00e3o e acompanhamento dos bolsistas da CAPES, FAPESPA e do CNPq; processo seletivo e acompanhamento de egressos, entre outras. Contam, ainda, com o apoio da Secretaria Acad\u00eamica.<br><br>A gest\u00e3o \u00e9 compartilhada com as coordena\u00e7\u00f5es de linhas de pesquisas e as c\u00e2maras colegiadas, os mestrandos e t\u00e9cnicos administrativos vinculados ao Programa, visando o encaminhamento coletivo das a\u00e7\u00f5es acad\u00eamicas, por meio de reuni\u00f5es peri\u00f3dicas.<\/p>\n\n\n\n<div class=\"wp-block-uagb-advanced-heading uagb-block-686b9641\"><h3 class=\"uagb-heading-text\">&nbsp;Membros do colegiado do PPGED &#8211; 2025<\/h3><div class=\"uagb-separator\"><\/div><\/div>\n\n\n\n<figure class=\"wp-block-table is-style-regular has-medium-font-size\"><table><tbody><tr><td class=\"has-text-align-center\" data-align=\"center\"><span style=\"font-family: 'trebuchet ms', geneva, sans-serif; color: #000000;\">F\u00c1BIO JOS\u00c9 DA COSTA ALVES<\/span><\/td><\/tr><tr><td class=\"has-text-align-center\" data-align=\"center\"><span style=\"font-family: 'trebuchet ms', geneva, sans-serif; color: #000000;\">IVANILDE APOLUCENO DE OLIVEIRA<\/span><\/td><\/tr><tr><td class=\"has-text-align-center\" data-align=\"center\"><span style=\"font-family: 'trebuchet ms', geneva, sans-serif; color: #000000;\">JOS\u00c9 ANCHIETA DE OLIVEIRA BENTES<\/span><\/td><\/tr><tr><td class=\"has-text-align-center\" data-align=\"center\"><span style=\"font-family: 'trebuchet ms', geneva, sans-serif; color: #000000;\">JOSEBEL AKEL FARES<\/span><\/td><\/tr><tr><td class=\"has-text-align-center\" data-align=\"center\"><span style=\"font-family: 'trebuchet ms', geneva, sans-serif; color: #000000;\">JO\u00c3O COLARES DA MOTA NETO<\/span><\/td><\/tr><tr><td class=\"has-text-align-center\" data-align=\"center\"><span style=\"font-family: 'trebuchet ms', geneva, sans-serif; color: #000000;\">LUC\u00c9LIA DE MORAES BASSALO<\/span><\/td><\/tr><tr><td class=\"has-text-align-center\" data-align=\"center\"><span style=\"font-family: 'trebuchet ms', geneva, sans-serif; color: #000000;\">MARIA BET\u00c2NIA BARBOSA ALBUQUERQUE<\/span><\/td><\/tr><tr><td class=\"has-text-align-center\" data-align=\"center\"><span style=\"font-family: 'trebuchet ms', geneva, sans-serif; color: #000000;\">MARIA DAS GRA\u00c7AS DA SILVA<\/span><\/td><\/tr><tr><td class=\"has-text-align-center\" data-align=\"center\"><span style=\"font-family: 'trebuchet ms', geneva, sans-serif; color: #000000;\">MARIA DO PERP\u00c9TUO SOCORRO CARDOSO<\/span><\/td><\/tr><tr><td class=\"has-text-align-center\" data-align=\"center\"><span style=\"font-family: 'trebuchet ms', geneva, sans-serif; color: #000000;\">MARIA DO PERP\u00c9TUO SOCORRO GOMES DE SOUZA AVELINO FRAN\u00c7A<\/span><\/td><\/tr><tr><td class=\"has-text-align-center\" data-align=\"center\"><span style=\"font-family: 'trebuchet ms', geneva, sans-serif; color: #000000;\">MARTA GEN\u00da SOARES<\/span><\/td><\/tr><tr><td class=\"has-text-align-center\" data-align=\"center\"><span style=\"font-family: 'trebuchet ms', geneva, sans-serif; color: #000000;\">NAZAR\u00c9 CRISTINA CARVALHO<\/span><\/td><\/tr><tr><td class=\"has-text-align-center\" data-align=\"center\"><mark style=\"background-color:rgba(0, 0, 0, 0)\" class=\"has-inline-color has-ast-global-color-8-color\">PAULO JORGE MARTINS NUNES<\/mark><\/td><\/tr><tr><td class=\"has-text-align-center\" data-align=\"center\"><span style=\"font-family: 'trebuchet ms', geneva, sans-serif; color: #000000;\">PEDRO FRANCO DE S\u00c1<\/span><\/td><\/tr><tr><td class=\"has-text-align-center\" data-align=\"center\"><span style=\"font-family: 'trebuchet ms', geneva, sans-serif; color: #000000;\">S\u00c9RGIO ROBERTO MORAES CORR\u00caA<\/span><\/td><\/tr><tr><td class=\"has-text-align-center\" data-align=\"center\"><span style=\"font-family: 'trebuchet ms', geneva, sans-serif; color: #000000;\">T\u00c2NIA REGINA LOBATO DOS SANTOS<\/span><\/td><\/tr><tr><td class=\"has-text-align-center\" data-align=\"center\"><mark style=\"background-color:rgba(0, 0, 0, 0)\" class=\"has-inline-color has-ast-global-color-8-color\">TAISSA TAVERNAD DE LUCA <\/mark><\/td><\/tr><tr><td class=\"has-text-align-center\" data-align=\"center\"><mark style=\"background-color:rgba(0, 0, 0, 0)\" class=\"has-inline-color has-ast-global-color-8-color\">(BRUNA CAROLINE SANTOS BOMFIM \u2013 MESTRADO)<\/mark><\/td><\/tr><tr><td class=\"has-text-align-center\" data-align=\"center\"><mark style=\"background-color:rgba(0, 0, 0, 0)\" class=\"has-inline-color has-ast-global-color-8-color\">(ADMA CONCEI\u00c7\u00c3O DANIN DE LIMA \u2013 MESTRADO)<\/mark><\/td><\/tr><tr><td class=\"has-text-align-center\" data-align=\"center\"><mark style=\"background-color:rgba(0, 0, 0, 0)\" class=\"has-inline-color has-ast-global-color-8-color\">(MIGUEL COSTA SILVA \u2013 DOUTORADO)<\/mark><\/td><\/tr><tr><td class=\"has-text-align-center\" data-align=\"center\"><mark style=\"background-color:rgba(0, 0, 0, 0)\" class=\"has-inline-color has-ast-global-color-8-color\">(MARIA VIT\u00d3RIA PAIVA DE SOUZA FREIRE \u2013 MESTRADO)<\/mark><\/td><\/tr><tr><td class=\"has-text-align-center\" data-align=\"center\"><mark style=\"background-color:rgba(0, 0, 0, 0)\" class=\"has-inline-color has-ast-global-color-8-color\">( JANIBY SILVA DE OLVEIRA &#8211; DOUTORADO)<\/mark><\/td><\/tr><\/tbody><\/table><\/figure>\n<\/div><\/div>\n\n\n\n<p><\/p>\n","protected":false},"excerpt":{"rendered":"<p>O Programa conta em sua estrutura administrativa com um Colegiado constitu\u00eddo pelos docentes, um representante do corpo administrativo e seis representantes discentes. Todos os docentes s\u00e3o membros do Colegiado e a representa\u00e7\u00e3o dos servidores e discentes \u00e9 escolhida em elei\u00e7\u00e3o pelos pares. As normas para a elei\u00e7\u00e3o da representa\u00e7\u00e3o discente e de servidores no Colegiado [&hellip;]<\/p>\n","protected":false},"author":1,"featured_media":0,"parent":660,"menu_order":2,"comment_status":"closed","ping_status":"closed","template":"","meta":{"_uag_custom_page_level_css":"","site-sidebar-layout":"default","site-content-layout":"","ast-site-content-layout":"","site-content-style":"default","site-sidebar-style":"default","ast-global-header-display":"","ast-banner-title-visibility":"","ast-main-header-display":"","ast-hfb-above-header-display":"","ast-hfb-below-header-display":"","ast-hfb-mobile-header-display":"","site-post-title":"","ast-breadcrumbs-content":"","ast-featured-img":"","footer-sml-layout":"","theme-transparent-header-meta":"","adv-header-id-meta":"","stick-header-meta":"","header-above-stick-meta":"","header-main-stick-meta":"","header-below-stick-meta":"","astra-migrate-meta-layouts":"","ast-page-background-enabled":"default","ast-page-background-meta":{"desktop":{"background-color":"var(--ast-global-color-4)","background-image":"","background-repeat":"repeat","background-position":"center center","background-size":"auto","background-attachment":"scroll","background-type":"","background-media":"","overlay-type":"","overlay-color":"","overlay-gradient":""},"tablet":{"background-color":"","background-image":"","background-repeat":"repeat","background-position":"center center","background-size":"auto","background-attachment":"scroll","background-type":"","background-media":"","overlay-type":"","overlay-color":"","overlay-gradient":""},"mobile":{"background-color":"","background-image":"","background-repeat":"repeat","background-position":"center center","background-size":"auto","background-attachment":"scroll","background-type":"","background-media":"","overlay-type":"","overlay-color":"","overlay-gradient":""}},"ast-content-background-meta":{"desktop":{"background-color":"var(--ast-global-color-5)","background-image":"","background-repeat":"repeat","background-position":"center center","background-size":"auto","background-attachment":"scroll","background-type":"","background-media":"","overlay-type":"","overlay-color":"","overlay-gradient":""},"tablet":{"background-color":"var(--ast-global-color-5)","background-image":"","background-repeat":"repeat","background-position":"center center","background-size":"auto","background-attachment":"scroll","background-type":"","background-media":"","overlay-type":"","overlay-color":"","overlay-gradient":""},"mobile":{"background-color":"var(--ast-global-color-5)","background-image":"","background-repeat":"repeat","background-position":"center center","background-size":"auto","background-attachment":"scroll","background-type":"","background-media":"","overlay-type":"","overlay-color":"","overlay-gradient":""}},"footnotes":""},"class_list":["post-630","page","type-page","status-publish","hentry"],"uagb_featured_image_src":{"full":false,"thumbnail":false,"medium":false,"medium_large":false,"large":false,"1536x1536":false,"2048x2048":false},"uagb_author_info":{"display_name":"adminsites@uepa.br","author_link":"https:\/\/propesp.uepa.br\/ppged\/author\/adminsitesuepa-br\/"},"uagb_comment_info":0,"uagb_excerpt":"O Programa conta em sua estrutura administrativa com um Colegiado constitu\u00eddo pelos docentes, um representante do corpo administrativo e seis representantes discentes. Todos os docentes s\u00e3o membros do Colegiado e a representa\u00e7\u00e3o dos servidores e discentes \u00e9 escolhida em elei\u00e7\u00e3o pelos pares. As normas para a elei\u00e7\u00e3o da representa\u00e7\u00e3o discente e de servidores no Colegiado&hellip;","_links":{"self":[{"href":"https:\/\/propesp.uepa.br\/ppged\/wp-json\/wp\/v2\/pages\/630","targetHints":{"allow":["GET"]}}],"collection":[{"href":"https:\/\/propesp.uepa.br\/ppged\/wp-json\/wp\/v2\/pages"}],"about":[{"href":"https:\/\/propesp.uepa.br\/ppged\/wp-json\/wp\/v2\/types\/page"}],"author":[{"embeddable":true,"href":"https:\/\/propesp.uepa.br\/ppged\/wp-json\/wp\/v2\/users\/1"}],"replies":[{"embeddable":true,"href":"https:\/\/propesp.uepa.br\/ppged\/wp-json\/wp\/v2\/comments?post=630"}],"version-history":[{"count":20,"href":"https:\/\/propesp.uepa.br\/ppged\/wp-json\/wp\/v2\/pages\/630\/revisions"}],"predecessor-version":[{"id":10927,"href":"https:\/\/propesp.uepa.br\/ppged\/wp-json\/wp\/v2\/pages\/630\/revisions\/10927"}],"up":[{"embeddable":true,"href":"https:\/\/propesp.uepa.br\/ppged\/wp-json\/wp\/v2\/pages\/660"}],"wp:attachment":[{"href":"https:\/\/propesp.uepa.br\/ppged\/wp-json\/wp\/v2\/media?parent=630"}],"curies":[{"name":"wp","href":"https:\/\/api.w.org\/{rel}","templated":true}]}}