{"id":70,"date":"2022-09-16T15:11:16","date_gmt":"2022-09-16T18:11:16","guid":{"rendered":"https:\/\/propesp.uepa.br\/ppgeeca\/epeeca\/2026\/?page_id=70"},"modified":"2026-03-18T18:09:51","modified_gmt":"2026-03-18T21:09:51","slug":"tema-do-evento","status":"publish","type":"page","link":"https:\/\/propesp.uepa.br\/ppgeeca\/epeeca\/2026\/index.php\/tema-do-evento\/","title":{"rendered":"Tema"},"content":{"rendered":"\n<p><\/p>\n\n\n\n<h5 class=\"wp-block-heading\">A tem\u00e1tica <strong>&#8220;Tend\u00eancias Emergentes no Ensino e na Pesquisa em Ci\u00eancias da Natureza&#8221;<\/strong> foi proposta com o intuito de debater, divulgar e refletir sobre pesquisas e desafios contempor\u00e2neos que atravessam as pr\u00e1ticas formativas no Ensino de Ci\u00eancias, fortalecendo a educa\u00e7\u00e3o cient\u00edfica na Amaz\u00f4nia e contribuindo para a qualifica\u00e7\u00e3o da educa\u00e7\u00e3o brasileira.<\/h5>\n\n\n\n<h5 class=\"wp-block-heading\">O evento possibilitar\u00e1 a intera\u00e7\u00e3o entre professores em forma\u00e7\u00e3o (gradua\u00e7\u00e3o e p\u00f3s-gradua\u00e7\u00e3o) e docentes da educa\u00e7\u00e3o b\u00e1sica em exerc\u00edcio, fortalecendo a integra\u00e7\u00e3o entre forma\u00e7\u00e3o inicial, forma\u00e7\u00e3o continuada e pr\u00e1tica pedag\u00f3gica. A programa\u00e7\u00e3o cient\u00edfica dar\u00e1 espa\u00e7o \u00e0 socializa\u00e7\u00e3o de pesquisas, relatos de experi\u00eancia e pr\u00e1ticas inovadoras em Ci\u00eancias da Natureza, de modo a enriquecer o debate sobre tend\u00eancias emergentes no ensino e a ampliar a colabora\u00e7\u00e3o entre diferentes regi\u00f5es do pa\u00eds. <\/h5>\n","protected":false},"excerpt":{"rendered":"<p>A tem\u00e1tica &#8220;Tend\u00eancias Emergentes no Ensino e na Pesquisa em Ci\u00eancias da Natureza&#8221; foi proposta com o intuito de debater, divulgar e refletir sobre pesquisas e desafios contempor\u00e2neos que atravessam as pr\u00e1ticas formativas no Ensino de Ci\u00eancias, fortalecendo a educa\u00e7\u00e3o cient\u00edfica na Amaz\u00f4nia e contribuindo para a qualifica\u00e7\u00e3o da educa\u00e7\u00e3o brasileira. O evento possibilitar\u00e1 a &hellip;<\/p>\n<p class=\"read-more\"> <a class=\"\" href=\"https:\/\/propesp.uepa.br\/ppgeeca\/epeeca\/2026\/index.php\/tema-do-evento\/\"> <span class=\"screen-reader-text\">Tema<\/span> Leia mais &raquo;<\/a><\/p>\n","protected":false},"author":1,"featured_media":0,"parent":0,"menu_order":0,"comment_status":"closed","ping_status":"closed","template":"","meta":{"_uag_custom_page_level_css":"","site-sidebar-layout":"default","site-content-layout":"","ast-site-content-layout":"default","site-content-style":"default","site-sidebar-style":"default","ast-global-header-display":"","ast-banner-title-visibility":"","ast-main-header-display":"","ast-hfb-above-header-display":"","ast-hfb-below-header-display":"","ast-hfb-mobile-header-display":"","site-post-title":"","ast-breadcrumbs-content":"","ast-featured-img":"","footer-sml-layout":"","theme-transparent-header-meta":"","adv-header-id-meta":"","stick-header-meta":"","header-above-stick-meta":"","header-main-stick-meta":"","header-below-stick-meta":"","astra-migrate-meta-layouts":"set","footnotes":"[]"},"class_list":["post-70","page","type-page","status-publish","hentry"],"uagb_featured_image_src":{"full":false,"thumbnail":false,"medium":false,"medium_large":false,"large":false,"1536x1536":false,"2048x2048":false},"uagb_author_info":{"display_name":"adminsites@uepa.br","author_link":"https:\/\/propesp.uepa.br\/ppgeeca\/epeeca\/2026\/index.php\/author\/adminsitesuepa-br\/"},"uagb_comment_info":0,"uagb_excerpt":"A tem\u00e1tica &#8220;Tend\u00eancias Emergentes no Ensino e na Pesquisa em Ci\u00eancias da Natureza&#8221; foi proposta com o intuito de debater, divulgar e refletir sobre pesquisas e desafios contempor\u00e2neos que atravessam as pr\u00e1ticas formativas no Ensino de Ci\u00eancias, fortalecendo a educa\u00e7\u00e3o cient\u00edfica na Amaz\u00f4nia e contribuindo para a qualifica\u00e7\u00e3o da educa\u00e7\u00e3o brasileira. O evento possibilitar\u00e1 a&hellip;","_links":{"self":[{"href":"https:\/\/propesp.uepa.br\/ppgeeca\/epeeca\/2026\/index.php\/wp-json\/wp\/v2\/pages\/70","targetHints":{"allow":["GET"]}}],"collection":[{"href":"https:\/\/propesp.uepa.br\/ppgeeca\/epeeca\/2026\/index.php\/wp-json\/wp\/v2\/pages"}],"about":[{"href":"https:\/\/propesp.uepa.br\/ppgeeca\/epeeca\/2026\/index.php\/wp-json\/wp\/v2\/types\/page"}],"author":[{"embeddable":true,"href":"https:\/\/propesp.uepa.br\/ppgeeca\/epeeca\/2026\/index.php\/wp-json\/wp\/v2\/users\/1"}],"replies":[{"embeddable":true,"href":"https:\/\/propesp.uepa.br\/ppgeeca\/epeeca\/2026\/index.php\/wp-json\/wp\/v2\/comments?post=70"}],"version-history":[{"count":20,"href":"https:\/\/propesp.uepa.br\/ppgeeca\/epeeca\/2026\/index.php\/wp-json\/wp\/v2\/pages\/70\/revisions"}],"predecessor-version":[{"id":1388,"href":"https:\/\/propesp.uepa.br\/ppgeeca\/epeeca\/2026\/index.php\/wp-json\/wp\/v2\/pages\/70\/revisions\/1388"}],"wp:attachment":[{"href":"https:\/\/propesp.uepa.br\/ppgeeca\/epeeca\/2026\/index.php\/wp-json\/wp\/v2\/media?parent=70"}],"curies":[{"name":"wp","href":"https:\/\/api.w.org\/{rel}","templated":true}]}}