{"id":152,"date":"2024-10-09T15:24:45","date_gmt":"2024-10-09T18:24:45","guid":{"rendered":"https:\/\/propesp.uepa.br\/ppgeeca\/?page_id=152"},"modified":"2025-06-16T17:58:58","modified_gmt":"2025-06-16T20:58:58","slug":"planejamento-estrategico","status":"publish","type":"page","link":"https:\/\/propesp.uepa.br\/ppgeeca\/planejamento-estrategico\/","title":{"rendered":"Planejamento Estrat\u00e9gico"},"content":{"rendered":"\n<p class=\"has-black-color has-text-color has-link-color wp-elements-88b3cada55fac101b76c0b671d95da7c\" style=\"margin-right:var(--wp--preset--spacing--30);margin-left:var(--wp--preset--spacing--30);font-size:21px\">O Programa de P\u00f3s-Gradua\u00e7\u00e3o em Educa\u00e7\u00e3o e Ensino de Ci\u00eancias na Amaz\u00f4nia (PPGEECA) da UEPA, n\u00edvel de mestrado profissional, apresenta seu <strong>Planejamento Estrat\u00e9gico (PE) com vig\u00eancia para o per\u00edodo de 2021 a 2026<\/strong>. O PE possui como objetivos nortear as tomadas de decis\u00f5es que envolvem toda a comunidade acad\u00eamica do PPGGECA, al\u00e9m de planificar os objetivos estrat\u00e9gicos necess\u00e1rios visando atender os crit\u00e9rios estabelecidos pela \u00e1rea de ensino da Capes para os pr\u00f3ximos anos do Programa considerando cinco dimens\u00f5es (gest\u00e3o; forma\u00e7\u00e3o de pessoal: ensino e aprendizagem; pesquisa: produ\u00e7\u00e3o de conhecimento; inova\u00e7\u00e3o e transfer\u00eancia de conhecimento; impacto na sociedade: inser\u00e7\u00e3o regional\/nacional e avalia\u00e7\u00e3o), preparando-se para a pr\u00f3xima avalia\u00e7\u00e3o do quadri\u00eanio, al\u00e9m de contribuir para o desenvolvimento da miss\u00e3o institucional da UEPA e do PPGEECA.<br><br>Este PE surge a partir de uma avalia\u00e7\u00e3o do ambiente externo, dos desafios educacionais para o ensino de ci\u00eancias na Amaz\u00f4nia e da leitura atual do programa, visando estruturar um modelo de gest\u00e3o acad\u00eamica para o programa e direcionar o alcance da miss\u00e3o, da vis\u00e3o de futuro e dos objetivos estrat\u00e9gicos, para tanto, adotou a Matriz SWOT, a qual se baseia na an\u00e1lise de quatro vetores:&nbsp;<strong>For\u00e7as<\/strong>&nbsp;(<em>Strengths<\/em>),&nbsp;<strong>Fraquezas<\/strong>&nbsp;(<em>Weaknesses<\/em>),&nbsp;<strong>Oportunidades<\/strong>&nbsp;(<em>Opportunities<\/em>) e&nbsp;<strong>Amea\u00e7as<\/strong>&nbsp;(<em>Threats<\/em>) para conhecimento situacional e direcionamento dos objetivos estrat\u00e9gicos. Adotou-se tamb\u00e9m para a elabora\u00e7\u00e3o deste PE a an\u00e1lise dos documentos oficiais: PDI institucional da UEPA, Projeto pedag\u00f3gico do curso do PPGEECA, Ficha de Avalia\u00e7\u00e3o da Capes da \u00e1rea de Ensino e Documento da \u00e1rea de Ensino.<br><br>Neste PE os objetivos estrat\u00e9gicos devem ser alcan\u00e7ados a curto, m\u00e9dio e longo prazo, o qual vem junto com o Projeto de Autoavalia\u00e7\u00e3o que visa aprimorar os instrumentos de gest\u00e3o, e par\u00e2metros de qualidade deste PPG.<\/p>\n\n\n\n<p class=\"has-black-color has-text-color has-link-color has-medium-font-size wp-elements-9ea9de3557edab6b4469dff93e6affdc\"><\/p>\n\n\n\n<figure style=\"padding-top:2.3rem;padding-right:var(--wp--preset--spacing--80);padding-bottom:2.3rem;padding-left:var(--wp--preset--spacing--80)\" class=\"wp-block-video\"><video autoplay src=\"https:\/\/propesp.uepa.br\/ppgeeca\/wp-content\/uploads\/2025\/02\/Planejamento-Estrategico-do-PPGEECA-1.mp4\" playsinline><\/video><\/figure>\n\n\n\n<div class=\"wp-block-uagb-buttons uagb-buttons__outer-wrap uagb-btn__default-btn uagb-btn-tablet__default-btn uagb-btn-mobile__default-btn uagb-block-45a6da09\"><div class=\"uagb-buttons__wrap uagb-buttons-layout-wrap \">\n<div class=\"wp-block-uagb-buttons-child uagb-buttons__outer-wrap uagb-block-57e524d7 wp-block-button\"><div class=\"uagb-button__wrapper\"><a class=\"uagb-buttons-repeater wp-block-button__link\" aria-label=\"\" href=\"https:\/\/propesp.uepa.br\/ppgeeca\/wp-content\/uploads\/2025\/01\/Planejamento-Estrategico-do-PPGEECA-2.pdf\" rel=\"follow noopener\" target=\"_self\" role=\"button\"><div class=\"uagb-button__link\">CONFIRA O\u00a0PLANEJAMENTO ESTRAT\u00c9GICO DO PPGEECA<\/div><\/a><\/div><\/div>\n<\/div><\/div>\n","protected":false},"excerpt":{"rendered":"<p>O Programa de P\u00f3s-Gradua\u00e7\u00e3o em Educa\u00e7\u00e3o e Ensino de Ci\u00eancias na Amaz\u00f4nia (PPGEECA) da UEPA, n\u00edvel de mestrado profissional, apresenta seu Planejamento Estrat\u00e9gico (PE) com vig\u00eancia para o per\u00edodo de 2021 a 2026. O PE possui como objetivos nortear as tomadas de decis\u00f5es que envolvem toda a comunidade acad\u00eamica do PPGGECA, al\u00e9m de planificar os [&hellip;]<\/p>\n","protected":false},"author":1,"featured_media":0,"parent":0,"menu_order":0,"comment_status":"closed","ping_status":"closed","template":"","meta":{"_uag_custom_page_level_css":"","site-sidebar-layout":"default","site-content-layout":"","ast-site-content-layout":"","site-content-style":"default","site-sidebar-style":"default","ast-global-header-display":"","ast-banner-title-visibility":"","ast-main-header-display":"","ast-hfb-above-header-display":"","ast-hfb-below-header-display":"","ast-hfb-mobile-header-display":"","site-post-title":"","ast-breadcrumbs-content":"","ast-featured-img":"","footer-sml-layout":"","theme-transparent-header-meta":"","adv-header-id-meta":"","stick-header-meta":"","header-above-stick-meta":"","header-main-stick-meta":"","header-below-stick-meta":"","astra-migrate-meta-layouts":"default","ast-page-background-enabled":"default","ast-page-background-meta":{"desktop":{"background-color":"var(--ast-global-color-4)","background-image":"","background-repeat":"repeat","background-position":"center center","background-size":"auto","background-attachment":"scroll","background-type":"","background-media":"","overlay-type":"","overlay-color":"","overlay-opacity":"","overlay-gradient":""},"tablet":{"background-color":"","background-image":"","background-repeat":"repeat","background-position":"center center","background-size":"auto","background-attachment":"scroll","background-type":"","background-media":"","overlay-type":"","overlay-color":"","overlay-opacity":"","overlay-gradient":""},"mobile":{"background-color":"","background-image":"","background-repeat":"repeat","background-position":"center center","background-size":"auto","background-attachment":"scroll","background-type":"","background-media":"","overlay-type":"","overlay-color":"","overlay-opacity":"","overlay-gradient":""}},"ast-content-background-meta":{"desktop":{"background-color":"var(--ast-global-color-5)","background-image":"","background-repeat":"repeat","background-position":"center center","background-size":"auto","background-attachment":"scroll","background-type":"","background-media":"","overlay-type":"","overlay-color":"","overlay-opacity":"","overlay-gradient":""},"tablet":{"background-color":"var(--ast-global-color-5)","background-image":"","background-repeat":"repeat","background-position":"center center","background-size":"auto","background-attachment":"scroll","background-type":"","background-media":"","overlay-type":"","overlay-color":"","overlay-opacity":"","overlay-gradient":""},"mobile":{"background-color":"var(--ast-global-color-5)","background-image":"","background-repeat":"repeat","background-position":"center center","background-size":"auto","background-attachment":"scroll","background-type":"","background-media":"","overlay-type":"","overlay-color":"","overlay-opacity":"","overlay-gradient":""}},"footnotes":""},"class_list":["post-152","page","type-page","status-publish","hentry"],"uagb_featured_image_src":{"full":false,"thumbnail":false,"medium":false,"medium_large":false,"large":false,"1536x1536":false,"2048x2048":false},"uagb_author_info":{"display_name":"adminsites@uepa.br","author_link":"https:\/\/propesp.uepa.br\/ppgeeca\/author\/adminsitesuepa-br\/"},"uagb_comment_info":0,"uagb_excerpt":"O Programa de P\u00f3s-Gradua\u00e7\u00e3o em Educa\u00e7\u00e3o e Ensino de Ci\u00eancias na Amaz\u00f4nia (PPGEECA) da UEPA, n\u00edvel de mestrado profissional, apresenta seu Planejamento Estrat\u00e9gico (PE) com vig\u00eancia para o per\u00edodo de 2021 a 2026. O PE possui como objetivos nortear as tomadas de decis\u00f5es que envolvem toda a comunidade acad\u00eamica do PPGGECA, al\u00e9m de planificar os&hellip;","_links":{"self":[{"href":"https:\/\/propesp.uepa.br\/ppgeeca\/wp-json\/wp\/v2\/pages\/152","targetHints":{"allow":["GET"]}}],"collection":[{"href":"https:\/\/propesp.uepa.br\/ppgeeca\/wp-json\/wp\/v2\/pages"}],"about":[{"href":"https:\/\/propesp.uepa.br\/ppgeeca\/wp-json\/wp\/v2\/types\/page"}],"author":[{"embeddable":true,"href":"https:\/\/propesp.uepa.br\/ppgeeca\/wp-json\/wp\/v2\/users\/1"}],"replies":[{"embeddable":true,"href":"https:\/\/propesp.uepa.br\/ppgeeca\/wp-json\/wp\/v2\/comments?post=152"}],"version-history":[{"count":31,"href":"https:\/\/propesp.uepa.br\/ppgeeca\/wp-json\/wp\/v2\/pages\/152\/revisions"}],"predecessor-version":[{"id":3504,"href":"https:\/\/propesp.uepa.br\/ppgeeca\/wp-json\/wp\/v2\/pages\/152\/revisions\/3504"}],"wp:attachment":[{"href":"https:\/\/propesp.uepa.br\/ppgeeca\/wp-json\/wp\/v2\/media?parent=152"}],"curies":[{"name":"wp","href":"https:\/\/api.w.org\/{rel}","templated":true}]}}