{"id":64,"date":"2024-10-08T17:16:40","date_gmt":"2024-10-08T20:16:40","guid":{"rendered":"https:\/\/propesp.uepa.br\/ppgeeca\/?page_id=64"},"modified":"2025-07-23T12:22:14","modified_gmt":"2025-07-23T15:22:14","slug":"financiamentos","status":"publish","type":"page","link":"https:\/\/propesp.uepa.br\/ppgeeca\/financiamentos\/","title":{"rendered":"Financiamentos"},"content":{"rendered":"\n<h4 class=\"wp-block-heading has-text-align-left has-text-color has-link-color wp-elements-ce1411dcd2d94b164e05d40005ef2381\" style=\"color:#386d04;margin-top:var(--wp--preset--spacing--50);margin-right:var(--wp--preset--spacing--30);margin-bottom:var(--wp--preset--spacing--50);margin-left:var(--wp--preset--spacing--30);font-size:21px\"><strong>PROJETOS DE ENSINO<\/strong><\/h4>\n\n\n\n<div class=\"wp-block-uagb-separator uagb-block-3f813f65\"><div class=\"wp-block-uagb-separator__inner\" style=\"--my-background-image:\"><\/div><\/div>\n\n\n\n<p><\/p>\n\n\n\n<p class=\"has-ast-global-color-8-color has-text-color has-background has-link-color wp-elements-a0b1a06d214ab219609016578e6a690c\" style=\"background-color:#f0f6d2;margin-right:var(--wp--preset--spacing--30);margin-left:var(--wp--preset--spacing--30);font-size:21px\"><strong>Projeto:&nbsp;<\/strong>&nbsp;Forma\u00e7\u00e3o Docente: Constru\u00e7\u00e3o de Conhecimentos a partir da Produ\u00e7\u00e3o de Recurso Did\u00e1tico L\u00fadico no Ensino de Qu\u00edmica<br><br><strong>Coordenador(a):<\/strong>&nbsp;Profa. Dra. Danielle Rodrigues Monteiro da Costa<br><br><strong>Descri\u00e7\u00e3o:&nbsp;<\/strong>Esta proposta tem a finalidade de aperfei\u00e7oar a forma\u00e7\u00e3o pr\u00e1tica e cr\u00edtica do Licenciando em Qu\u00edmica da Universidade do Estado do Par\u00e1 (Campus Marab\u00e1). Ampliando as discuss\u00f5es sobre a import\u00e2ncia da did\u00e1tica e do papel docente no processo de ensino e aprendizagem e sua atua\u00e7\u00e3o no contexto escolar, possibilitando a utiliza\u00e7\u00e3o do l\u00fadico como recurso did\u00e1tico na forma\u00e7\u00e3o cr\u00edtica e reflexiva do aluno universit\u00e1rio, o que nos levar\u00e1 a uma reflex\u00e3o construtivista do processo de ensino e aprendizagem e atua\u00e7\u00e3o do docente na sala de aula, sendo toda essa discuss\u00e3o e reflex\u00e3o de extrema relev\u00e2ncia para o contexto do docente contempor\u00e2neo, pois uma das principais quest\u00f5es relacionadas \u00e0 atua\u00e7\u00e3o do professor refere-se \u00e0 rela\u00e7\u00e3o entre ensino e aprendizagem, e os tipos de metodologias utilizadas em sala de aula, fazendo-se necess\u00e1rio a verifica\u00e7\u00e3o da efic\u00e1cia e efici\u00eancia das pr\u00e1ticas docente nestes processos. Tamb\u00e9m ser\u00e1 uma oportunidade para uma reflex\u00e3o quanto a import\u00e2ncia da forma\u00e7\u00e3o continuada dos profissionais da educa\u00e7\u00e3o, no qual ser\u00e1 estimulado a continuar sua forma\u00e7\u00e3o atrav\u00e9s de um curso de p\u00f3s-gradua\u00e7\u00e3o.<br><br><strong>Apoio Financeiro:<\/strong>&nbsp;Coordena\u00e7\u00e3o de Aperfei\u00e7oamento de Pessoal de N\u00edvel Superior (Programa Resid\u00eancia Pedag\u00f3gica, Edital n\u00ba 1\/2020, Processo n\u00ba 23038.018770\/2019-03)<br><br><strong>Situa\u00e7\u00e3o:<\/strong>&nbsp;Em andamento<\/p>\n\n\n\n<p class=\"has-ast-global-color-8-color has-text-color has-background has-link-color wp-elements-772b56172f02c422b9f562335cbfc182\" style=\"background-color:#f0f6d2;margin-right:var(--wp--preset--spacing--30);margin-left:var(--wp--preset--spacing--30);font-size:21px\"><strong>Projeto:&nbsp;<\/strong>Resid\u00eancia Pedag\u00f3gica: Um Caminho Pr\u00e1tico para o Exerc\u00edcio da Doc\u00eancia com Excel\u00eancia no Ensino B\u00e1sico<br><br><strong>Coordenador(a):<\/strong>&nbsp;Prof. Dr. Jos\u00e9 Fernando Pereira Leal<br><br><strong>Descri\u00e7\u00e3o:&nbsp;<\/strong>Promover a imers\u00e3o de licenciandos do curso de Ci\u00eancias Naturais com habilita\u00e7\u00e3o em F\u00edsica nas Escolas Estaduais de Ensino Fundamental e M\u00e9dio Eduardo Angelim e Acy de Jesus Barros Pereira, localizadas no munic\u00edpio de Barcarena\/PA, por meio de a\u00e7\u00f5es de reg\u00eancia de sala de aula e interven\u00e7\u00e3o pedag\u00f3gica, e entre outras, de modo que aperfei\u00e7oe a forma\u00e7\u00e3o docente dos estudantes, a partir do desenvolvimento de suas habilidades e compet\u00eancias para prestarem um ensino de qualidade, com fortalecimento da rela\u00e7\u00e3o entre teoria e pr\u00e1tica docente de modo interdisciplinar.<br><br><strong>Apoio Financeiro:<\/strong>&nbsp;Coordena\u00e7\u00e3o de Aperfei\u00e7oamento de Pessoal de N\u00edvel Superior (Programa Resid\u00eancia Pedag\u00f3gica, Edital n\u00ba 1\/2020, Processo n\u00ba 23038.018770\/2019-03)<br><br><strong>Situa\u00e7\u00e3o:<\/strong>&nbsp;Em andamento<\/p>\n\n\n\n<p class=\"has-ast-global-color-8-color has-text-color has-background has-link-color wp-elements-1671afb379bb178e0da785ec375973ea\" style=\"background-color:#f0f6d2;margin-right:var(--wp--preset--spacing--30);margin-left:var(--wp--preset--spacing--30);font-size:21px\"><strong>Projeto:<\/strong> Resid\u00eancia Pedag\u00f3gica: Saberes Docentes e a Forma\u00e7\u00e3o de Professores de F\u00edsica no Contexto da UEPA<br><br><strong>Coordenador(a):<\/strong>&nbsp;Prof. Dr. Frederico da Silva Bicalho<br><br><strong>Descri\u00e7\u00e3o:&nbsp;<\/strong>Proporcionar reflex\u00f5es sobre o ensino das ci\u00eancias f\u00edsicas e o processo de alfabetiza\u00e7\u00e3o cient\u00edfica com o objetivo de melhorar a forma\u00e7\u00e3o dos futuros professores de f\u00edsica do estado do Par\u00e1.<br><br><strong>Apoio Financeiro:<\/strong>&nbsp;Coordena\u00e7\u00e3o de Aperfei\u00e7oamento de Pessoal de N\u00edvel Superior (Programa Resid\u00eancia Pedag\u00f3gica, Edital n\u00ba 1\/2020)<br><br><strong>Situa\u00e7\u00e3o:<\/strong>&nbsp;Em andamento<\/p>\n\n\n\n<p class=\"has-ast-global-color-8-color has-text-color has-background has-link-color wp-elements-2ed9b87250fce5f89e261018617af989\" style=\"background-color:#f0f6d2;margin-right:var(--wp--preset--spacing--30);margin-left:var(--wp--preset--spacing--30);font-size:21px\"><strong>Projeto:<\/strong> Contribui\u00e7\u00f5es Pr\u00e1ticas para o Ensino de Ci\u00eancias e Biologia como Estrat\u00e9gias de Ensino e Aprendizagem Inovadoras no Munic\u00edpio de Salvaterra-Par\u00e1<br><br><strong>Coordenador(a):<\/strong>&nbsp;Prof. Dr. Alcindo da Silva Martins Junior<br><br><strong>Descri\u00e7\u00e3o:&nbsp;<\/strong>Subprojeto aprovado a n\u00edvel institucional a ser desenvolvido de novembro de 2020 a abril de 2022, no Campus XIX da Universidade do Estado do Par\u00e1. A equipe \u00e9 formada, al\u00e9m do coordenador, por um professor preceptor, 10 alunos (8 bolsistas e 2 volunt\u00e1rios) e uma aluna de mestrado do PPG em n\u00edvel de mestrado Profissional em Educa\u00e7\u00e3o e Ensino de Ci\u00eancias na Amaz\u00f4nia. O projeto \u00e9 desenvolvido na escola Estadual de Ensino M\u00e9dio \u201cSalom\u00e3o Matos\u201d.<br><br><strong>Apoio Financeiro:<\/strong>&nbsp;Coordena\u00e7\u00e3o de Aperfei\u00e7oamento de Pessoal de N\u00edvel Superior (Programa Resid\u00eancia Pedag\u00f3gica, Edital n\u00ba 1\/2020, Processo n\u00ba 23038.018770\/2019-03)<br><br><strong>Situa\u00e7\u00e3o:<\/strong>&nbsp;Em andamento<\/p>\n\n\n\n<p class=\"has-ast-global-color-8-color has-text-color has-background has-link-color wp-elements-a9798a41de177cb5e6a5a4499dc12a5b\" style=\"background-color:#f0f6d2;margin-right:var(--wp--preset--spacing--30);margin-left:var(--wp--preset--spacing--30);font-size:21px\"><strong>Projeto:<\/strong> Metodologias Ativas de Ensino e Aprendizagem: Contribui\u00e7\u00f5es para Forma\u00e7\u00e3o de Professores de Qu\u00edmica<br><br><strong>Coordenador(a):<\/strong>&nbsp;Prof. Dr. Ronilson Freitas de Souza<br><br><strong>Descri\u00e7\u00e3o:&nbsp;<\/strong>Proporcionar aos discentes do curso de licenciatura em Qu\u00edmica do Campus UEPA-Salvaterra sua inser\u00e7\u00e3o no cotidiano das escolas p\u00fablicas de educa\u00e7\u00e3o b\u00e1sica, para o desenvolvimento de pesquisa de inicia\u00e7\u00e3o \u00e0 doc\u00eancia na vertente educacional de metodologias ativas.<br><br><strong>Apoio Financeiro:<\/strong>&nbsp;Coordena\u00e7\u00e3o de Aperfei\u00e7oamento de Pessoal de N\u00edvel Superior (Programa institucional de bolsas de inicia\u00e7\u00e3o \u00e0 doc\u00eancia \u2013 PIBID, Edital n\u00ba 2\/2020, Processo n\u00ba 23038.018672\/2019-68)<br><br><strong>Situa\u00e7\u00e3o:<\/strong>&nbsp;Em andamento<\/p>\n\n\n\n<p class=\"has-ast-global-color-8-color has-text-color has-background has-link-color wp-elements-9b148a6c39a7cb8fee55a7aaa231a308\" style=\"background-color:#f0f6d2;margin-right:var(--wp--preset--spacing--30);margin-left:var(--wp--preset--spacing--30);font-size:21px\"><strong>Projeto:<\/strong> Pr\u00e1xis Profissional: Uma Constru\u00e7\u00e3o Colaborativa na Interface Universidade-Escola no \u00c2mbito do Subprojeto PIBID-Qu\u00edmica (Portaria: n\u00ba 2070\/21)<br><br><strong>Coordenador(a):<\/strong>&nbsp;Profa. Dra. Lucicl\u00e9ia Pereira da Silva<br><br><strong>Descri\u00e7\u00e3o:&nbsp;<\/strong>Um dos principais objetivos do Programa Institucional de Bolsas de Inicia\u00e7\u00e3o \u00e0 Doc\u00eancia (PIBID) refere-se \u00e0 constru\u00e7\u00e3o de saberes inerentes \u00e0 doc\u00eancia pelos bolsistas pibidianos. Os estudantes s\u00e3o orientados desde o planejamento at\u00e9 aplica\u00e7\u00e3o de atividades remotas, explorando o potencial de tecnologias digitais de comunica\u00e7\u00e3o e informa\u00e7\u00e3o (TDIC) como podcasts, jogos, produ\u00e7\u00e3o de v\u00eddeos com experimentos demonstrativos e visitas virtuais no Centro de Ci\u00eancias e Planet\u00e1rio do Par\u00e1.<br><br><strong>Apoio Financeiro:<\/strong>&nbsp;Coordena\u00e7\u00e3o de Aperfei\u00e7oamento de Pessoal de N\u00edvel Superior (Programa institucional de bolsas de inicia\u00e7\u00e3o \u00e0 doc\u00eancia \u2013 PIBID, Edital n\u00ba 2\/2020)<br><br><strong>Situa\u00e7\u00e3o:<\/strong>&nbsp;Em andamento<\/p>\n\n\n\n<h4 class=\"wp-block-heading has-text-align-left has-text-color has-link-color wp-elements-7b874589e829d1de17a0770a50e2e07d\" style=\"color:#386d04;margin-top:var(--wp--preset--spacing--50);margin-right:var(--wp--preset--spacing--30);margin-bottom:var(--wp--preset--spacing--50);margin-left:var(--wp--preset--spacing--30);font-size:21px\"><strong>PROJETOS DE PESQUISA<\/strong><\/h4>\n\n\n\n<div class=\"wp-block-uagb-separator uagb-block-8dfd1cc8\"><div class=\"wp-block-uagb-separator__inner\" style=\"--my-background-image:\"><\/div><\/div>\n\n\n\n<p><\/p>\n\n\n\n<p class=\"has-ast-global-color-8-color has-text-color has-background has-link-color wp-elements-157e629e510fd3a8f2105307ff59ca47\" style=\"background-color:#f0f6d2;margin-right:var(--wp--preset--spacing--30);margin-left:var(--wp--preset--spacing--30);font-size:21px\"><strong>Projeto:<\/strong> Ci\u00eancia Dentro e Fora da Escola: Di\u00e1logos entre Escola e Espa\u00e7os de Educa\u00e7\u00e3o N\u00e3o Formal<br><br><strong>Coordenador(a):<\/strong>&nbsp;Profa. Dra. Sinaida Maria Vasconcelos<br><br><strong>Apoio Financeiro:<\/strong>&nbsp;CNPQ\/Chamada MCTIC\/CNPq 05\/2019 \u2013 Programa Ci\u00eancia&nbsp;na Escola<br><br><strong>Situa\u00e7\u00e3o:<\/strong>&nbsp;Em andamento<\/p>\n\n\n\n<p class=\"has-ast-global-color-8-color has-text-color has-background has-link-color wp-elements-bce7a7b2d2de6795ff34716770baaed5\" style=\"background-color:#f0f6d2;margin-right:var(--wp--preset--spacing--30);margin-left:var(--wp--preset--spacing--30);font-size:21px\"><strong>Projeto:<\/strong> A Aprendizagem Baseada em Projetos Interdisciplinares: um M\u00e9todo de Aprendizagem Inovador para o Ensino Educativo de Qu\u00edmica<br><br><strong>Coordenador(a):<\/strong> Prof. Dr. Ronilson Freitas de Souza<br><br><strong>Apoio Financeiro:<\/strong>&nbsp;Coopera\u00e7\u00e3o T\u00e9cnica e Financeira FAPESPA\/UEPA N\u00ba&nbsp;002\/2016 (Di\u00e1rio Oficial do Estado do Par\u00e1, no N\u00ba 33.280 do dia 28\/12\/2016, p\u00e1gina 65)<br><br><strong>Situa\u00e7\u00e3o:<\/strong>&nbsp;Em andamento<\/p>\n\n\n\n<p class=\"has-ast-global-color-8-color has-text-color has-background has-link-color wp-elements-48b95dbbb6d3af3d9cfeac96091a3ae4\" style=\"background-color:#f0f6d2;margin-right:var(--wp--preset--spacing--30);margin-left:var(--wp--preset--spacing--30);font-size:21px\"><strong>Projeto:<\/strong> Ensino de Ci\u00eancias Naturais: Articulando Saberes por Meio de Projetos Interdisciplinares<br><br><strong>Coordenador(a):<\/strong> Prof. Dr. Ronilson Freitas de Souza<br><br><strong>Apoio Financeiro:<\/strong>&nbsp;CNPQ\/Chamada MCTIC\/CNPq&nbsp;05\/2019 \u2013 Programa Ci\u00eancia na Escola<br><br><strong>Situa\u00e7\u00e3o:<\/strong>&nbsp;Em andamento<\/p>\n\n\n\n<p class=\"has-ast-global-color-8-color has-text-color has-background has-link-color wp-elements-3f2c5fa62e8777c30e2d4199c3c876ed\" style=\"background-color:#f0f6d2;margin-right:var(--wp--preset--spacing--30);margin-left:var(--wp--preset--spacing--30);font-size:21px\"><strong>Projeto:<\/strong> Educa\u00e7\u00e3o em Ci\u00eancias e Matem\u00e1tica: Produ\u00e7\u00e3o em Rede de Conhecimentos&nbsp;para a Pesquisa e o Ensino<br><br><strong>Coordenador(a):<\/strong> Profa. Dra. Danielle Rodrigues Monteiro da Costa<br><br><strong>Apoio Financeiro:<\/strong>&nbsp;Coordena\u00e7\u00e3o de Aperfei\u00e7oamento de Pessoal de N\u00edvel Superior \u2013 PROCAD\/Amaz\u00f4nia<br><br><strong>Situa\u00e7\u00e3o:<\/strong>&nbsp;Em andamento<\/p>\n\n\n\n<h4 class=\"wp-block-heading has-text-align-left has-text-color has-link-color wp-elements-ba353b80aa946f403a7f2f742f00c441\" style=\"color:#386d04;margin-top:var(--wp--preset--spacing--50);margin-right:var(--wp--preset--spacing--30);margin-bottom:var(--wp--preset--spacing--50);margin-left:var(--wp--preset--spacing--30);font-size:21px\"><strong>PROJETOS DE EXTENS\u00c3O<\/strong><\/h4>\n\n\n\n<div class=\"wp-block-uagb-separator uagb-block-c0142430\"><div class=\"wp-block-uagb-separator__inner\" style=\"--my-background-image:\"><\/div><\/div>\n\n\n\n<p><\/p>\n\n\n\n<p class=\"has-ast-global-color-8-color has-text-color has-background has-link-color wp-elements-4d170d08ff0c23660f8e982e522ac384\" style=\"background-color:#f0f6d2;margin-right:var(--wp--preset--spacing--30);margin-left:var(--wp--preset--spacing--30);font-size:21px\"><strong>Projeto:<\/strong> II Semana de Ci\u00eancia e Tecnologia do Centro de Ci\u00eancias e Planet\u00e1rio do&nbsp;Par\u00e1<br><br><strong>Coordenador(a):<\/strong> Profa. Dra. Sinaida Maria Vasconcelos<br><br><strong>Apoio Financeiro:<\/strong>&nbsp;CNPQ\/ Chamada MCTIC\/CNPq 09\/2019 \u2013 &nbsp;Semana&nbsp;Nacional de Ci\u00eancia e Tecnologia<br><br><strong>Situa\u00e7\u00e3o:<\/strong>&nbsp;Em andamento<\/p>\n\n\n\n<p class=\"has-ast-global-color-8-color has-text-color has-background has-link-color wp-elements-c91260e2acb6d898d60f0b3489498c20\" style=\"background-color:#f0f6d2;margin-right:var(--wp--preset--spacing--30);margin-left:var(--wp--preset--spacing--30);font-size:21px\"><strong>Projeto:<\/strong> Programa Ci\u00eancia Itinerante na Ilha de Maraj\u00f3-PA<br><br><strong>Coordenador(a):<\/strong> Prof. Dr. Ronilson Freitas de Souza<br><br><strong>Apoio Financeiro:<\/strong>&nbsp;Chamada 065\/2018 \u2013 UEPA\/PROEX<br><br><strong>Situa\u00e7\u00e3o:<\/strong>&nbsp;Em andamento<\/p>\n\n\n\n<p class=\"has-ast-global-color-8-color has-text-color has-background has-link-color wp-elements-e9fb83e61949e1be077d00b48393b64d\" style=\"background-color:#f0f6d2;margin-right:var(--wp--preset--spacing--30);margin-left:var(--wp--preset--spacing--30);font-size:21px\"><strong>Projeto:<\/strong> Jardim Sensorial: Acessibilidade, Divulga\u00e7\u00e3o e Populariza\u00e7\u00e3o da Ci\u00eancia, Tecnologia e Inova\u00e7\u00e3o (CT&amp;I) no Centro de Ci\u00eancias e Planet\u00e1rio do Par\u00e1<br><br><strong>Coordenadoras:<\/strong> Profa. Dra. Bianca Venturieri e Profa. Dra. Ivanete Maria Barroso Moreira<br><br><strong>Apoio Financeiro:<\/strong>&nbsp;Centro de Ci\u00eancias e Planet\u00e1rio do Par\u00e1 e Embrapa Amaz\u00f4nia Oriental (Acordo de Coopera\u00e7\u00e3o T\u00e9cnica SEI 21159.000702\/2020-11, SAIC 22500.21\/0010-3)<br><br><strong>Situa\u00e7\u00e3o:<\/strong>&nbsp;Em andamento<\/p>\n\n\n\n<p class=\"has-ast-global-color-8-color has-text-color has-background has-link-color wp-elements-024db6aac779d6d01a36b2baf20b26ae\" style=\"background-color:#f0f6d2;margin-right:var(--wp--preset--spacing--30);margin-left:var(--wp--preset--spacing--30);font-size:21px\"><strong>Projeto:<\/strong> Intervalo da Ci\u00eancia<br><br><strong>Coordenador(a):<\/strong> Profa. Dra. In\u00eas Trevisan<br><br><strong>Descri\u00e7\u00e3o:<\/strong>&nbsp;Divulgar o conhecimento cient\u00edfico adquirido na universidade por meio do desenvolvimento de atividades interativas no contexto escolar; e promover a educa\u00e7\u00e3o cient\u00edfica nas escolas p\u00fablicas, por meio da experimenta\u00e7\u00e3o interativa no momento do intervalo escolar, instigando os participantes a manipula\u00e7\u00e3o de instrumentos e\/ou prot\u00f3tipos, a verbaliza\u00e7\u00e3o de suas ideias e sistematiza\u00e7\u00e3o de argumentos.<br><br><strong>Apoio Financeiro:<\/strong>&nbsp;Chamada 065\/2018 \u2013 UEPA\/PROEX<br><br><strong>Situa\u00e7\u00e3o:<\/strong>&nbsp;Em andamento<\/p>\n","protected":false},"excerpt":{"rendered":"<p>PROJETOS DE ENSINO Projeto:&nbsp;&nbsp;Forma\u00e7\u00e3o Docente: Constru\u00e7\u00e3o de Conhecimentos a partir da Produ\u00e7\u00e3o de Recurso Did\u00e1tico L\u00fadico no Ensino de Qu\u00edmica Coordenador(a):&nbsp;Profa. Dra. Danielle Rodrigues Monteiro da Costa Descri\u00e7\u00e3o:&nbsp;Esta proposta tem a finalidade de aperfei\u00e7oar a forma\u00e7\u00e3o pr\u00e1tica e cr\u00edtica do Licenciando em Qu\u00edmica da Universidade do Estado do Par\u00e1 (Campus Marab\u00e1). Ampliando as discuss\u00f5es sobre [&hellip;]<\/p>\n","protected":false},"author":1,"featured_media":0,"parent":0,"menu_order":0,"comment_status":"closed","ping_status":"closed","template":"","meta":{"_uag_custom_page_level_css":"","site-sidebar-layout":"default","site-content-layout":"","ast-site-content-layout":"","site-content-style":"default","site-sidebar-style":"default","ast-global-header-display":"","ast-banner-title-visibility":"","ast-main-header-display":"","ast-hfb-above-header-display":"","ast-hfb-below-header-display":"","ast-hfb-mobile-header-display":"","site-post-title":"","ast-breadcrumbs-content":"","ast-featured-img":"","footer-sml-layout":"","theme-transparent-header-meta":"","adv-header-id-meta":"","stick-header-meta":"","header-above-stick-meta":"","header-main-stick-meta":"","header-below-stick-meta":"","astra-migrate-meta-layouts":"default","ast-page-background-enabled":"default","ast-page-background-meta":{"desktop":{"background-color":"var(--ast-global-color-4)","background-image":"","background-repeat":"repeat","background-position":"center center","background-size":"auto","background-attachment":"scroll","background-type":"","background-media":"","overlay-type":"","overlay-color":"","overlay-opacity":"","overlay-gradient":""},"tablet":{"background-color":"","background-image":"","background-repeat":"repeat","background-position":"center center","background-size":"auto","background-attachment":"scroll","background-type":"","background-media":"","overlay-type":"","overlay-color":"","overlay-opacity":"","overlay-gradient":""},"mobile":{"background-color":"","background-image":"","background-repeat":"repeat","background-position":"center center","background-size":"auto","background-attachment":"scroll","background-type":"","background-media":"","overlay-type":"","overlay-color":"","overlay-opacity":"","overlay-gradient":""}},"ast-content-background-meta":{"desktop":{"background-color":"var(--ast-global-color-5)","background-image":"","background-repeat":"repeat","background-position":"center center","background-size":"auto","background-attachment":"scroll","background-type":"","background-media":"","overlay-type":"","overlay-color":"","overlay-opacity":"","overlay-gradient":""},"tablet":{"background-color":"var(--ast-global-color-5)","background-image":"","background-repeat":"repeat","background-position":"center center","background-size":"auto","background-attachment":"scroll","background-type":"","background-media":"","overlay-type":"","overlay-color":"","overlay-opacity":"","overlay-gradient":""},"mobile":{"background-color":"var(--ast-global-color-5)","background-image":"","background-repeat":"repeat","background-position":"center center","background-size":"auto","background-attachment":"scroll","background-type":"","background-media":"","overlay-type":"","overlay-color":"","overlay-opacity":"","overlay-gradient":""}},"footnotes":""},"class_list":["post-64","page","type-page","status-publish","hentry"],"uagb_featured_image_src":{"full":false,"thumbnail":false,"medium":false,"medium_large":false,"large":false,"1536x1536":false,"2048x2048":false},"uagb_author_info":{"display_name":"adminsites@uepa.br","author_link":"https:\/\/propesp.uepa.br\/ppgeeca\/author\/adminsitesuepa-br\/"},"uagb_comment_info":0,"uagb_excerpt":"PROJETOS DE ENSINO Projeto:&nbsp;&nbsp;Forma\u00e7\u00e3o Docente: Constru\u00e7\u00e3o de Conhecimentos a partir da Produ\u00e7\u00e3o de Recurso Did\u00e1tico L\u00fadico no Ensino de Qu\u00edmica Coordenador(a):&nbsp;Profa. Dra. Danielle Rodrigues Monteiro da Costa Descri\u00e7\u00e3o:&nbsp;Esta proposta tem a finalidade de aperfei\u00e7oar a forma\u00e7\u00e3o pr\u00e1tica e cr\u00edtica do Licenciando em Qu\u00edmica da Universidade do Estado do Par\u00e1 (Campus Marab\u00e1). Ampliando as discuss\u00f5es sobre&hellip;","_links":{"self":[{"href":"https:\/\/propesp.uepa.br\/ppgeeca\/wp-json\/wp\/v2\/pages\/64","targetHints":{"allow":["GET"]}}],"collection":[{"href":"https:\/\/propesp.uepa.br\/ppgeeca\/wp-json\/wp\/v2\/pages"}],"about":[{"href":"https:\/\/propesp.uepa.br\/ppgeeca\/wp-json\/wp\/v2\/types\/page"}],"author":[{"embeddable":true,"href":"https:\/\/propesp.uepa.br\/ppgeeca\/wp-json\/wp\/v2\/users\/1"}],"replies":[{"embeddable":true,"href":"https:\/\/propesp.uepa.br\/ppgeeca\/wp-json\/wp\/v2\/comments?post=64"}],"version-history":[{"count":41,"href":"https:\/\/propesp.uepa.br\/ppgeeca\/wp-json\/wp\/v2\/pages\/64\/revisions"}],"predecessor-version":[{"id":4030,"href":"https:\/\/propesp.uepa.br\/ppgeeca\/wp-json\/wp\/v2\/pages\/64\/revisions\/4030"}],"wp:attachment":[{"href":"https:\/\/propesp.uepa.br\/ppgeeca\/wp-json\/wp\/v2\/media?parent=64"}],"curies":[{"name":"wp","href":"https:\/\/api.w.org\/{rel}","templated":true}]}}