{"id":439,"date":"2021-06-02T14:49:56","date_gmt":"2021-06-02T17:49:56","guid":{"rendered":"https:\/\/propesp.uepa.br\/ppgell\/?page_id=439"},"modified":"2024-09-23T18:07:27","modified_gmt":"2024-09-23T21:07:27","slug":"colegiado","status":"publish","type":"page","link":"https:\/\/propesp.uepa.br\/ppgell\/colegiado\/","title":{"rendered":"Colegiado"},"content":{"rendered":"\n<div class=\"wp-block-uagb-container uagb-block-2c9087a6 alignfull uagb-is-root-container\"><div class=\"uagb-container-inner-blocks-wrap\">\n<p style=\"margin-top:30px;margin-bottom:0px\">O colegiado foi designado pela portaria n\u00b0 141\/2019 GD\/CCSE de 25 de mar\u00e7o de 2019.<\/p>\n\n\n\n<p class=\"has-text-align-left text-align-justify\"> No Programa de P\u00f3s-Gradua\u00e7\u00e3o em Ensino de L\u00edngua Portuguesa e suas respectivas literaturas, em n\u00edvel Stricto Sensu, ser\u00e1 institu\u00eddo o Colegiado de Mestrado, que ser\u00e1 respons\u00e1vel por coordenar, supervisionar e avaliar todas as atividades do curso. Suas atribui\u00e7\u00f5es incluem a gest\u00e3o do or\u00e7amento, aprova\u00e7\u00e3o de programas e disciplinas, credenciamento de professores, e a defini\u00e7\u00e3o de crit\u00e9rios de sele\u00e7\u00e3o para novos alunos. O Colegiado tamb\u00e9m prop\u00f5e conv\u00eanios com outras institui\u00e7\u00f5es e acompanha o desempenho acad\u00eamico dos alunos, realizando reuni\u00f5es mensais para deliberar sobre quest\u00f5es administrativas e acad\u00eamicas.<\/p>\n<\/div><\/div>\n\n\n\n<div class=\"wp-block-uagb-container uagb-block-f6919dd9 alignfull uagb-is-root-container\"><div class=\"uagb-container-inner-blocks-wrap\">\n<div class=\"wp-block-uagb-advanced-heading uagb-block-134303ef\"><h2 class=\"uagb-heading-text\">Portaria do Colegiado<\/h2><div class=\"uagb-separator\"><\/div><\/div>\n\n\n\n<div class=\"wp-block-buttons is-content-justification-center is-layout-flex wp-container-core-buttons-is-layout-1 wp-block-buttons-is-layout-flex\" style=\"margin-top:-10px;margin-bottom:-10px\">\n<div class=\"wp-block-button\"><a class=\"wp-block-button__link wp-element-button\" href=\"https:\/\/propesp.uepa.br\/ppgell\/wp-content\/uploads\/2019\/11\/Portaria-1492019-GBCCSE-25032019.pdf\" style=\"border-radius:5px\" target=\"_blank\" rel=\"noreferrer noopener\">Portaria &#8211; 2019 a 2020<\/a><\/div>\n\n\n\n<div class=\"wp-block-button\"><a class=\"wp-block-button__link wp-element-button\" href=\"https:\/\/propesp.uepa.br\/ppgell\/wp-content\/uploads\/2022\/01\/Portaria-colegiado-2021.pdf\" style=\"border-radius:5px\" target=\"_blank\" rel=\"noreferrer noopener\">Portaria &#8211; 2021 a 2023<\/a><\/div>\n\n\n\n<div class=\"wp-block-button\"><a class=\"wp-block-button__link wp-element-button\" href=\"https:\/\/propesp.uepa.br\/ppgell\/wp-content\/uploads\/2024\/08\/PORTARIA-COLEGIADO-2024.pdf\" style=\"border-radius:5px\" target=\"_blank\" rel=\"noreferrer noopener\">Portaria &#8211; 2024<\/a><\/div>\n<\/div>\n<\/div><\/div>\n\n\n\n<div class=\"wp-block-uagb-container uagb-block-b50ec733 alignfull uagb-is-root-container\"><div class=\"uagb-container-inner-blocks-wrap\">\n<div class=\"wp-block-uagb-advanced-heading uagb-block-b0ed73a0\"><h2 class=\"uagb-heading-text\">Membros do Colegiado do PPGELL<\/h2><div class=\"uagb-separator\"><\/div><\/div>\n\n\n\n<div class=\"wp-block-uagb-content-timeline uagb-timeline__outer-wrap uagb-block-b44ed458-f9a8-451a-a474-dbb5e583e0ba uagb-timeline__content-wrap uagb-timeline__center-block  uagb-timeline__arrow-center uagb-timeline\">\n<article class=\"wp-block-uagb-content-timeline-child uagb-timeline__field uagb-timeline-child-f83f76b3-5414-4479-93f8-f65d882f69bd uagb-timeline__right uagb-timeline__field-wrap\"><div class=\"uagb-timeline__marker out-view-uagb-timeline__icon\"><svg xmlns=\"\" viewBox=\"0 0 256 512\"><\/svg><\/div><div class=\"uagb-timeline__day-new uagb-timeline__day-right uagb-timeline__events-inner-new\"><div class=\"uagb-timeline__events-inner--content\"><h4 class=\"uagb-timeline__heading\"><strong>2024\/2026<\/strong><\/h4><p class=\"uagb-timeline-desc-content\">Prof\u00aa.Dr\u00aa. Elisa Maria Pinheiro de Souza (Presidente)<br>Prof\u00aa. Dr\u00aa.Raphael Bessa Ferreira<br>Prof\u00aa. Dr\u00aa. Eliete de Jesus Bararu\u00e1 Solano<br>Prof. Dr. Marco Antonio da Costa Camelo<br>Prof\u00aa. Dr\u00aa. Maria do Perpetuo Socorro Cardoso da Silva<br>Prof\u00aa. Dr\u00aa. Valeria Cristian Soares Ramos da Silva<br>Claudia Catarina Oliveira Da Paz &#8211; Representante discente<br>Vivian de Sousa Costa &#8211; Vice-representante discente<\/p><div class=\"uagb-timeline__arrow\"><\/div><\/div><\/div><div class=\"uagb-timeline__date-new\"><\/div><\/article>\n\n\n\n<article class=\"wp-block-uagb-content-timeline-child uagb-timeline__field uagb-timeline-child-3b8a792f uagb-timeline__left uagb-timeline__field-wrap\"><div class=\"uagb-timeline__marker out-view-uagb-timeline__icon\"><svg xmlns=\"\" viewBox=\"0 0 256 512\"><\/svg><\/div><div class=\"uagb-timeline__day-new uagb-timeline__day-left uagb-timeline__events-inner-new\"><div class=\"uagb-timeline__events-inner--content\"><h4 class=\"uagb-timeline__heading\"><strong>2021\/2023<\/strong><\/h4><p class=\"uagb-timeline-desc-content\">Prof\u00aa.Dr\u00aa. Elisa Maria Pinheiro da Souza<br>Prof\u00aa. Dr\u00aa. Eliete de Jesus Bararu\u00e1 Solano<br>Prof. Dr. Marco Ant\u00f4nio da Costa Camelo<br>Prof\u00aa. Dr\u00aa. Maria do Perp\u00e9tuo Socorro Cardoso da Silva<br>Prof. Dr. Paulo Murilo Guereiro do Amaral<br>Prof\u00aa. Dr\u00aa. Val\u00e9ria Cr\u00edstian Soares Ramos da Silva<br>Wanne Karolinne Souza de Miranda &#8211; discente<br>S\u00f4nia Maria Correa do Amaral &#8211; discente<\/p><div class=\"uagb-timeline__arrow\"><\/div><\/div><\/div><div class=\"uagb-timeline__date-new\"><\/div><\/article>\n\n\n\n<article class=\"wp-block-uagb-content-timeline-child uagb-timeline__field uagb-timeline-child-82881fcf-0081-49dc-b583-ea8cbc5e0442 uagb-timeline__right uagb-timeline__field-wrap\"><div class=\"uagb-timeline__marker out-view-uagb-timeline__icon\"><svg xmlns=\"\" viewBox=\"0 0 256 512\"><\/svg><\/div><div class=\"uagb-timeline__day-new uagb-timeline__day-right uagb-timeline__events-inner-new\"><div class=\"uagb-timeline__events-inner--content\"><h4 class=\"uagb-timeline__heading\"><strong>2019\/2020<\/strong><\/h4><p class=\"uagb-timeline-desc-content\">Prof\u00aa.Dr\u00aa. Elisa Maria Pinheiro da Souza<br>Prof. Dr. Ednalvo Ap\u00f3stolo Campos<br>Prof. Dr. Marco Ant\u00f4nio da Costa Camelo<br>Prof. Dr. Paulo Murilo Guereiro do Amaral<br>Fab\u00edola Regina Damasceno dos Santos &#8211; discente<br>Isaias Lima Silva &#8211; discente<\/p><div class=\"uagb-timeline__arrow\"><\/div><\/div><\/div><div class=\"uagb-timeline__date-new\"><\/div><\/article>\n<div class=\"uagb-timeline__line\"><div class=\"uagb-timeline__line__inner\"><\/div><\/div><\/div>\n<\/div><\/div>\n","protected":false},"excerpt":{"rendered":"<p>O colegiado foi designado pela portaria n\u00b0 141\/2019 GD\/CCSE de 25 de mar\u00e7o de 2019. No Programa de P\u00f3s-Gradua\u00e7\u00e3o em Ensino de L\u00edngua Portuguesa e suas respectivas literaturas, em n\u00edvel Stricto Sensu, ser\u00e1 institu\u00eddo o Colegiado de Mestrado, que ser\u00e1 respons\u00e1vel por coordenar, supervisionar e avaliar todas as atividades do curso. Suas atribui\u00e7\u00f5es incluem a &hellip;<\/p>\n<p class=\"read-more\"> <a class=\"\" href=\"https:\/\/propesp.uepa.br\/ppgell\/colegiado\/\"> <span class=\"screen-reader-text\">Colegiado<\/span> Leia mais &raquo;<\/a><\/p>\n","protected":false},"author":2,"featured_media":0,"parent":0,"menu_order":0,"comment_status":"closed","ping_status":"closed","template":"","meta":{"_uag_custom_page_level_css":"","site-sidebar-layout":"default","site-content-layout":"","ast-site-content-layout":"default","site-content-style":"default","site-sidebar-style":"default","ast-global-header-display":"","ast-banner-title-visibility":"","ast-main-header-display":"","ast-hfb-above-header-display":"","ast-hfb-below-header-display":"","ast-hfb-mobile-header-display":"","site-post-title":"","ast-breadcrumbs-content":"","ast-featured-img":"","footer-sml-layout":"","theme-transparent-header-meta":"","adv-header-id-meta":"","stick-header-meta":"","header-above-stick-meta":"","header-main-stick-meta":"","header-below-stick-meta":"","astra-migrate-meta-layouts":"set","ast-page-background-enabled":"default","ast-page-background-meta":{"desktop":{"background-color":"var(--ast-global-color-4)","background-image":"","background-repeat":"repeat","background-position":"center center","background-size":"auto","background-attachment":"scroll","background-type":"","background-media":"","overlay-type":"","overlay-color":"","overlay-gradient":""},"tablet":{"background-color":"","background-image":"","background-repeat":"repeat","background-position":"center center","background-size":"auto","background-attachment":"scroll","background-type":"","background-media":"","overlay-type":"","overlay-color":"","overlay-gradient":""},"mobile":{"background-color":"","background-image":"","background-repeat":"repeat","background-position":"center center","background-size":"auto","background-attachment":"scroll","background-type":"","background-media":"","overlay-type":"","overlay-color":"","overlay-gradient":""}},"ast-content-background-meta":{"desktop":{"background-color":"var(--ast-global-color-5)","background-image":"","background-repeat":"repeat","background-position":"center center","background-size":"auto","background-attachment":"scroll","background-type":"","background-media":"","overlay-type":"","overlay-color":"","overlay-gradient":""},"tablet":{"background-color":"var(--ast-global-color-5)","background-image":"","background-repeat":"repeat","background-position":"center center","background-size":"auto","background-attachment":"scroll","background-type":"","background-media":"","overlay-type":"","overlay-color":"","overlay-gradient":""},"mobile":{"background-color":"var(--ast-global-color-5)","background-image":"","background-repeat":"repeat","background-position":"center center","background-size":"auto","background-attachment":"scroll","background-type":"","background-media":"","overlay-type":"","overlay-color":"","overlay-gradient":""}},"footnotes":""},"class_list":["post-439","page","type-page","status-publish","hentry"],"uagb_featured_image_src":{"full":false,"thumbnail":false,"medium":false,"medium_large":false,"large":false,"1536x1536":false,"2048x2048":false},"uagb_author_info":{"display_name":"jamily@uepa.br","author_link":"https:\/\/propesp.uepa.br\/ppgell\/author\/jamilyuepa-br\/"},"uagb_comment_info":0,"uagb_excerpt":"O colegiado foi designado pela portaria n\u00b0 141\/2019 GD\/CCSE de 25 de mar\u00e7o de 2019. No Programa de P\u00f3s-Gradua\u00e7\u00e3o em Ensino de L\u00edngua Portuguesa e suas respectivas literaturas, em n\u00edvel Stricto Sensu, ser\u00e1 institu\u00eddo o Colegiado de Mestrado, que ser\u00e1 respons\u00e1vel por coordenar, supervisionar e avaliar todas as atividades do curso. Suas atribui\u00e7\u00f5es incluem a&hellip;","_links":{"self":[{"href":"https:\/\/propesp.uepa.br\/ppgell\/wp-json\/wp\/v2\/pages\/439"}],"collection":[{"href":"https:\/\/propesp.uepa.br\/ppgell\/wp-json\/wp\/v2\/pages"}],"about":[{"href":"https:\/\/propesp.uepa.br\/ppgell\/wp-json\/wp\/v2\/types\/page"}],"author":[{"embeddable":true,"href":"https:\/\/propesp.uepa.br\/ppgell\/wp-json\/wp\/v2\/users\/2"}],"replies":[{"embeddable":true,"href":"https:\/\/propesp.uepa.br\/ppgell\/wp-json\/wp\/v2\/comments?post=439"}],"version-history":[{"count":29,"href":"https:\/\/propesp.uepa.br\/ppgell\/wp-json\/wp\/v2\/pages\/439\/revisions"}],"predecessor-version":[{"id":1905,"href":"https:\/\/propesp.uepa.br\/ppgell\/wp-json\/wp\/v2\/pages\/439\/revisions\/1905"}],"wp:attachment":[{"href":"https:\/\/propesp.uepa.br\/ppgell\/wp-json\/wp\/v2\/media?parent=439"}],"curies":[{"name":"wp","href":"https:\/\/api.w.org\/{rel}","templated":true}]}}

<div class="wp-block-uagb-container uagb-block-2c9087a6 alignfull uagb-is-root-container"><div class="uagb-container-inner-blocks-wrap">
<p style="margin-top:30px;margin-bottom:0px">O colegiado foi designado pela portaria n° 141/2019 GD/CCSE de 25 de março de 2019.</p>



<p class="has-text-align-left text-align-justify"> No Programa de Pós-Graduação em Ensino de Língua Portuguesa e suas respectivas literaturas, em nível Stricto Sensu, será instituído o Colegiado de Mestrado, que será responsável por coordenar, supervisionar e avaliar todas as atividades do curso. Suas atribuições incluem a gestão do orçamento, aprovação de programas e disciplinas, credenciamento de professores, e a definição de critérios de seleção para novos alunos. O Colegiado também propõe convênios com outras instituições e acompanha o desempenho acadêmico dos alunos, realizando reuniões mensais para deliberar sobre questões administrativas e acadêmicas.</p>
</div></div>



<div class="wp-block-uagb-container uagb-block-f6919dd9 alignfull uagb-is-root-container"><div class="uagb-container-inner-blocks-wrap">
<div class="wp-block-uagb-advanced-heading uagb-block-134303ef"><h2 class="uagb-heading-text">Portaria do Colegiado</h2><div class="uagb-separator"></div></div>



<div class="wp-block-buttons is-content-justification-center is-layout-flex wp-container-core-buttons-is-layout-1 wp-block-buttons-is-layout-flex" style="margin-top:-10px;margin-bottom:-10px">
<div class="wp-block-button"><a class="wp-block-button__link wp-element-button" href="https://propesp.uepa.br/ppgell/wp-content/uploads/2019/11/Portaria-1492019-GBCCSE-25032019.pdf" style="border-radius:5px" target="_blank" rel="noreferrer noopener">Portaria &#8211; 2019 a 2020</a></div>



<div class="wp-block-button"><a class="wp-block-button__link wp-element-button" href="https://propesp.uepa.br/ppgell/wp-content/uploads/2022/01/Portaria-colegiado-2021.pdf" style="border-radius:5px" target="_blank" rel="noreferrer noopener">Portaria &#8211; 2021 a 2023</a></div>



<div class="wp-block-button"><a class="wp-block-button__link wp-element-button" href="https://propesp.uepa.br/ppgell/wp-content/uploads/2024/08/PORTARIA-COLEGIADO-2024.pdf" style="border-radius:5px" target="_blank" rel="noreferrer noopener">Portaria &#8211; 2024</a></div>
</div>
</div></div>



<div class="wp-block-uagb-container uagb-block-b50ec733 alignfull uagb-is-root-container"><div class="uagb-container-inner-blocks-wrap">
<div class="wp-block-uagb-advanced-heading uagb-block-b0ed73a0"><h2 class="uagb-heading-text">Membros do Colegiado do PPGELL</h2><div class="uagb-separator"></div></div>



<div class="wp-block-uagb-content-timeline uagb-timeline__outer-wrap uagb-block-b44ed458-f9a8-451a-a474-dbb5e583e0ba uagb-timeline__content-wrap uagb-timeline__center-block  uagb-timeline__arrow-center uagb-timeline">
<article class="wp-block-uagb-content-timeline-child uagb-timeline__field uagb-timeline-child-f83f76b3-5414-4479-93f8-f65d882f69bd uagb-timeline__right uagb-timeline__field-wrap"><div class="uagb-timeline__marker out-view-uagb-timeline__icon"><svg xmlns="" viewBox="0 0 256 512"></svg></div><div class="uagb-timeline__day-new uagb-timeline__day-right uagb-timeline__events-inner-new"><div class="uagb-timeline__events-inner--content"><h4 class="uagb-timeline__heading"><strong>2024/2026</strong></h4><p class="uagb-timeline-desc-content">Profª.Drª. Elisa Maria Pinheiro de Souza (Presidente)<br>Profª. Drª.Raphael Bessa Ferreira<br>Profª. Drª. Eliete de Jesus Bararuá Solano<br>Prof. Dr. Marco Antonio da Costa Camelo<br>Profª. Drª. Maria do Perpetuo Socorro Cardoso da Silva<br>Profª. Drª. Valeria Cristian Soares Ramos da Silva<br>Claudia Catarina Oliveira Da Paz &#8211; Representante discente<br>Vivian de Sousa Costa &#8211; Vice-representante discente</p><div class="uagb-timeline__arrow"></div></div></div><div class="uagb-timeline__date-new"></div></article>



<article class="wp-block-uagb-content-timeline-child uagb-timeline__field uagb-timeline-child-3b8a792f uagb-timeline__left uagb-timeline__field-wrap"><div class="uagb-timeline__marker out-view-uagb-timeline__icon"><svg xmlns="" viewBox="0 0 256 512"></svg></div><div class="uagb-timeline__day-new uagb-timeline__day-left uagb-timeline__events-inner-new"><div class="uagb-timeline__events-inner--content"><h4 class="uagb-timeline__heading"><strong>2021/2023</strong></h4><p class="uagb-timeline-desc-content">Profª.Drª. Elisa Maria Pinheiro da Souza<br>Profª. Drª. Eliete de Jesus Bararuá Solano<br>Prof. Dr. Marco Antônio da Costa Camelo<br>Profª. Drª. Maria do Perpétuo Socorro Cardoso da Silva<br>Prof. Dr. Paulo Murilo Guereiro do Amaral<br>Profª. Drª. Valéria Crístian Soares Ramos da Silva<br>Wanne Karolinne Souza de Miranda &#8211; discente<br>Sônia Maria Correa do Amaral &#8211; discente</p><div class="uagb-timeline__arrow"></div></div></div><div class="uagb-timeline__date-new"></div></article>



<article class="wp-block-uagb-content-timeline-child uagb-timeline__field uagb-timeline-child-82881fcf-0081-49dc-b583-ea8cbc5e0442 uagb-timeline__right uagb-timeline__field-wrap"><div class="uagb-timeline__marker out-view-uagb-timeline__icon"><svg xmlns="" viewBox="0 0 256 512"></svg></div><div class="uagb-timeline__day-new uagb-timeline__day-right uagb-timeline__events-inner-new"><div class="uagb-timeline__events-inner--content"><h4 class="uagb-timeline__heading"><strong>2019/2020</strong></h4><p class="uagb-timeline-desc-content">Profª.Drª. Elisa Maria Pinheiro da Souza<br>Prof. Dr. Ednalvo Apóstolo Campos<br>Prof. Dr. Marco Antônio da Costa Camelo<br>Prof. Dr. Paulo Murilo Guereiro do Amaral<br>Fabíola Regina Damasceno dos Santos &#8211; discente<br>Isaias Lima Silva &#8211; discente</p><div class="uagb-timeline__arrow"></div></div></div><div class="uagb-timeline__date-new"></div></article>
<div class="uagb-timeline__line"><div class="uagb-timeline__line__inner"></div></div></div>
</div></div>

<p>O colegiado foi designado pela portaria n° 141/2019 GD/CCSE de 25 de março de 2019. No Programa de Pós-Graduação em Ensino de Língua Portuguesa e suas respectivas literaturas, em nível Stricto Sensu, será instituído o Colegiado de Mestrado, que será responsável por coordenar, supervisionar e avaliar todas as atividades do curso. Suas atribuições incluem a &hellip;</p>
<p class="read-more"> <a class="" href="https://propesp.uepa.br/ppgell/colegiado/"> <span class="screen-reader-text">Colegiado</span> Leia mais &raquo;</a></p>

O colegiado foi designado pela portaria n° 141/2019 GD/CCSE de 25 de março de 2019. No Programa de Pós-Graduação em Ensino de Língua Portuguesa e suas respectivas literaturas, em nível Stricto Sensu, será instituído o Colegiado de Mestrado, que será responsável por coordenar, supervisionar e avaliar todas as atividades do curso. Suas atribuições incluem a&hellip;
