{"id":892,"date":"2022-04-19T15:51:54","date_gmt":"2022-04-19T18:51:54","guid":{"rendered":"https:\/\/propesp.uepa.br\/ppgell\/?page_id=892"},"modified":"2024-09-25T17:55:29","modified_gmt":"2024-09-25T20:55:29","slug":"quem-somos","status":"publish","type":"page","link":"https:\/\/propesp.uepa.br\/ppgell\/quem-somos\/","title":{"rendered":"Quem Somos"},"content":{"rendered":"\n<div class=\"wp-block-uagb-container uagb-block-c24adcba alignfull uagb-is-root-container\"><div class=\"uagb-container-inner-blocks-wrap\">\n<p class=\"has-ast-global-color-8-color has-text-color\" style=\"font-size:16px\">O Programa de P\u00f3s-Gradua\u00e7\u00e3o em Ensino de L\u00edngua Portuguesa e suas Literaturas (PPGELL), em n\u00edvel de mestrado profissional, foi aprovado pela Coordena\u00e7\u00e3o de Aperfei\u00e7oamento de Pessoal de N\u00edvel Superior (Capes), por meio do Conselho T\u00e9cnico Consultivo (CTC), na \u00e1rea de avalia\u00e7\u00e3o de Lingu\u00edstica e Literatura.<br><br>Vinculado ao Centro de Ci\u00eancias Sociais e Educa\u00e7\u00e3o da Universidade do Estado do Par\u00e1 (UEPA), o PPGELL tem como objetivo formar profissionais qualificados para atuar em \u00e1reas interdisciplinares que envolvem estudos de linguagem, literatura e suas interfaces art\u00edsticas.<br><br>O programa est\u00e1 estruturado na \u00e1rea de concentra\u00e7\u00e3o &#8220;Pr\u00e1ticas Pedag\u00f3gicas: interfaces entre o ensino de L\u00edngua Portuguesa e suas literaturas&#8221; e conta com duas linhas de pesquisa: Estudos Lingu\u00edsticos \u2013 Saberes e Pr\u00e1ticas e Estudos Liter\u00e1rios e suas Pr\u00e1xis Educativas.<br><br>P\u00fablico-alvo: O PPGELL \u00e9 direcionado a professores de Letras (L\u00edngua Portuguesa e\/ou LIBRAS) que atuem no ensino b\u00e1sico, com pelo menos um ano de experi\u00eancia docente comprovada.<br><br>Perfil do Egresso: Os profissionais formados pelo PPGELL ter\u00e3o um conhecimento abrangente em pesquisa nas \u00e1reas de literatura vern\u00e1cula, lingu\u00edstica, diversidade e integra\u00e7\u00e3o sociocultural, al\u00e9m de uma s\u00f3lida forma\u00e7\u00e3o human\u00edstica e tecnol\u00f3gica. O curso busca capacitar o mestrando para uma aprendizagem aut\u00f4noma e cont\u00ednua, com foco em pr\u00e1ticas pedag\u00f3gicas voltadas para o ensino, a problematiza\u00e7\u00e3o da realidade e o desenvolvimento de projetos que envolvam linguagem, arte e literatura.<br><br>O programa promove o desenvolvimento de m\u00faltiplas compet\u00eancias comunicativas, inclusive em ambientes virtuais, e estimula a aten\u00e7\u00e3o \u00e0s peculiaridades de classes heterog\u00eaneas, abordando diferentes n\u00edveis de compet\u00eancia lingu\u00edstica e liter\u00e1ria. O curso tamb\u00e9m se aprofunda nos diversos campos de express\u00e3o e varia\u00e7\u00e3o da linguagem humana, compreendendo as matrizes conceituais da L\u00edngua Portuguesa e as melhores pr\u00e1ticas para trabalhar g\u00eaneros discursivos e tipos textuais, tanto em suportes digitais quanto n\u00e3o digitais.<br><br>Diferenciais do Curso: O PPGELL oferece uma forma\u00e7\u00e3o hol\u00edstica voltada para o exerc\u00edcio pedag\u00f3gico do professor da educa\u00e7\u00e3o b\u00e1sica, enfatizando disciplinas e atividades que fortalecem a pr\u00e1tica em sala de aula. O curso incentiva a elabora\u00e7\u00e3o de materiais did\u00e1ticos inovadores, utilizando, quando pertinente, recursos tecnol\u00f3gicos para aprimorar o ensino de escrita, leitura e produ\u00e7\u00e3o textual.<br><br>Os projetos desenvolvidos no mestrado est\u00e3o vinculados \u00e0s duas linhas de pesquisa do N\u00facleo de Estudos Lingu\u00edsticos e Liter\u00e1rios (NELL) da UEPA:<br><br>Estudos Lingu\u00edsticos \u2013 Saberes e Pr\u00e1ticas.<br>Estudos Liter\u00e1rios e suas Pr\u00e1xis Educativas.<br><br><strong>Import\u00e2ncia do Mestrado Profissional: <\/strong>Em um contexto de pol\u00edticas voltadas para a forma\u00e7\u00e3o docente de qualidade, o mestrado profissional se destaca como um espa\u00e7o de desenvolvimento que aproxima a academia da escola, promovendo a reflex\u00e3o sobre a pr\u00e1tica pedag\u00f3gica e a inova\u00e7\u00e3o no ensino.<\/p>\n<\/div><\/div>\n\n\n\n<h2 class=\"wp-block-heading has-text-align-center\">Coordena\u00e7\u00e3o<\/h2>\n\n\n\n<div class=\"wp-block-columns is-layout-flex wp-container-core-columns-is-layout-1 wp-block-columns-is-layout-flex\">\n<div class=\"wp-block-column is-layout-flow wp-block-column-is-layout-flow\">\n<p class=\"has-text-align-center\"><strong><em>Coordenadora do PPGELL: <\/em><\/strong><\/p>\n\n\n\n<figure class=\"wp-block-image aligncenter size-full is-resized is-style-rounded\"><img loading=\"lazy\" decoding=\"async\" width=\"675\" height=\"675\" src=\"https:\/\/propesp.uepa.br\/ppgell\/wp-content\/uploads\/2022\/04\/elisa-circle-e1650474941287.jpg\" alt=\"\" class=\"wp-image-929\" style=\"width:200px;height:200px\" srcset=\"https:\/\/propesp.uepa.br\/ppgell\/wp-content\/uploads\/2022\/04\/elisa-circle-e1650474941287.jpg 675w, https:\/\/propesp.uepa.br\/ppgell\/wp-content\/uploads\/2022\/04\/elisa-circle-e1650474941287-300x300.jpg 300w, https:\/\/propesp.uepa.br\/ppgell\/wp-content\/uploads\/2022\/04\/elisa-circle-e1650474941287-150x150.jpg 150w, https:\/\/propesp.uepa.br\/ppgell\/wp-content\/uploads\/2022\/04\/elisa-circle-e1650474941287-600x600.jpg 600w\" sizes=\"(max-width: 675px) 100vw, 675px\" \/><\/figure>\n\n\n\n<p class=\"has-text-align-center\"><strong><em>Prof\u00aa. Dra. Elisa Maria Pinheiro de Souza<\/em><\/strong><\/p>\n<\/div>\n\n\n\n<div class=\"wp-block-column is-layout-flow wp-block-column-is-layout-flow\">\n<p class=\"has-text-align-center\"><strong><em>Vice-Coordenador do PPGELL: <\/em><\/strong><\/p>\n\n\n\n<figure class=\"wp-block-image aligncenter size-full is-resized is-style-rounded\"><img loading=\"lazy\" decoding=\"async\" width=\"399\" height=\"399\" src=\"https:\/\/propesp.uepa.br\/ppgell\/wp-content\/uploads\/2022\/04\/prof-01-e1650480034383.png\" alt=\"\" class=\"wp-image-959\" style=\"width:200px;height:200px\" srcset=\"https:\/\/propesp.uepa.br\/ppgell\/wp-content\/uploads\/2022\/04\/prof-01-e1650480034383.png 399w, https:\/\/propesp.uepa.br\/ppgell\/wp-content\/uploads\/2022\/04\/prof-01-e1650480034383-300x300.png 300w, https:\/\/propesp.uepa.br\/ppgell\/wp-content\/uploads\/2022\/04\/prof-01-e1650480034383-150x150.png 150w\" sizes=\"(max-width: 399px) 100vw, 399px\" \/><\/figure>\n\n\n\n<p class=\"has-text-align-center\"><strong><em>Prof. Dr. Raphael Bessa Ferreira<\/em><\/strong><\/p>\n<\/div>\n<\/div>\n\n\n\n<div class=\"wp-block-uagb-container uagb-block-02971b6b alignfull uagb-is-root-container\"><div class=\"uagb-container-inner-blocks-wrap\">\n<h3 class=\"wp-block-heading has-text-align-center\">Portaria Coordena\u00e7\u00e3o<\/h3>\n\n\n\n<h2 class=\"wp-block-heading has-text-align-center wp-elements-938503db0edeebc20890c0adcee7b51a\" style=\"font-size:20px\"><a href=\"https:\/\/propesp.uepa.br\/ppgell\/wp-content\/uploads\/2021\/12\/eprotocolo_download_1638536686831-1.pdf\">Portaria 2121\/21 &#8211; Designa\u00e7\u00e3o da Coordena\u00e7\u00e3o PPGELL &#8211; Clique aqui<\/a><\/h2>\n<\/div><\/div>\n\n\n\n<p><\/p>\n","protected":false},"excerpt":{"rendered":"<p>O Programa de P\u00f3s-Gradua\u00e7\u00e3o em Ensino de L\u00edngua Portuguesa e suas Literaturas (PPGELL), em n\u00edvel de mestrado profissional, foi aprovado pela Coordena\u00e7\u00e3o de Aperfei\u00e7oamento de Pessoal de N\u00edvel Superior (Capes), por meio do Conselho T\u00e9cnico Consultivo (CTC), na \u00e1rea de avalia\u00e7\u00e3o de Lingu\u00edstica e Literatura. Vinculado ao Centro de Ci\u00eancias Sociais e Educa\u00e7\u00e3o da Universidade &hellip;<\/p>\n<p class=\"read-more\"> <a class=\"\" href=\"https:\/\/propesp.uepa.br\/ppgell\/quem-somos\/\"> <span class=\"screen-reader-text\">Quem Somos<\/span> Leia mais &raquo;<\/a><\/p>\n","protected":false},"author":1,"featured_media":0,"parent":0,"menu_order":0,"comment_status":"closed","ping_status":"closed","template":"","meta":{"_uag_custom_page_level_css":"","site-sidebar-layout":"default","site-content-layout":"","ast-site-content-layout":"default","site-content-style":"default","site-sidebar-style":"default","ast-global-header-display":"","ast-banner-title-visibility":"","ast-main-header-display":"","ast-hfb-above-header-display":"","ast-hfb-below-header-display":"","ast-hfb-mobile-header-display":"","site-post-title":"","ast-breadcrumbs-content":"","ast-featured-img":"","footer-sml-layout":"","theme-transparent-header-meta":"","adv-header-id-meta":"","stick-header-meta":"","header-above-stick-meta":"","header-main-stick-meta":"","header-below-stick-meta":"","astra-migrate-meta-layouts":"set","ast-page-background-enabled":"default","ast-page-background-meta":{"desktop":{"background-color":"var(--ast-global-color-4)","background-image":"","background-repeat":"repeat","background-position":"center center","background-size":"auto","background-attachment":"scroll","background-type":"","background-media":"","overlay-type":"","overlay-color":"","overlay-gradient":""},"tablet":{"background-color":"","background-image":"","background-repeat":"repeat","background-position":"center center","background-size":"auto","background-attachment":"scroll","background-type":"","background-media":"","overlay-type":"","overlay-color":"","overlay-gradient":""},"mobile":{"background-color":"","background-image":"","background-repeat":"repeat","background-position":"center center","background-size":"auto","background-attachment":"scroll","background-type":"","background-media":"","overlay-type":"","overlay-color":"","overlay-gradient":""}},"ast-content-background-meta":{"desktop":{"background-color":"var(--ast-global-color-5)","background-image":"","background-repeat":"repeat","background-position":"center center","background-size":"auto","background-attachment":"scroll","background-type":"","background-media":"","overlay-type":"","overlay-color":"","overlay-gradient":""},"tablet":{"background-color":"var(--ast-global-color-5)","background-image":"","background-repeat":"repeat","background-position":"center center","background-size":"auto","background-attachment":"scroll","background-type":"","background-media":"","overlay-type":"","overlay-color":"","overlay-gradient":""},"mobile":{"background-color":"var(--ast-global-color-5)","background-image":"","background-repeat":"repeat","background-position":"center center","background-size":"auto","background-attachment":"scroll","background-type":"","background-media":"","overlay-type":"","overlay-color":"","overlay-gradient":""}},"footnotes":""},"class_list":["post-892","page","type-page","status-publish","hentry"],"uagb_featured_image_src":{"full":false,"thumbnail":false,"medium":false,"medium_large":false,"large":false,"1536x1536":false,"2048x2048":false},"uagb_author_info":{"display_name":"admin@uepa.br","author_link":"https:\/\/propesp.uepa.br\/ppgell\/author\/adminuepa-br\/"},"uagb_comment_info":0,"uagb_excerpt":"O Programa de P\u00f3s-Gradua\u00e7\u00e3o em Ensino de L\u00edngua Portuguesa e suas Literaturas (PPGELL), em n\u00edvel de mestrado profissional, foi aprovado pela Coordena\u00e7\u00e3o de Aperfei\u00e7oamento de Pessoal de N\u00edvel Superior (Capes), por meio do Conselho T\u00e9cnico Consultivo (CTC), na \u00e1rea de avalia\u00e7\u00e3o de Lingu\u00edstica e Literatura. Vinculado ao Centro de Ci\u00eancias Sociais e Educa\u00e7\u00e3o da Universidade&hellip;","_links":{"self":[{"href":"https:\/\/propesp.uepa.br\/ppgell\/wp-json\/wp\/v2\/pages\/892"}],"collection":[{"href":"https:\/\/propesp.uepa.br\/ppgell\/wp-json\/wp\/v2\/pages"}],"about":[{"href":"https:\/\/propesp.uepa.br\/ppgell\/wp-json\/wp\/v2\/types\/page"}],"author":[{"embeddable":true,"href":"https:\/\/propesp.uepa.br\/ppgell\/wp-json\/wp\/v2\/users\/1"}],"replies":[{"embeddable":true,"href":"https:\/\/propesp.uepa.br\/ppgell\/wp-json\/wp\/v2\/comments?post=892"}],"version-history":[{"count":27,"href":"https:\/\/propesp.uepa.br\/ppgell\/wp-json\/wp\/v2\/pages\/892\/revisions"}],"predecessor-version":[{"id":2256,"href":"https:\/\/propesp.uepa.br\/ppgell\/wp-json\/wp\/v2\/pages\/892\/revisions\/2256"}],"wp:attachment":[{"href":"https:\/\/propesp.uepa.br\/ppgell\/wp-json\/wp\/v2\/media?parent=892"}],"curies":[{"name":"wp","href":"https:\/\/api.w.org\/{rel}","templated":true}]}}

<div class="wp-block-uagb-container uagb-block-c24adcba alignfull uagb-is-root-container"><div class="uagb-container-inner-blocks-wrap">
<p class="has-ast-global-color-8-color has-text-color" style="font-size:16px">O Programa de Pós-Graduação em Ensino de Língua Portuguesa e suas Literaturas (PPGELL), em nível de mestrado profissional, foi aprovado pela Coordenação de Aperfeiçoamento de Pessoal de Nível Superior (Capes), por meio do Conselho Técnico Consultivo (CTC), na área de avaliação de Linguística e Literatura.<br><br>Vinculado ao Centro de Ciências Sociais e Educação da Universidade do Estado do Pará (UEPA), o PPGELL tem como objetivo formar profissionais qualificados para atuar em áreas interdisciplinares que envolvem estudos de linguagem, literatura e suas interfaces artísticas.<br><br>O programa está estruturado na área de concentração &#8220;Práticas Pedagógicas: interfaces entre o ensino de Língua Portuguesa e suas literaturas&#8221; e conta com duas linhas de pesquisa: Estudos Linguísticos – Saberes e Práticas e Estudos Literários e suas Práxis Educativas.<br><br>Público-alvo: O PPGELL é direcionado a professores de Letras (Língua Portuguesa e/ou LIBRAS) que atuem no ensino básico, com pelo menos um ano de experiência docente comprovada.<br><br>Perfil do Egresso: Os profissionais formados pelo PPGELL terão um conhecimento abrangente em pesquisa nas áreas de literatura vernácula, linguística, diversidade e integração sociocultural, além de uma sólida formação humanística e tecnológica. O curso busca capacitar o mestrando para uma aprendizagem autônoma e contínua, com foco em práticas pedagógicas voltadas para o ensino, a problematização da realidade e o desenvolvimento de projetos que envolvam linguagem, arte e literatura.<br><br>O programa promove o desenvolvimento de múltiplas competências comunicativas, inclusive em ambientes virtuais, e estimula a atenção às peculiaridades de classes heterogêneas, abordando diferentes níveis de competência linguística e literária. O curso também se aprofunda nos diversos campos de expressão e variação da linguagem humana, compreendendo as matrizes conceituais da Língua Portuguesa e as melhores práticas para trabalhar gêneros discursivos e tipos textuais, tanto em suportes digitais quanto não digitais.<br><br>Diferenciais do Curso: O PPGELL oferece uma formação holística voltada para o exercício pedagógico do professor da educação básica, enfatizando disciplinas e atividades que fortalecem a prática em sala de aula. O curso incentiva a elaboração de materiais didáticos inovadores, utilizando, quando pertinente, recursos tecnológicos para aprimorar o ensino de escrita, leitura e produção textual.<br><br>Os projetos desenvolvidos no mestrado estão vinculados às duas linhas de pesquisa do Núcleo de Estudos Linguísticos e Literários (NELL) da UEPA:<br><br>Estudos Linguísticos – Saberes e Práticas.<br>Estudos Literários e suas Práxis Educativas.<br><br><strong>Importância do Mestrado Profissional: </strong>Em um contexto de políticas voltadas para a formação docente de qualidade, o mestrado profissional se destaca como um espaço de desenvolvimento que aproxima a academia da escola, promovendo a reflexão sobre a prática pedagógica e a inovação no ensino.</p>
</div></div>



<h2 class="wp-block-heading has-text-align-center">Coordenação</h2>



<div class="wp-block-columns is-layout-flex wp-container-core-columns-is-layout-1 wp-block-columns-is-layout-flex">
<div class="wp-block-column is-layout-flow wp-block-column-is-layout-flow">
<p class="has-text-align-center"><strong><em>Coordenadora do PPGELL: </em></strong></p>



<figure class="wp-block-image aligncenter size-full is-resized is-style-rounded"><img loading="lazy" decoding="async" width="675" height="675" src="https://propesp.uepa.br/ppgell/wp-content/uploads/2022/04/elisa-circle-e1650474941287.jpg" alt="" class="wp-image-929" style="width:200px;height:200px" srcset="https://propesp.uepa.br/ppgell/wp-content/uploads/2022/04/elisa-circle-e1650474941287.jpg 675w, https://propesp.uepa.br/ppgell/wp-content/uploads/2022/04/elisa-circle-e1650474941287-300x300.jpg 300w, https://propesp.uepa.br/ppgell/wp-content/uploads/2022/04/elisa-circle-e1650474941287-150x150.jpg 150w, https://propesp.uepa.br/ppgell/wp-content/uploads/2022/04/elisa-circle-e1650474941287-600x600.jpg 600w" sizes="(max-width: 675px) 100vw, 675px" /></figure>



<p class="has-text-align-center"><strong><em>Profª. Dra. Elisa Maria Pinheiro de Souza</em></strong></p>
</div>



<div class="wp-block-column is-layout-flow wp-block-column-is-layout-flow">
<p class="has-text-align-center"><strong><em>Vice-Coordenador do PPGELL: </em></strong></p>



<figure class="wp-block-image aligncenter size-full is-resized is-style-rounded"><img loading="lazy" decoding="async" width="399" height="399" src="https://propesp.uepa.br/ppgell/wp-content/uploads/2022/04/prof-01-e1650480034383.png" alt="" class="wp-image-959" style="width:200px;height:200px" srcset="https://propesp.uepa.br/ppgell/wp-content/uploads/2022/04/prof-01-e1650480034383.png 399w, https://propesp.uepa.br/ppgell/wp-content/uploads/2022/04/prof-01-e1650480034383-300x300.png 300w, https://propesp.uepa.br/ppgell/wp-content/uploads/2022/04/prof-01-e1650480034383-150x150.png 150w" sizes="(max-width: 399px) 100vw, 399px" /></figure>



<p class="has-text-align-center"><strong><em>Prof. Dr. Raphael Bessa Ferreira</em></strong></p>
</div>
</div>



<div class="wp-block-uagb-container uagb-block-02971b6b alignfull uagb-is-root-container"><div class="uagb-container-inner-blocks-wrap">
<h3 class="wp-block-heading has-text-align-center">Portaria Coordenação</h3>



<h2 class="wp-block-heading has-text-align-center wp-elements-938503db0edeebc20890c0adcee7b51a" style="font-size:20px"><a href="https://propesp.uepa.br/ppgell/wp-content/uploads/2021/12/eprotocolo_download_1638536686831-1.pdf">Portaria 2121/21 &#8211; Designação da Coordenação PPGELL &#8211; Clique aqui</a></h2>
</div></div>



<p></p>

<p>O Programa de Pós-Graduação em Ensino de Língua Portuguesa e suas Literaturas (PPGELL), em nível de mestrado profissional, foi aprovado pela Coordenação de Aperfeiçoamento de Pessoal de Nível Superior (Capes), por meio do Conselho Técnico Consultivo (CTC), na área de avaliação de Linguística e Literatura. Vinculado ao Centro de Ciências Sociais e Educação da Universidade &hellip;</p>
<p class="read-more"> <a class="" href="https://propesp.uepa.br/ppgell/quem-somos/"> <span class="screen-reader-text">Quem Somos</span> Leia mais &raquo;</a></p>

O Programa de Pós-Graduação em Ensino de Língua Portuguesa e suas Literaturas (PPGELL), em nível de mestrado profissional, foi aprovado pela Coordenação de Aperfeiçoamento de Pessoal de Nível Superior (Capes), por meio do Conselho Técnico Consultivo (CTC), na área de avaliação de Linguística e Literatura. Vinculado ao Centro de Ciências Sociais e Educação da Universidade&hellip;
