{"id":772,"date":"2024-11-04T20:23:08","date_gmt":"2024-11-04T20:23:08","guid":{"rendered":"https:\/\/propesp.uepa.br\/ppgem\/?page_id=772"},"modified":"2025-10-06T14:04:50","modified_gmt":"2025-10-06T14:04:50","slug":"livros-e-artigos","status":"publish","type":"page","link":"https:\/\/propesp.uepa.br\/ppgem\/livros-e-artigos\/","title":{"rendered":"Livros e Artigos"},"content":{"rendered":"\n<p class=\"has-text-align-center has-black-color has-text-color has-link-color has-large-font-size wp-elements-ebb2315174b20f594be9e45da8fc9f18\"><strong>ARTIGOS<\/strong><\/p>\n\n\n\n<p class=\"has-text-align-center has-ast-global-color-0-color has-text-color has-link-color has-large-font-size wp-elements-f1afb859bead033b2f61197fc77be1e5\"><strong>2024<\/strong><\/p>\n\n\n\n<p class=\"has-border-color has-vivid-cyan-blue-border-color\" style=\"border-width:6px\">&#8216;<strong>REVIS\u00c3O DE LITERATURA SOBRE ESTUDOS RELATIVOS AO ENSINO DE PROBABILIDADE COM \u00caNFASE EM SEQU\u00caNCIAS DID\u00c1TICAS&#8221; &#8211; <a href=\"https:\/\/doi.org\/10.24065\/re.v14i1.2729\" data-type=\"link\" data-id=\"https:\/\/doi.org\/10.24065\/re.v14i1.2729\">CLIQUE AQUI<\/a><\/strong><\/p>\n\n\n\n<p class=\"has-border-color has-vivid-cyan-blue-border-color\" style=\"border-width:6px\">&#8220;<strong>UMA SEQU\u00caNCIA DID\u00c1TICA PARA O ENSINO DE CORPOS REDONDOS<\/strong>&#8221; <strong>&#8211; <a href=\"https:\/\/doi.org\/10.34117\/bjdv10n7-057\" data-type=\"link\" data-id=\"https:\/\/doi.org\/10.34117\/bjdv10n7-057\">CLIQUE AQUI<\/a><\/strong><\/p>\n\n\n\n<p class=\"has-border-color has-vivid-cyan-blue-border-color\" style=\"border-width:6px\"><strong>&#8220;ELAS FIZERAM HIST\u00d3RIA NA MATEM\u00c1TICA&#8221;<\/strong> &#8211; <a href=\"https:\/\/doi.org\/10.56238\/levv15n43-067\" data-type=\"link\" data-id=\"https:\/\/doi.org\/10.56238\/levv15n43-067\"><strong>CLIQUE AQUI<\/strong><\/a><\/p>\n\n\n\n<p class=\"has-border-color has-vivid-cyan-blue-border-color\" style=\"border-width:6px;font-size:17px\"><strong>&#8220;SEQU\u00caNCIA DID\u00c1TICA PARA O ENSINO DE TRIGONOMETRIA: CONSTRU\u00c7\u00c3O E USO DO TEODOLITO CASEIRO NO ENSINO M\u00c9DIO (DIDACTIC SEQUENCE FOR THE TEACHING OF TRIGONOMETRY: CONSTRUCTION AND USE OF THE HOMEMADE THEODOLITE IN HIGH SCHOOL. LUMEN ET VIRTUS)&#8221; &#8211; <a href=\"https:\/\/doi.org\/10.56238\/levv15n42-015\">CLIQUE AQUI<\/a><\/strong><\/p>\n\n\n\n<p class=\"has-border-color has-vivid-cyan-blue-border-color\" style=\"border-width:6px\"><strong>&#8220;DIAGN\u00d3STICO DO CONHECIMENTO DISCENTE SOBRE FUN\u00c7\u00c3O POLINOMIAL DO 1\u00ba GRAU A PARTIR DA TEORIA DOS REGISTROS DE REPRESENTA\u00c7\u00c3O SEMI\u00d3TICA&#8221; &#8211; <a href=\"https:\/\/periodicos.uepa.br\/index.php\/cocar\/article\/view\/9719\">CLIQUE AQUI<\/a><\/strong><\/p>\n\n\n\n<p class=\"has-border-color has-vivid-cyan-blue-border-color\" style=\"border-width:6px\"><strong>&#8220;ETNOMATEM\u00c1TICA: SABERES MATEM\u00c1TICOS NA CUBA\u00c7\u00c3O DE TERRA EM MAGALH\u00c3ES BARATA-PA&#8221; &#8211; <a href=\"https:\/\/periodicos.uepa.br\/index.php\/cocar\/article\/view\/7882\">CLIQUE AQUI<\/a><\/strong><\/p>\n\n\n\n<p class=\"has-border-color has-vivid-cyan-blue-border-color\" style=\"border-width:6px\"><strong>&#8220;UMA AN\u00c1LISE DE DESEMPENHO NO ENSINO DE TRIGONOMETRIA NO TRI\u00c2NGULO POR ATIVIDADES EXPERIMENTAIS&#8221; &#8211; <a href=\"https:\/\/periodicos.uepa.br\/index.php\/cocar\/article\/view\/9803\">CLIQUE AQUI<\/a><\/strong><\/p>\n\n\n\n<p class=\"has-text-align-center has-large-font-size\"><strong>LIVROS<\/strong><\/p>\n\n\n\n<div class=\"wp-block-uagb-container uagb-block-e40765dc alignfull uagb-is-root-container\"><div class=\"uagb-container-inner-blocks-wrap\">\n<h4 class=\"wp-block-heading has-ast-global-color-8-color has-text-color has-link-color wp-elements-2840e314efab02f71ddd15b4852c2796\"><a href=\"https:\/\/propesp.uepa.br\/ppgem\/wp-content\/uploads\/2024\/11\/EBOOK-1.pdf\"><strong>Pesquisa em Educa\u00e7\u00e3o Matem\u00e1tica na Amaz\u00f4nia Brasileira: Foco nos Resultados de Teses de Doutorado<\/strong>  &#8211; Clique aqui<\/a><\/h4>\n\n\n\n<p>Organizadores:&nbsp;Marta Maria Pontin Darsie, Dailson Evangelista Costa, Thiago Beirigo Lopes, 2024.<\/p>\n\n\n\n<h4 class=\"wp-block-heading has-ast-global-color-8-color has-text-color has-link-color wp-elements-df95ba7e8717ab514dfe752517c513ff\"><a href=\"https:\/\/propesp.uepa.br\/ppgem\/wp-content\/uploads\/2024\/11\/EBOOK-2.pdf\"><strong>Ensino de Matem\u00e1tica na Educa\u00e7\u00e3o B\u00e1sica: Estudos Diagn\u00f3sticos<\/strong> &#8211; Clique aqui<\/a><\/h4>\n\n\n\n<p>Organizadores: Maria de Lourdes Silva Santos, Ana Kely Martins da Silva, Ducival Carvalho Pereira, 2021.<\/p>\n<\/div><\/div>\n","protected":false},"excerpt":{"rendered":"<p>ARTIGOS 2024 &#8216;REVIS\u00c3O DE LITERATURA SOBRE ESTUDOS RELATIVOS AO ENSINO DE PROBABILIDADE COM \u00caNFASE EM SEQU\u00caNCIAS DID\u00c1TICAS&#8221; &#8211; CLIQUE AQUI [&hellip;]<\/p>\n","protected":false},"author":1,"featured_media":0,"parent":0,"menu_order":0,"comment_status":"closed","ping_status":"closed","template":"","meta":{"_uag_custom_page_level_css":"","site-sidebar-layout":"default","site-content-layout":"","ast-site-content-layout":"","site-content-style":"default","site-sidebar-style":"default","ast-global-header-display":"","ast-banner-title-visibility":"","ast-main-header-display":"","ast-hfb-above-header-display":"","ast-hfb-below-header-display":"","ast-hfb-mobile-header-display":"","site-post-title":"","ast-breadcrumbs-content":"","ast-featured-img":"","footer-sml-layout":"","theme-transparent-header-meta":"","adv-header-id-meta":"","stick-header-meta":"","header-above-stick-meta":"","header-main-stick-meta":"","header-below-stick-meta":"","astra-migrate-meta-layouts":"default","ast-page-background-enabled":"default","ast-page-background-meta":{"desktop":{"background-color":"var(--ast-global-color-4)","background-image":"","background-repeat":"repeat","background-position":"center center","background-size":"auto","background-attachment":"scroll","background-type":"","background-media":"","overlay-type":"","overlay-color":"","overlay-gradient":""},"tablet":{"background-color":"","background-image":"","background-repeat":"repeat","background-position":"center center","background-size":"auto","background-attachment":"scroll","background-type":"","background-media":"","overlay-type":"","overlay-color":"","overlay-gradient":""},"mobile":{"background-color":"","background-image":"","background-repeat":"repeat","background-position":"center center","background-size":"auto","background-attachment":"scroll","background-type":"","background-media":"","overlay-type":"","overlay-color":"","overlay-gradient":""}},"ast-content-background-meta":{"desktop":{"background-color":"var(--ast-global-color-5)","background-image":"","background-repeat":"repeat","background-position":"center center","background-size":"auto","background-attachment":"scroll","background-type":"","background-media":"","overlay-type":"","overlay-color":"","overlay-gradient":""},"tablet":{"background-color":"var(--ast-global-color-5)","background-image":"","background-repeat":"repeat","background-position":"center center","background-size":"auto","background-attachment":"scroll","background-type":"","background-media":"","overlay-type":"","overlay-color":"","overlay-gradient":""},"mobile":{"background-color":"var(--ast-global-color-5)","background-image":"","background-repeat":"repeat","background-position":"center center","background-size":"auto","background-attachment":"scroll","background-type":"","background-media":"","overlay-type":"","overlay-color":"","overlay-gradient":""}},"footnotes":""},"class_list":["post-772","page","type-page","status-publish","hentry"],"uagb_featured_image_src":{"full":false,"thumbnail":false,"medium":false,"medium_large":false,"large":false,"1536x1536":false,"2048x2048":false},"uagb_author_info":{"display_name":"adminsites@uepa.br","author_link":"https:\/\/propesp.uepa.br\/ppgem\/author\/adminsitesuepa-br\/"},"uagb_comment_info":0,"uagb_excerpt":"ARTIGOS 2024 &#8216;REVIS\u00c3O DE LITERATURA SOBRE ESTUDOS RELATIVOS AO ENSINO DE PROBABILIDADE COM \u00caNFASE EM SEQU\u00caNCIAS DID\u00c1TICAS&#8221; &#8211; CLIQUE AQUI [&hellip;]","_links":{"self":[{"href":"https:\/\/propesp.uepa.br\/ppgem\/wp-json\/wp\/v2\/pages\/772","targetHints":{"allow":["GET"]}}],"collection":[{"href":"https:\/\/propesp.uepa.br\/ppgem\/wp-json\/wp\/v2\/pages"}],"about":[{"href":"https:\/\/propesp.uepa.br\/ppgem\/wp-json\/wp\/v2\/types\/page"}],"author":[{"embeddable":true,"href":"https:\/\/propesp.uepa.br\/ppgem\/wp-json\/wp\/v2\/users\/1"}],"replies":[{"embeddable":true,"href":"https:\/\/propesp.uepa.br\/ppgem\/wp-json\/wp\/v2\/comments?post=772"}],"version-history":[{"count":41,"href":"https:\/\/propesp.uepa.br\/ppgem\/wp-json\/wp\/v2\/pages\/772\/revisions"}],"predecessor-version":[{"id":1501,"href":"https:\/\/propesp.uepa.br\/ppgem\/wp-json\/wp\/v2\/pages\/772\/revisions\/1501"}],"wp:attachment":[{"href":"https:\/\/propesp.uepa.br\/ppgem\/wp-json\/wp\/v2\/media?parent=772"}],"curies":[{"name":"wp","href":"https:\/\/api.w.org\/{rel}","templated":true}]}}