{"id":5734,"date":"2025-07-18T11:58:56","date_gmt":"2025-07-18T14:58:56","guid":{"rendered":"https:\/\/propesp.uepa.br\/ppgenf\/?page_id=5734"},"modified":"2025-08-20T10:55:44","modified_gmt":"2025-08-20T13:55:44","slug":"edital-hemopa","status":"publish","type":"page","link":"https:\/\/propesp.uepa.br\/ppgenf\/index.php\/processo-seletivo\/editais-hemopa__trashed\/edital-hemopa\/","title":{"rendered":"Edital 2025 &#8211; Mestrado e Doutorado \/ HEMOPA"},"content":{"rendered":"\n<p class=\"has-medium-font-size\">Inscri\u00e7\u00f5es para o Processo Seletivo para os Cursos de Mestrado e Doutorado, referente ao Termo de colabora\u00e7\u00e3o com o HEMOPA. Per\u00edodo de 19 a 28 de julho de 2025.<\/p>\n\n\n\n<p class=\"has-medium-font-size\"><a href=\"https:\/\/propesp.uepa.br\/ppgenf\/wp-content\/uploads\/2025\/07\/edital802025.pdf\" data-type=\"attachment\" data-id=\"5736\"><strong>Edital n\u00ba 80\/2025-UEPA<\/strong><\/a><\/p>\n\n\n\n<p class=\"has-medium-font-size\"><a href=\"https:\/\/propesp.uepa.br\/ppgenf\/wp-content\/uploads\/2025\/07\/edital802025_errata.pdf\"><strong>ERRATA<\/strong><\/a><\/p>\n\n\n\n<p class=\"has-medium-font-size\"><strong><a href=\"https:\/\/propesp.uepa.br\/ppgenf\/wp-content\/uploads\/2025\/07\/Homologacao_Inscricoes_Edital80.2025.pdf\" data-type=\"attachment\" data-id=\"5745\">HOMOLOGA\u00c7\u00c3O &#8211; INSCRI\u00c7\u00d5ES<\/a><\/strong><\/p>\n\n\n\n<p class=\"has-medium-font-size\"><strong><a href=\"https:\/\/propesp.uepa.br\/ppgenf\/wp-content\/uploads\/2025\/08\/Resultado-1a-Fase-e-Agenda_Entrevistas-2a-Fase-Edital80.2025.pdf\">RESULTADO<\/a> <\/strong>&#8211; 1\u00aa FASE e AGENDA DE ENTREVISTA<\/p>\n\n\n\n<p class=\"has-medium-font-size\"><strong><a href=\"https:\/\/propesp.uepa.br\/ppgenf\/wp-content\/uploads\/2025\/08\/Resultado-Preliminar-edital802025.pdf\">RESULTADO PRELIMINAR<\/a><\/strong><\/p>\n\n\n\n<p class=\"has-medium-font-size\"><strong><a href=\"https:\/\/propesp.uepa.br\/ppgenf\/wp-content\/uploads\/2025\/08\/Resultado-Final-edital802025.pdf\">RESULTADO FINAL<\/a><\/strong><\/p>\n","protected":false},"excerpt":{"rendered":"<p>Inscri\u00e7\u00f5es para o Processo Seletivo para os Cursos de Mestrado e Doutorado, referente ao Termo de colabora\u00e7\u00e3o com o HEMOPA. Per\u00edodo de 19 a 28 de julho de 2025. Edital n\u00ba 80\/2025-UEPA ERRATA HOMOLOGA\u00c7\u00c3O &#8211; INSCRI\u00c7\u00d5ES RESULTADO &#8211; 1\u00aa FASE e AGENDA DE ENTREVISTA RESULTADO PRELIMINAR RESULTADO FINAL<\/p>\n","protected":false},"author":2,"featured_media":0,"parent":5780,"menu_order":0,"comment_status":"closed","ping_status":"closed","template":"","meta":{"_uag_custom_page_level_css":"","site-sidebar-layout":"default","site-content-layout":"","ast-site-content-layout":"default","site-content-style":"default","site-sidebar-style":"default","ast-global-header-display":"","ast-banner-title-visibility":"","ast-main-header-display":"","ast-hfb-above-header-display":"","ast-hfb-below-header-display":"","ast-hfb-mobile-header-display":"","site-post-title":"","ast-breadcrumbs-content":"","ast-featured-img":"","footer-sml-layout":"","theme-transparent-header-meta":"","adv-header-id-meta":"","stick-header-meta":"","header-above-stick-meta":"","header-main-stick-meta":"","header-below-stick-meta":"","astra-migrate-meta-layouts":"set","ast-page-background-enabled":"default","ast-page-background-meta":{"desktop":{"background-color":"","background-image":"","background-repeat":"repeat","background-position":"center center","background-size":"auto","background-attachment":"scroll","background-type":"","background-media":"","overlay-type":"","overlay-color":"","overlay-gradient":""},"tablet":{"background-color":"","background-image":"","background-repeat":"repeat","background-position":"center center","background-size":"auto","background-attachment":"scroll","background-type":"","background-media":"","overlay-type":"","overlay-color":"","overlay-gradient":""},"mobile":{"background-color":"","background-image":"","background-repeat":"repeat","background-position":"center center","background-size":"auto","background-attachment":"scroll","background-type":"","background-media":"","overlay-type":"","overlay-color":"","overlay-gradient":""}},"ast-content-background-meta":{"desktop":{"background-color":"var(--ast-global-color-5)","background-image":"","background-repeat":"repeat","background-position":"center center","background-size":"auto","background-attachment":"scroll","background-type":"","background-media":"","overlay-type":"","overlay-color":"","overlay-gradient":""},"tablet":{"background-color":"var(--ast-global-color-5)","background-image":"","background-repeat":"repeat","background-position":"center center","background-size":"auto","background-attachment":"scroll","background-type":"","background-media":"","overlay-type":"","overlay-color":"","overlay-gradient":""},"mobile":{"background-color":"var(--ast-global-color-5)","background-image":"","background-repeat":"repeat","background-position":"center center","background-size":"auto","background-attachment":"scroll","background-type":"","background-media":"","overlay-type":"","overlay-color":"","overlay-gradient":""}},"footnotes":""},"uagb_featured_image_src":{"full":false,"thumbnail":false,"medium":false,"medium_large":false,"large":false,"1536x1536":false,"2048x2048":false},"uagb_author_info":{"display_name":"nelma.ramos@uepa.br","author_link":"https:\/\/propesp.uepa.br\/ppgenf\/index.php\/author\/nelma-ramosuepa-br\/"},"uagb_comment_info":0,"uagb_excerpt":"Inscri\u00e7\u00f5es para o Processo Seletivo para os Cursos de Mestrado e Doutorado, referente ao Termo de colabora\u00e7\u00e3o com o HEMOPA. Per\u00edodo de 19 a 28 de julho de 2025. Edital n\u00ba 80\/2025-UEPA ERRATA HOMOLOGA\u00c7\u00c3O &#8211; INSCRI\u00c7\u00d5ES RESULTADO &#8211; 1\u00aa FASE e AGENDA DE ENTREVISTA RESULTADO PRELIMINAR RESULTADO FINAL","_links":{"self":[{"href":"https:\/\/propesp.uepa.br\/ppgenf\/index.php\/wp-json\/wp\/v2\/pages\/5734"}],"collection":[{"href":"https:\/\/propesp.uepa.br\/ppgenf\/index.php\/wp-json\/wp\/v2\/pages"}],"about":[{"href":"https:\/\/propesp.uepa.br\/ppgenf\/index.php\/wp-json\/wp\/v2\/types\/page"}],"author":[{"embeddable":true,"href":"https:\/\/propesp.uepa.br\/ppgenf\/index.php\/wp-json\/wp\/v2\/users\/2"}],"replies":[{"embeddable":true,"href":"https:\/\/propesp.uepa.br\/ppgenf\/index.php\/wp-json\/wp\/v2\/comments?post=5734"}],"version-history":[{"count":11,"href":"https:\/\/propesp.uepa.br\/ppgenf\/index.php\/wp-json\/wp\/v2\/pages\/5734\/revisions"}],"predecessor-version":[{"id":5796,"href":"https:\/\/propesp.uepa.br\/ppgenf\/index.php\/wp-json\/wp\/v2\/pages\/5734\/revisions\/5796"}],"up":[{"embeddable":true,"href":"https:\/\/propesp.uepa.br\/ppgenf\/index.php\/wp-json\/wp\/v2\/pages\/5780"}],"wp:attachment":[{"href":"https:\/\/propesp.uepa.br\/ppgenf\/index.php\/wp-json\/wp\/v2\/media?parent=5734"}],"curies":[{"name":"wp","href":"https:\/\/api.w.org\/{rel}","templated":true}]}}