{"id":838,"date":"2020-05-18T16:28:07","date_gmt":"2020-05-18T19:28:07","guid":{"rendered":"https:\/\/propesp.uepa.br\/ppgenf\/?page_id=838"},"modified":"2020-06-08T13:50:35","modified_gmt":"2020-06-08T16:50:35","slug":"selecao-2014","status":"publish","type":"page","link":"https:\/\/propesp.uepa.br\/ppgenf\/index.php\/processo-seletivo\/regular\/selecao-2014\/","title":{"rendered":"Sele\u00e7\u00e3o 2014"},"content":{"rendered":"\n<h1 class=\"wp-block-heading\"><a href=\"http:\/\/paginas.uepa.br\/ppgenf\/files\/pdfs\/Edital_18-14.pdf\">Edital n\u00b0 18\/2014<\/a><\/h1>\n\n\n\n<div class=\"wp-block-group\"><div class=\"wp-block-group__inner-container is-layout-flow wp-block-group-is-layout-flow\">\n<p><a href=\"http:\/\/paginas.uepa.br\/ppgenf\/files\/pdfs\/Edital1814Errata.pdf\">Errata<\/a>&nbsp;&#8211; contendo novas datas de execu\u00e7\u00e3o do processo de sele\u00e7\u00e3o<\/p>\n\n\n\n<p>Link de inscri\u00e7\u00f5es na p\u00e1gina da FADESP:&nbsp;<a href=\"http:\/\/cursos.fadesp.org.br\/mostraturma.asp?turma=402**1*1\/14\" rel=\"noreferrer noopener\" target=\"_blank\">http:\/\/cursos.fadesp.org.br\/mostraturma.asp?turma=402**1*1\/14<\/a><\/p>\n\n\n\n<ul><li>Homologa\u00e7\u00e3o das Inscri\u00e7\u00f5es,<a href=\"http:\/\/paginas.uepa.br\/ppgenf\/files\/pdfs\/HOMOLOGAO_DAS_INSCRIES.pdf\">&nbsp;confira aqui<\/a><\/li><li>Lota\u00e7\u00e3o de Prova:&nbsp;<a href=\"http:\/\/paginas.uepa.br\/ppgenf\/files\/pdfs\/Lotao_de_Prova_-_Linha_1.docx\">Linha 1<\/a><\/li><li>Lota\u00e7\u00e3o de Prova:&nbsp;<a href=\"http:\/\/paginas.uepa.br\/ppgenf\/files\/pdfs\/Lotao_de_Prova_-_Linha_2.docx\">Linha 2<\/a><\/li><li>Resultado da prova escrita:<ul><li><a href=\"http:\/\/paginas.uepa.br\/ppgenf\/files\/pdfs\/Resultado_-_Prova_Escrita_Linha_1.pdf\">Linha 1<\/a><\/li><li><a href=\"http:\/\/paginas.uepa.br\/ppgenf\/files\/pdfs\/Resultado_-_Prova_Escrita_Linha_2.pdf\">Linha 2<\/a><\/li><\/ul><\/li><\/ul>\n\n\n\n<ul><li>Os candidatos aptos a 2\u00aa fase,&nbsp;<a href=\"http:\/\/paginas.uepa.br\/ppgenf\/files\/pdfs\/Entrega_da_Documentao_2_fase.pdf\">acesse aqui<\/a>&nbsp;ficha que dever\u00e1 ser preenchida e entregue juntamente com a documenta\u00e7\u00e3o.<\/li><li>Resultado da 2\u00aa fase e Agendamento de Entrevistas<ul><li>&nbsp;<a href=\"http:\/\/paginas.uepa.br\/ppgenf\/files\/pdfs\/Resultado_-_2_Fase_Linha_1_2.pdf\">Linha 1<\/a><\/li><li>&nbsp;<a href=\"http:\/\/paginas.uepa.br\/ppgenf\/files\/pdfs\/Resultado_-_2_Fase_Linha_2.pdf\">Linha 2<\/a><\/li><\/ul><\/li><li>&nbsp;Resultado Final, confira&nbsp;<a href=\"http:\/\/paginas.uepa.br\/ppgenf\/files\/pdfs\/Resultado_Final_2014.pdf\">aqui<\/a><\/li><\/ul>\n<\/div><\/div>\n","protected":false},"excerpt":{"rendered":"<p>Edital n\u00b0 18\/2014 Errata&nbsp;&#8211; contendo novas datas de execu\u00e7\u00e3o do processo de sele\u00e7\u00e3o Link de inscri\u00e7\u00f5es na p\u00e1gina da FADESP:&nbsp;http:\/\/cursos.fadesp.org.br\/mostraturma.asp?turma=402**1*1\/14 Homologa\u00e7\u00e3o das Inscri\u00e7\u00f5es,&nbsp;confira aqui Lota\u00e7\u00e3o de Prova:&nbsp;Linha 1 Lota\u00e7\u00e3o de Prova:&nbsp;Linha 2 Resultado da prova escrita: Linha 1 Linha 2 Os candidatos aptos a 2\u00aa fase,&nbsp;acesse aqui&nbsp;ficha que dever\u00e1 ser preenchida e entregue juntamente com &hellip;<\/p>\n<p class=\"read-more\"> <a class=\"\" href=\"https:\/\/propesp.uepa.br\/ppgenf\/index.php\/processo-seletivo\/regular\/selecao-2014\/\"> <span class=\"screen-reader-text\">Sele\u00e7\u00e3o 2014<\/span> Leia mais &raquo;<\/a><\/p>\n","protected":false},"author":2,"featured_media":0,"parent":830,"menu_order":0,"comment_status":"closed","ping_status":"closed","template":"","meta":{"_uag_custom_page_level_css":"","site-sidebar-layout":"default","site-content-layout":"default","ast-site-content-layout":"","site-content-style":"default","site-sidebar-style":"default","ast-global-header-display":"","ast-banner-title-visibility":"","ast-main-header-display":"","ast-hfb-above-header-display":"","ast-hfb-below-header-display":"","ast-hfb-mobile-header-display":"","site-post-title":"","ast-breadcrumbs-content":"","ast-featured-img":"","footer-sml-layout":"","theme-transparent-header-meta":"default","adv-header-id-meta":"","stick-header-meta":"","header-above-stick-meta":"","header-main-stick-meta":"","header-below-stick-meta":"","astra-migrate-meta-layouts":"","ast-page-background-enabled":"default","ast-page-background-meta":{"desktop":{"background-color":"","background-image":"","background-repeat":"repeat","background-position":"center center","background-size":"auto","background-attachment":"scroll","background-type":"","background-media":"","overlay-type":"","overlay-color":"","overlay-gradient":""},"tablet":{"background-color":"","background-image":"","background-repeat":"repeat","background-position":"center center","background-size":"auto","background-attachment":"scroll","background-type":"","background-media":"","overlay-type":"","overlay-color":"","overlay-gradient":""},"mobile":{"background-color":"","background-image":"","background-repeat":"repeat","background-position":"center center","background-size":"auto","background-attachment":"scroll","background-type":"","background-media":"","overlay-type":"","overlay-color":"","overlay-gradient":""}},"ast-content-background-meta":{"desktop":{"background-color":"var(--ast-global-color-5)","background-image":"","background-repeat":"repeat","background-position":"center center","background-size":"auto","background-attachment":"scroll","background-type":"","background-media":"","overlay-type":"","overlay-color":"","overlay-gradient":""},"tablet":{"background-color":"var(--ast-global-color-5)","background-image":"","background-repeat":"repeat","background-position":"center center","background-size":"auto","background-attachment":"scroll","background-type":"","background-media":"","overlay-type":"","overlay-color":"","overlay-gradient":""},"mobile":{"background-color":"var(--ast-global-color-5)","background-image":"","background-repeat":"repeat","background-position":"center center","background-size":"auto","background-attachment":"scroll","background-type":"","background-media":"","overlay-type":"","overlay-color":"","overlay-gradient":""}},"footnotes":""},"uagb_featured_image_src":{"full":false,"thumbnail":false,"medium":false,"medium_large":false,"large":false,"1536x1536":false,"2048x2048":false},"uagb_author_info":{"display_name":"nelma.ramos@uepa.br","author_link":"https:\/\/propesp.uepa.br\/ppgenf\/index.php\/author\/nelma-ramosuepa-br\/"},"uagb_comment_info":0,"uagb_excerpt":"Edital n\u00b0 18\/2014 Errata&nbsp;&#8211; contendo novas datas de execu\u00e7\u00e3o do processo de sele\u00e7\u00e3o Link de inscri\u00e7\u00f5es na p\u00e1gina da FADESP:&nbsp;http:\/\/cursos.fadesp.org.br\/mostraturma.asp?turma=402**1*1\/14 Homologa\u00e7\u00e3o das Inscri\u00e7\u00f5es,&nbsp;confira aqui Lota\u00e7\u00e3o de Prova:&nbsp;Linha 1 Lota\u00e7\u00e3o de Prova:&nbsp;Linha 2 Resultado da prova escrita: Linha 1 Linha 2 Os candidatos aptos a 2\u00aa fase,&nbsp;acesse aqui&nbsp;ficha que dever\u00e1 ser preenchida e entregue juntamente com&hellip;","_links":{"self":[{"href":"https:\/\/propesp.uepa.br\/ppgenf\/index.php\/wp-json\/wp\/v2\/pages\/838"}],"collection":[{"href":"https:\/\/propesp.uepa.br\/ppgenf\/index.php\/wp-json\/wp\/v2\/pages"}],"about":[{"href":"https:\/\/propesp.uepa.br\/ppgenf\/index.php\/wp-json\/wp\/v2\/types\/page"}],"author":[{"embeddable":true,"href":"https:\/\/propesp.uepa.br\/ppgenf\/index.php\/wp-json\/wp\/v2\/users\/2"}],"replies":[{"embeddable":true,"href":"https:\/\/propesp.uepa.br\/ppgenf\/index.php\/wp-json\/wp\/v2\/comments?post=838"}],"version-history":[{"count":4,"href":"https:\/\/propesp.uepa.br\/ppgenf\/index.php\/wp-json\/wp\/v2\/pages\/838\/revisions"}],"predecessor-version":[{"id":1546,"href":"https:\/\/propesp.uepa.br\/ppgenf\/index.php\/wp-json\/wp\/v2\/pages\/838\/revisions\/1546"}],"up":[{"embeddable":true,"href":"https:\/\/propesp.uepa.br\/ppgenf\/index.php\/wp-json\/wp\/v2\/pages\/830"}],"wp:attachment":[{"href":"https:\/\/propesp.uepa.br\/ppgenf\/index.php\/wp-json\/wp\/v2\/media?parent=838"}],"curies":[{"name":"wp","href":"https:\/\/api.w.org\/{rel}","templated":true}]}}