{"id":842,"date":"2020-05-18T16:30:20","date_gmt":"2020-05-18T19:30:20","guid":{"rendered":"https:\/\/propesp.uepa.br\/ppgenf\/?page_id=842"},"modified":"2020-06-08T13:51:45","modified_gmt":"2020-06-08T16:51:45","slug":"selecao-2016","status":"publish","type":"page","link":"https:\/\/propesp.uepa.br\/ppgenf\/index.php\/processo-seletivo\/regular\/selecao-2016\/","title":{"rendered":"Sele\u00e7\u00e3o 2016"},"content":{"rendered":"\n<p><em>A Diretora do Centro de Ci\u00eancias Biol\u00f3gicas e da Sa\u00fade da Universidade do Estado do Par\u00e1 \u2013 UEPA, torna p\u00fablico que, no per\u00edodo de&nbsp;<strong>14 de mar\u00e7o a 12 de abril de 2016<\/strong>, o Programa de P\u00f3s-Gradua\u00e7\u00e3o em Enfermagem \u2013 Mestrado em Enfermagem receber\u00e1 as inscri\u00e7\u00f5es para o Processo Seletivo 2016.&nbsp;<\/em><em>Mais informa\u00e7\u00f5es poder\u00e3o ser obtidas atrav\u00e9s dos telefones: (91) 3249.4671 \/ 3211.1614 ou por e-mail:&nbsp;<a href=\"mailto:ppgenf.uepa@gmail.com\">ppgenf.uepa@gmail.com<\/a>&nbsp;\/&nbsp;<a href=\"mailto:ppgenf@uepa.br\">ppgenf@uepa.br<\/a>.<\/em><\/p>\n\n\n\n<p><strong>EDITAL 20<\/strong><strong>\/2016 (<a href=\"https:\/\/paginas.uepa.br\/ppgenf\/files\/edital2016.pdf\">CONFIRA AQUI<\/a>)<\/strong><\/p>\n\n\n\n<p><strong>* Bibliografia B\u00e1sica dispon\u00edvel para impress\u00e3o na Xerox localizada na Biblioteca Leontina Gomes &#8211; EEMB\/CAMPUS IV\/UEPA<\/strong><\/p>\n\n\n\n<p><strong>REQUERIMENTO DE SOLICITA\u00c7\u00c3O ISEN\u00c7\u00c3O (<a href=\"https:\/\/paginas.uepa.br\/ppgenf\/files\/FORMULRIO_ISENO_ANEXO_A(2).doc\">ANEXO A<\/a>) &#8211;&nbsp;disponibilizado para preenchimento no word<\/strong><\/p>\n\n\n\n<p><strong>FORMUL\u00c1RIO DE INSCRI\u00c7\u00c3O (<a href=\"https:\/\/paginas.uepa.br\/ppgenf\/files\/FORMULRIO_INSCRIO_ANEXO_B(2).doc\">ANEXO B<\/a>) &#8211; disponibilizado para preenchimento no word<\/strong><\/p>\n\n\n\n<p><strong>RESULTADO DA ISEN\u00c7\u00c3O (<a href=\"https:\/\/paginas.uepa.br\/ppgenf\/files\/Resultado_-_Iseno(2).pdf\">CONFIRA AQUI<\/a>)<\/strong><\/p>\n\n\n\n<p><strong>RESULTADO DO RECURSO &#8211; ISEN\u00c7\u00c3O (<a href=\"https:\/\/paginas.uepa.br\/ppgenf\/files\/Resultado_-_Recurso_Iseno.pdf\">CONFIRA AQUI<\/a>)<\/strong><\/p>\n\n\n\n<p><strong>HOMOLOGA\u00c7\u00c3O DAS INSCRI\u00c7\u00d5ES:<\/strong><\/p>\n\n\n\n<p><strong>LINHA 1 &#8211;&nbsp;<a href=\"https:\/\/paginas.uepa.br\/ppgenf\/files\/Homologao_Inscries_Linha_1.pdf\">CONFIRA&nbsp;<\/a><a href=\"https:\/\/paginas.uepa.br\/ppgenf\/files\/Homologao_Inscries_Linha_1.pdf\">AQUI<\/a><\/strong><\/p>\n\n\n\n<p><strong>LINHA 2 &#8211;&nbsp;<a href=\"https:\/\/paginas.uepa.br\/ppgenf\/files\/Homologao_Inscries_Linha_2.pdf\">CONFIRA&nbsp;<\/a><a href=\"https:\/\/paginas.uepa.br\/ppgenf\/files\/Homologao_Inscries_Linha_2.pdf\">AQUI<\/a><\/strong><\/p>\n\n\n\n<p><strong>LOTA\u00c7\u00c3O DE PROVA:<\/strong><\/p>\n\n\n\n<p><strong>LINHA 1 &#8211;&nbsp;<a href=\"https:\/\/paginas.uepa.br\/ppgenf\/files\/Lotao_de_Prova_Linha_1(2).pdf\">CONFIRA AQUI<\/a><\/strong><\/p>\n\n\n\n<p><strong>LINHA 2 &#8211;&nbsp;<a href=\"https:\/\/paginas.uepa.br\/ppgenf\/files\/Lotao_de_Prova_Linha_2(3).pdf\">CONFIRA AQUI<\/a><\/strong><\/p>\n\n\n\n<p><strong>RESULTADO DA PROVA ESCRITA (1\u00aa FASE)<\/strong><\/p>\n\n\n\n<p><strong>LINHA 1 &#8211;&nbsp;<a href=\"https:\/\/paginas.uepa.br\/ppgenf\/files\/Resultado_Prova_Escrita_Linha_1(1).pdf\">CONFIRA AQUI<\/a><\/strong><\/p>\n\n\n\n<p><strong>LINHA 2 &#8211;&nbsp;<a href=\"https:\/\/paginas.uepa.br\/ppgenf\/files\/Resultado_Prova_Escrita_Linha_2(1).pdf\">CONFIRA AQUI<\/a><\/strong><\/p>\n\n\n\n<p><strong>RESULTADO DO RECURSO &#8211; 1\u00aa FASE (PROVA ESCRITA) &#8211;&nbsp;<a href=\"https:\/\/paginas.uepa.br\/ppgenf\/files\/Resultado_-_Recurso_1_Fase.pdf\">CONFIRA AQUI<\/a><\/strong><\/p>\n\n\n\n<p><strong>Formul\u00e1rio (<a href=\"https:\/\/paginas.uepa.br\/ppgenf\/files\/Entrega_da_Documentao_2_fase-2016.pdf\">aqui<\/a>)&nbsp;para preenchimento e entrega junto com a documenta\u00e7\u00e3o referente a 2\u00aa fase do processo<\/strong><\/p>\n\n\n\n<p><strong>RESULTADO DA 2\u00aa FASE<\/strong><\/p>\n\n\n\n<p><strong>LINHA 1 &#8211;&nbsp;<a href=\"https:\/\/paginas.uepa.br\/ppgenf\/files\/Resultado_2_Fase_Linha_1.pdf\">CONFIRA AQUI<\/a><\/strong><\/p>\n\n\n\n<p><strong>LINHA 2 &#8211;&nbsp;<a href=\"https:\/\/paginas.uepa.br\/ppgenf\/files\/Resultado_2_Fase_Linha_2.pdf\">CONFIRA AQUI<\/a><\/strong><\/p>\n\n\n\n<p><strong>RESULTADO DO RECURSO &#8211; 2\u00aa FASE,&nbsp;<a href=\"https:\/\/paginas.uepa.br\/ppgenf\/files\/Resultado_-_Recurso_2_Fase.pdf\">CONFIRA AQUI<\/a><\/strong><\/p>\n\n\n\n<p><strong>RESULTADO FINAL,&nbsp;<a href=\"https:\/\/paginas.uepa.br\/ppgenf\/files\/Publicao_Resultado_Final(1).pdf\">CONFIRA AQUI<\/a><\/strong><\/p>\n","protected":false},"excerpt":{"rendered":"<p>A Diretora do Centro de Ci\u00eancias Biol\u00f3gicas e da Sa\u00fade da Universidade do Estado do Par\u00e1 \u2013 UEPA, torna p\u00fablico que, no per\u00edodo de&nbsp;14 de mar\u00e7o a 12 de abril de 2016, o Programa de P\u00f3s-Gradua\u00e7\u00e3o em Enfermagem \u2013 Mestrado em Enfermagem receber\u00e1 as inscri\u00e7\u00f5es para o Processo Seletivo 2016.&nbsp;Mais informa\u00e7\u00f5es poder\u00e3o ser obtidas atrav\u00e9s &hellip;<\/p>\n<p class=\"read-more\"> <a class=\"\" href=\"https:\/\/propesp.uepa.br\/ppgenf\/index.php\/processo-seletivo\/regular\/selecao-2016\/\"> <span class=\"screen-reader-text\">Sele\u00e7\u00e3o 2016<\/span> Leia mais &raquo;<\/a><\/p>\n","protected":false},"author":2,"featured_media":0,"parent":830,"menu_order":0,"comment_status":"closed","ping_status":"closed","template":"","meta":{"_uag_custom_page_level_css":"","site-sidebar-layout":"default","site-content-layout":"default","ast-site-content-layout":"","site-content-style":"default","site-sidebar-style":"default","ast-global-header-display":"","ast-banner-title-visibility":"","ast-main-header-display":"","ast-hfb-above-header-display":"","ast-hfb-below-header-display":"","ast-hfb-mobile-header-display":"","site-post-title":"","ast-breadcrumbs-content":"","ast-featured-img":"","footer-sml-layout":"","theme-transparent-header-meta":"default","adv-header-id-meta":"","stick-header-meta":"","header-above-stick-meta":"","header-main-stick-meta":"","header-below-stick-meta":"","astra-migrate-meta-layouts":"","ast-page-background-enabled":"default","ast-page-background-meta":{"desktop":{"background-color":"","background-image":"","background-repeat":"repeat","background-position":"center center","background-size":"auto","background-attachment":"scroll","background-type":"","background-media":"","overlay-type":"","overlay-color":"","overlay-gradient":""},"tablet":{"background-color":"","background-image":"","background-repeat":"repeat","background-position":"center center","background-size":"auto","background-attachment":"scroll","background-type":"","background-media":"","overlay-type":"","overlay-color":"","overlay-gradient":""},"mobile":{"background-color":"","background-image":"","background-repeat":"repeat","background-position":"center center","background-size":"auto","background-attachment":"scroll","background-type":"","background-media":"","overlay-type":"","overlay-color":"","overlay-gradient":""}},"ast-content-background-meta":{"desktop":{"background-color":"var(--ast-global-color-5)","background-image":"","background-repeat":"repeat","background-position":"center center","background-size":"auto","background-attachment":"scroll","background-type":"","background-media":"","overlay-type":"","overlay-color":"","overlay-gradient":""},"tablet":{"background-color":"var(--ast-global-color-5)","background-image":"","background-repeat":"repeat","background-position":"center center","background-size":"auto","background-attachment":"scroll","background-type":"","background-media":"","overlay-type":"","overlay-color":"","overlay-gradient":""},"mobile":{"background-color":"var(--ast-global-color-5)","background-image":"","background-repeat":"repeat","background-position":"center center","background-size":"auto","background-attachment":"scroll","background-type":"","background-media":"","overlay-type":"","overlay-color":"","overlay-gradient":""}},"footnotes":""},"uagb_featured_image_src":{"full":false,"thumbnail":false,"medium":false,"medium_large":false,"large":false,"1536x1536":false,"2048x2048":false},"uagb_author_info":{"display_name":"nelma.ramos@uepa.br","author_link":"https:\/\/propesp.uepa.br\/ppgenf\/index.php\/author\/nelma-ramosuepa-br\/"},"uagb_comment_info":0,"uagb_excerpt":"A Diretora do Centro de Ci\u00eancias Biol\u00f3gicas e da Sa\u00fade da Universidade do Estado do Par\u00e1 \u2013 UEPA, torna p\u00fablico que, no per\u00edodo de&nbsp;14 de mar\u00e7o a 12 de abril de 2016, o Programa de P\u00f3s-Gradua\u00e7\u00e3o em Enfermagem \u2013 Mestrado em Enfermagem receber\u00e1 as inscri\u00e7\u00f5es para o Processo Seletivo 2016.&nbsp;Mais informa\u00e7\u00f5es poder\u00e3o ser obtidas atrav\u00e9s&hellip;","_links":{"self":[{"href":"https:\/\/propesp.uepa.br\/ppgenf\/index.php\/wp-json\/wp\/v2\/pages\/842"}],"collection":[{"href":"https:\/\/propesp.uepa.br\/ppgenf\/index.php\/wp-json\/wp\/v2\/pages"}],"about":[{"href":"https:\/\/propesp.uepa.br\/ppgenf\/index.php\/wp-json\/wp\/v2\/types\/page"}],"author":[{"embeddable":true,"href":"https:\/\/propesp.uepa.br\/ppgenf\/index.php\/wp-json\/wp\/v2\/users\/2"}],"replies":[{"embeddable":true,"href":"https:\/\/propesp.uepa.br\/ppgenf\/index.php\/wp-json\/wp\/v2\/comments?post=842"}],"version-history":[{"count":1,"href":"https:\/\/propesp.uepa.br\/ppgenf\/index.php\/wp-json\/wp\/v2\/pages\/842\/revisions"}],"predecessor-version":[{"id":843,"href":"https:\/\/propesp.uepa.br\/ppgenf\/index.php\/wp-json\/wp\/v2\/pages\/842\/revisions\/843"}],"up":[{"embeddable":true,"href":"https:\/\/propesp.uepa.br\/ppgenf\/index.php\/wp-json\/wp\/v2\/pages\/830"}],"wp:attachment":[{"href":"https:\/\/propesp.uepa.br\/ppgenf\/index.php\/wp-json\/wp\/v2\/media?parent=842"}],"curies":[{"name":"wp","href":"https:\/\/api.w.org\/{rel}","templated":true}]}}