{"id":960,"date":"2020-05-21T14:42:18","date_gmt":"2020-05-21T17:42:18","guid":{"rendered":"https:\/\/propesp.uepa.br\/ppgenf\/?page_id=960"},"modified":"2026-03-03T11:56:54","modified_gmt":"2026-03-03T14:56:54","slug":"9a-turma-ufam-2018","status":"publish","type":"page","link":"https:\/\/propesp.uepa.br\/ppgenf\/index.php\/corpo-discente\/egressos-ufam\/9a-turma-ufam-2018\/","title":{"rendered":"9\u00aa Turma &#8211; UFAM \/ 2018"},"content":{"rendered":"\n<div class=\"wp-block-uagb-advanced-heading uagb-block-0fa2ca98\"><h2 class=\"uagb-heading-text\"><strong>9\u00aa TURMA &#8211; UFAM\/2018<\/strong><\/h2><div class=\"uagb-separator\"><\/div><\/div>\n\n\n\n<div class=\"wp-block-columns is-layout-flex wp-container-core-columns-layout-1 wp-block-columns-is-layout-flex\">\n<div class=\"wp-block-column is-layout-flow wp-block-column-is-layout-flow\">\n<div class=\"wp-block-uagb-info-box uagb-block-dd7d491f uagb-infobox__content-wrap  uagb-infobox-icon-left-title uagb-infobox-left uagb-infobox-image-valign-top\"><div class=\"uagb-ifb-content\"><div class=\"uagb-ifb-left-title-image\"><div class=\"uagb-ifb-title-wrap\"><h3 class=\"uagb-ifb-title\"><strong>DINAH CARVALHO CORDEIRO<\/strong><a href=\"http:\/\/lattes.cnpq.br\/2968129959511623\"><img loading=\"lazy\" decoding=\"async\" width=\"40\" height=\"40\" class=\"wp-image-807\" style=\"width: 40px;\" src=\"https:\/\/propesp.uepa.br\/ppgenf\/wp-content\/uploads\/2020\/03\/Lattes-e1585070878268.jpg\" alt=\"\"><\/a>  <\/h3><\/div><\/div><div class=\"uagb-ifb-separator\"><\/div><p class=\"uagb-ifb-desc\"><strong>Orientadora:  Dra. Maria Jacirema Ferreira Gon\u00e7alves  <\/strong><br><strong>Resumo da disserta\u00e7\u00e3o defendida em 2020:<\/strong>  <a href=\"https:\/\/drive.google.com\/file\/d\/1r9J-9dUu4CKDyEZF4tKViHd6Vs3FHuCX\/view?usp=sharing\"><strong>Avalia\u00e7\u00e3o de implanta\u00e7\u00e3o e de impacto da ado\u00e7\u00e3o do protocolo de vigil\u00e2ncia do \u00f3bito por tuberculose em um munic\u00edpio com alta carga da doen\u00e7a <\/strong><\/a><\/p><\/div><\/div>\n\n\n\n<div class=\"wp-block-uagb-info-box uagb-block-67e6c3a0 uagb-infobox__content-wrap  uagb-infobox-icon-left-title uagb-infobox-left uagb-infobox-image-valign-top\"><div class=\"uagb-ifb-content\"><div class=\"uagb-ifb-left-title-image\"><div class=\"uagb-ifb-title-wrap\"><h3 class=\"uagb-ifb-title\"><strong>GISELE DE SOUZA COSTA<\/strong><a href=\"http:\/\/lattes.cnpq.br\/8318866214727728\"><img loading=\"lazy\" decoding=\"async\" width=\"40\" height=\"40\" class=\"wp-image-807\" style=\"width: 40px;\" src=\"https:\/\/propesp.uepa.br\/ppgenf\/wp-content\/uploads\/2020\/03\/Lattes-e1585070878268.jpg\" alt=\"\"><\/a><\/h3><\/div><\/div><p class=\"uagb-ifb-desc\"><br><strong>Orientadora: Dr. Zilmar Augusto de Souza Filho<\/strong><br><strong>Resumo da disserta\u00e7\u00e3o defendida em 2021:<\/strong> <strong>S\u00edndrome Metab\u00f3lica e a associa\u00e7\u00e3o de fatores de risco cardiovascular em profissionais de Enfermagem da aten\u00e7\u00e3o especializada de Manaus<\/strong><br><\/p><\/div><\/div>\n<\/div>\n\n\n\n<div class=\"wp-block-column is-layout-flow wp-block-column-is-layout-flow\">\n<div class=\"wp-block-uagb-info-box uagb-block-2c204161 uagb-infobox__content-wrap  uagb-infobox-icon-left-title uagb-infobox-left uagb-infobox-image-valign-top\"><div class=\"uagb-ifb-content\"><div class=\"uagb-ifb-left-title-image\"><div class=\"uagb-ifb-title-wrap\"><h3 class=\"uagb-ifb-title\"><strong><strong>GABRIELA DE OLIVEIRA SOUZA RAMOS<\/strong><\/strong><a href=\"http:\/\/lattes.cnpq.br\/5536201558934723\"><img loading=\"lazy\" decoding=\"async\" width=\"40\" height=\"40\" class=\"wp-image-807\" style=\"width: 40px;\" src=\"https:\/\/propesp.uepa.br\/ppgenf\/wp-content\/uploads\/2020\/03\/Lattes-e1585070878268.jpg\" alt=\"\"><\/a> <\/h3><\/div><\/div><div class=\"uagb-ifb-separator\"><\/div><p class=\"uagb-ifb-desc\"><strong>Orientadora: Dr. Zilmar Augusto de Souza Filho<\/strong><br><strong>Resumo da disserta\u00e7\u00e3o defendida em 2021:<\/strong> <strong>Associa\u00e7\u00e3o da hipertens\u00e3o arterial com o estilo de vida e presen\u00e7a de transtorno mental comum em profissionais de enfermagem<\/strong><\/p><\/div><\/div>\n\n\n\n<div class=\"wp-block-uagb-info-box uagb-block-daf98b65 uagb-infobox__content-wrap  uagb-infobox-icon-left-title uagb-infobox-left uagb-infobox-image-valign-top\"><div class=\"uagb-ifb-content\"><div class=\"uagb-ifb-left-title-image\"><div class=\"uagb-ifb-title-wrap\"><h3 class=\"uagb-ifb-title\"><strong>ENOCK BARROSO DOS SANTOS<\/strong><a href=\"http:\/\/lattes.cnpq.br\/2801808561869099\"><img loading=\"lazy\" decoding=\"async\" width=\"40\" height=\"40\" class=\"wp-image-807\" style=\"width: 40px;\" src=\"https:\/\/propesp.uepa.br\/ppgenf\/wp-content\/uploads\/2020\/03\/Lattes-e1585070878268.jpg\" alt=\"\"><\/a><\/h3><\/div><\/div><p class=\"uagb-ifb-desc\"><br><strong>Orientadora: Dra. Gilsirene Scantelbury de Almeida<\/strong><br><strong>Resumo da disserta\u00e7\u00e3o defendida em 2020:<\/strong> <strong><a href=\"https:\/\/drive.google.com\/file\/d\/11CYcFA2niLPq6vd7M95nLbdX3LKFTtdR\/view?usp=sharing\">An\u00e1lise Espacial das Taxas de Incid\u00eancia de Hepatites Virais no Amazonas, Brasil, Per\u00edodo de 2008 a 2018<\/a>.<\/strong><br><br><\/p><\/div><\/div>\n<\/div>\n<\/div>\n\n\n\n<div class=\"wp-block-columns is-layout-flex wp-container-core-columns-layout-2 wp-block-columns-is-layout-flex\">\n<div class=\"wp-block-column is-layout-flow wp-block-column-is-layout-flow\">\n<div class=\"wp-block-uagb-info-box uagb-block-fd7fd1ab uagb-infobox__content-wrap  uagb-infobox-icon-left-title uagb-infobox-left uagb-infobox-image-valign-top\"><div class=\"uagb-ifb-content\"><div class=\"uagb-ifb-left-title-image\"><div class=\"uagb-ifb-title-wrap\"><h3 class=\"uagb-ifb-title\"><strong>LINDA KAROLINNE RODRIGUES ALMEIDA<\/strong><a href=\"http:\/\/lattes.cnpq.br\/1751038660964282\"><img loading=\"lazy\" decoding=\"async\" width=\"40\" height=\"40\" class=\"wp-image-807\" style=\"width: 40px;\" src=\"https:\/\/propesp.uepa.br\/ppgenf\/wp-content\/uploads\/2020\/03\/Lattes-e1585070878268.jpg\" alt=\"\"><\/a><br><\/h3><\/div><\/div><p class=\"uagb-ifb-desc\"><strong>Orientador: Dr. David Lopes Neto<\/strong><br><strong>Resumo da disserta\u00e7\u00e3o defendida em 2020:<\/strong> <strong><a href=\"https:\/\/drive.google.com\/file\/d\/1uexdY_cpkmUkChRgPYKnnZFAHf4sVqkN\/view?usp=sharing\">Distribui\u00e7\u00e3o espacial da tuberculose no contexto sociecon\u00f4mico e operacional no Amazonas<\/a><\/strong>         <\/p><\/div><\/div>\n<\/div>\n\n\n\n<div class=\"wp-block-column is-layout-flow wp-block-column-is-layout-flow\"><\/div>\n<\/div>\n\n\n\n<div class=\"wp-block-columns is-layout-flex wp-container-core-columns-layout-3 wp-block-columns-is-layout-flex\">\n<div class=\"wp-block-column is-layout-flow wp-block-column-is-layout-flow\">\n<div class=\"wp-block-uagb-info-box uagb-block-17fc0104 uagb-infobox__content-wrap  uagb-infobox-icon-left-title uagb-infobox-left uagb-infobox-image-valign-top\"><div class=\"uagb-ifb-content\"><div class=\"uagb-ifb-left-title-image\"><div class=\"uagb-ifb-title-wrap\"><h3 class=\"uagb-ifb-title\"><strong>FRANCISCO RAILSON BISPO DE BARROS<\/strong><a href=\"http:\/\/lattes.cnpq.br\/1776362729983006\"><img loading=\"lazy\" decoding=\"async\" width=\"40\" height=\"40\" class=\"wp-image-807\" style=\"width: 40px;\" src=\"https:\/\/propesp.uepa.br\/ppgenf\/wp-content\/uploads\/2020\/03\/Lattes-e1585070878268.jpg\" alt=\"\"><\/a> <\/h3><\/div><\/div><div class=\"uagb-ifb-separator\"><\/div><p class=\"uagb-ifb-desc\"><strong>Orientadora:   Dra. Raquel Faria da Silva Lima <\/strong><br><strong>Resumo da disserta\u00e7\u00e3o defendida em 2020:<\/strong>  <a href=\"https:\/\/drive.google.com\/file\/d\/1tjWokLMhH5qxGH-4xvEzDmdmHdz_Grrl\/view?usp=sharing\"><strong>Proposta de aplicativo \u201cPuerp\u00e9rioSEGURO\u201d em plataforma mobile como tecnologia para o cuidado \u00e0 beira leito.<\/strong><\/a><\/p><\/div><\/div>\n\n\n\n<div class=\"wp-block-uagb-info-box uagb-block-b3c6db52 uagb-infobox__content-wrap  uagb-infobox-icon-left-title uagb-infobox-left uagb-infobox-image-valign-top uagb-infobox__outer-wrap\"><div class=\"uagb-ifb-content\"><div class=\"uagb-ifb-left-title-image\"><div class=\"uagb-ifb-title-wrap\"><h3 class=\"uagb-ifb-title\"><strong>LED DAIANNA FERNANDES DE FIGUEIREDO<\/strong><a href=\"http:\/\/lattes.cnpq.br\/9608057094642318\"><img loading=\"lazy\" decoding=\"async\" width=\"40\" height=\"40\" class=\"wp-image-807\" style=\"width: 40px;\" src=\"https:\/\/propesp.uepa.br\/ppgenf\/wp-content\/uploads\/2020\/03\/Lattes-e1585070878268.jpg\" alt=\"\"><\/a> <\/h3><\/div><\/div><p class=\"uagb-ifb-desc\"><strong>Orientadora:  Dra. Nair Chase da Silva<\/strong> <br><strong>Resumo da disserta\u00e7\u00e3o defendida em 2020:<\/strong>  <a href=\"https:\/\/drive.google.com\/file\/d\/1xBTAUaKxoI1TIbgHDhaQCyVL23dKyE2V\/view?usp=sharing\"><strong>Aprendizagem Experiencial e Est\u00e1gios de Compet\u00eancias dos Enfermeiros que atuam na estrat\u00e9gia Sa\u00fade da Fam\u00edlia<\/strong><\/a><\/p><\/div><\/div>\n<\/div>\n\n\n\n<div class=\"wp-block-column is-layout-flow wp-block-column-is-layout-flow\">\n<div class=\"wp-block-uagb-info-box uagb-block-173644cb uagb-infobox__content-wrap  uagb-infobox-icon-left-title uagb-infobox-left uagb-infobox-image-valign-top\"><div class=\"uagb-ifb-content\"><div class=\"uagb-ifb-left-title-image\"><div class=\"uagb-ifb-title-wrap\"><h3 class=\"uagb-ifb-title\"><strong>HYANA KAMILA FERREIRA DE OLIVEIRA<\/strong><a href=\"http:\/\/lattes.cnpq.br\/5831299401855532\"><img loading=\"lazy\" decoding=\"async\" width=\"40\" height=\"40\" class=\"wp-image-807\" style=\"width: 40px;\" src=\"https:\/\/propesp.uepa.br\/ppgenf\/wp-content\/uploads\/2020\/03\/Lattes-e1585070878268.jpg\" alt=\"\"><\/a> <\/h3><\/div><\/div><div class=\"uagb-ifb-separator\"><\/div><p class=\"uagb-ifb-desc\"><strong>Orientadora: <\/strong> <strong>Dra. Nair Chase da Silva<\/strong> <br><strong>Resumo da disserta\u00e7\u00e3o defendida em 2020:<\/strong> <a href=\"https:\/\/drive.google.com\/file\/d\/18upNvQrd7koaHdnHKC9XZ9MHR1-eaG5_\/view?usp=sharing\"><strong>Significados, A\u00e7\u00f5es e Interpreta\u00e7\u00f5es dos Discentes de Enfermagem sobre a Seguran\u00e7a do Paciente.<\/strong><\/a><\/p><\/div><\/div>\n\n\n\n<div class=\"wp-block-uagb-info-box uagb-block-1fc2d9de uagb-infobox__content-wrap  uagb-infobox-icon-left-title uagb-infobox-left uagb-infobox-image-valign-top\"><div class=\"uagb-ifb-content\"><div class=\"uagb-ifb-left-title-image\"><div class=\"uagb-ifb-title-wrap\"><h3 class=\"uagb-ifb-title\"><strong>PRISCA DARAS LUNIERES PEGAS COELHO<\/strong><a href=\"http:\/\/lattes.cnpq.br\/8353680736411308\"><img loading=\"lazy\" decoding=\"async\" width=\"40\" height=\"40\" class=\"wp-image-807\" style=\"width: 40px;\" src=\"https:\/\/propesp.uepa.br\/ppgenf\/wp-content\/uploads\/2020\/03\/Lattes-e1585070878268.jpg\" alt=\"\"><\/a><\/h3><\/div><\/div><p class=\"uagb-ifb-desc\"><strong>Orientadora:  Dra. Sandra Greice Becker<\/strong><br><strong>Resumo da disserta\u00e7\u00e3o defendida em 2021:<\/strong> <strong>A tecnossocialidade no quotidiano da promo\u00e7\u00e3o da sa\u00fade com as fam\u00edlias de crian\u00e7as e adolescentes em sofrimento mental.<\/strong><\/p><\/div><\/div>\n<\/div>\n<\/div>\n","protected":false},"excerpt":{"rendered":"<p>9\u00aa TURMA &#8211; UFAM\/2018<\/p>\n","protected":false},"author":2,"featured_media":0,"parent":1693,"menu_order":0,"comment_status":"closed","ping_status":"closed","template":"","meta":{"_uag_custom_page_level_css":"","site-sidebar-layout":"default","site-content-layout":"default","ast-site-content-layout":"default","site-content-style":"default","site-sidebar-style":"default","ast-global-header-display":"","ast-banner-title-visibility":"","ast-main-header-display":"","ast-hfb-above-header-display":"","ast-hfb-below-header-display":"","ast-hfb-mobile-header-display":"","site-post-title":"disabled","ast-breadcrumbs-content":"","ast-featured-img":"","footer-sml-layout":"","theme-transparent-header-meta":"default","adv-header-id-meta":"","stick-header-meta":"","header-above-stick-meta":"","header-main-stick-meta":"","header-below-stick-meta":"","astra-migrate-meta-layouts":"set","ast-page-background-enabled":"default","ast-page-background-meta":{"desktop":{"background-color":"","background-image":"","background-repeat":"repeat","background-position":"center center","background-size":"auto","background-attachment":"scroll","background-type":"","background-media":"","overlay-type":"","overlay-color":"","overlay-gradient":""},"tablet":{"background-color":"","background-image":"","background-repeat":"repeat","background-position":"center center","background-size":"auto","background-attachment":"scroll","background-type":"","background-media":"","overlay-type":"","overlay-color":"","overlay-gradient":""},"mobile":{"background-color":"","background-image":"","background-repeat":"repeat","background-position":"center center","background-size":"auto","background-attachment":"scroll","background-type":"","background-media":"","overlay-type":"","overlay-color":"","overlay-gradient":""}},"ast-content-background-meta":{"desktop":{"background-color":"var(--ast-global-color-5)","background-image":"","background-repeat":"repeat","background-position":"center center","background-size":"auto","background-attachment":"scroll","background-type":"","background-media":"","overlay-type":"","overlay-color":"","overlay-gradient":""},"tablet":{"background-color":"var(--ast-global-color-5)","background-image":"","background-repeat":"repeat","background-position":"center center","background-size":"auto","background-attachment":"scroll","background-type":"","background-media":"","overlay-type":"","overlay-color":"","overlay-gradient":""},"mobile":{"background-color":"var(--ast-global-color-5)","background-image":"","background-repeat":"repeat","background-position":"center center","background-size":"auto","background-attachment":"scroll","background-type":"","background-media":"","overlay-type":"","overlay-color":"","overlay-gradient":""}},"footnotes":""},"uagb_featured_image_src":{"full":false,"thumbnail":false,"medium":false,"medium_large":false,"large":false,"1536x1536":false,"2048x2048":false},"uagb_author_info":{"display_name":"nelma.ramos@uepa.br","author_link":"https:\/\/propesp.uepa.br\/ppgenf\/index.php\/author\/nelma-ramosuepa-br\/"},"uagb_comment_info":0,"uagb_excerpt":"9\u00aa TURMA &#8211; UFAM\/2018","_links":{"self":[{"href":"https:\/\/propesp.uepa.br\/ppgenf\/index.php\/wp-json\/wp\/v2\/pages\/960"}],"collection":[{"href":"https:\/\/propesp.uepa.br\/ppgenf\/index.php\/wp-json\/wp\/v2\/pages"}],"about":[{"href":"https:\/\/propesp.uepa.br\/ppgenf\/index.php\/wp-json\/wp\/v2\/types\/page"}],"author":[{"embeddable":true,"href":"https:\/\/propesp.uepa.br\/ppgenf\/index.php\/wp-json\/wp\/v2\/users\/2"}],"replies":[{"embeddable":true,"href":"https:\/\/propesp.uepa.br\/ppgenf\/index.php\/wp-json\/wp\/v2\/comments?post=960"}],"version-history":[{"count":7,"href":"https:\/\/propesp.uepa.br\/ppgenf\/index.php\/wp-json\/wp\/v2\/pages\/960\/revisions"}],"predecessor-version":[{"id":6427,"href":"https:\/\/propesp.uepa.br\/ppgenf\/index.php\/wp-json\/wp\/v2\/pages\/960\/revisions\/6427"}],"up":[{"embeddable":true,"href":"https:\/\/propesp.uepa.br\/ppgenf\/index.php\/wp-json\/wp\/v2\/pages\/1693"}],"wp:attachment":[{"href":"https:\/\/propesp.uepa.br\/ppgenf\/index.php\/wp-json\/wp\/v2\/media?parent=960"}],"curies":[{"name":"wp","href":"https:\/\/api.w.org\/{rel}","templated":true}]}}