{"id":6571,"date":"2023-12-12T15:14:02","date_gmt":"2023-12-12T18:14:02","guid":{"rendered":"https:\/\/propesp.uepa.br\/ppgesa\/?page_id=6571"},"modified":"2025-01-09T15:10:35","modified_gmt":"2025-01-09T18:10:35","slug":"doutorado-profissional","status":"publish","type":"page","link":"https:\/\/propesp.uepa.br\/ppgesa\/cursos\/doutorado-profissional\/","title":{"rendered":"Doutorado Profissional"},"content":{"rendered":"\n<div class=\"wp-block-uagb-container uagb-block-20b35770 alignfull uagb-is-root-container\"><div class=\"uagb-container-inner-blocks-wrap\">\n<div class=\"wp-block-uagb-advanced-heading uagb-block-05caf7ce\"><h2 class=\"uagb-heading-text\">Doutorado Profissional<\/h2><div class=\"uagb-separator\"><\/div><\/div>\n\n\n\n<div id=\"Doutorado\" class=\"wp-block-uagb-container uagb-block-31fd314c\">\n<div class=\"wp-block-uagb-advanced-heading uagb-block-7b3a5ee3 justificar\"><p class=\"uagb-heading-text\">O curso de <strong>Doutorado<\/strong> do Programa de p\u00f3s-gradua\u00e7\u00e3o Ensino em Sa\u00fade na Amaz\u00f4nia (PPG-ESA) propiciar\u00e1 consolidar um amplo espa\u00e7o acad\u00eamico de produ\u00e7\u00e3o, debate e resolu\u00e7\u00e3o de problemas sobre o Ensino na sa\u00fade em \u00e2mbito da regi\u00e3o Amaz\u00f4nica e para a Universidade do Estado do Par\u00e1 em particular, entre os quais destacamos os principais impactos:<\/p><\/div>\n\n\n\n<ul class=\"wp-block-list justificar\">\n<li>Aumento da oferta de eventos cient\u00edficos qualificados (semin\u00e1rios, cursos, bancas, interc\u00e2mbios, coopera\u00e7\u00f5es e grupos de estudos com pesquisadores convidados, entre outros);<\/li>\n\n\n\n<li>Aumento e qualifica\u00e7\u00e3o da produ\u00e7\u00e3o do conhecimento para pr\u00e1tica profissional de docentes, gestores, alunos e preceptores que atuam no Sistema \u00danico de Sa\u00fade;<\/li>\n\n\n\n<li>Forma\u00e7\u00e3o de profissionais mais qualificados e com habilidade para produ\u00e7\u00e3o de conhecimentos t\u00e9cnicos e cient\u00edficos na \u00e1rea de Ensino;<\/li>\n\n\n\n<li>Envolvimento da gradua\u00e7\u00e3o com a pesquisa (aumentam as oportunidades de acesso dos graduandos \u00e0s atividades de investiga\u00e7\u00e3o);<\/li>\n\n\n\n<li>Est\u00edmulo para participa\u00e7\u00e3o na inicia\u00e7\u00e3o cient\u00edfica com a perspectiva de continuidade dos estudos em um Programa de P\u00f3s-Gradua\u00e7\u00e3o;<\/li>\n\n\n\n<li>Maior possibilidade de capta\u00e7\u00e3o de recursos para manter os laborat\u00f3rios e espa\u00e7os de aprendizagem melhores equipados;<\/li>\n\n\n\n<li>Aumento da competitividade dos docentes do Programa em editais de financiamento de fomento \u00e0 pesquisa;<\/li>\n\n\n\n<li>Absorver os egressos do mestrado PPG-ESA que est\u00e3o migrando para doutorados de outras \u00e1reas do conhecimento.<\/li>\n<\/ul>\n\n\n\n<div class=\"wp-block-uagb-advanced-heading uagb-block-cf2d5ccb\"><h4 class=\"uagb-heading-text\"><strong>Objetivos<\/strong><\/h4><div class=\"uagb-separator\"><\/div><\/div>\n\n\n\n<div class=\"wp-block-uagb-advanced-heading uagb-block-a7636c2e\"><h5 class=\"uagb-heading-text\"><strong>Geral<\/strong>:<\/h5><\/div>\n\n\n\n<ul class=\"wp-block-list justificar\">\n<li>Oferecer forma\u00e7\u00e3o, em n\u00edvel <em>stricto sensu,<\/em> a profissionais da sa\u00fade portadores do t\u00edtulo de Mestre que estejam envolvidos com processos pedag\u00f3gicos e que tenham capacidade t\u00e9cnico-cient\u00edfica para atuar e produzir conhecimento como formadores, na conflu\u00eancia da universidade e dos servi\u00e7os de sa\u00fade com enfoque na regi\u00e3o amaz\u00f4nica;<\/li>\n<\/ul>\n\n\n\n<div class=\"wp-block-uagb-advanced-heading uagb-block-f42c431a\"><h5 class=\"uagb-heading-text\"><strong>Espec\u00edficos<\/strong>:<\/h5><\/div>\n\n\n\n<ul class=\"wp-block-list justificar\">\n<li>Contribuir para o conhecimento did\u00e1tico, te\u00f3rico e pr\u00e1tico, e o incremento da pr\u00e1tica profissional, para influenciar positivamente o ensino ligado \u00e0 sa\u00fade, objetivando sua melhoria de qualidade;<\/li>\n\n\n\n<li>Formar doutores de alto n\u00edvel, comprometidos com o avan\u00e7o do conhecimento para o exerc\u00edcio, especialmente, da pesquisa e do ensino em n\u00edvel de gradua\u00e7\u00e3o e p\u00f3s-gradua\u00e7\u00e3o;<\/li>\n\n\n\n<li>Preparar profissionais com capacidade t\u00e9cnica, pedag\u00f3gica e cient\u00edfica para atender a demanda espec\u00edfica do mercado de trabalho no ensino e assist\u00eancia na sa\u00fade por meio de metodologias efetivas de aprendizagem, caracterizadas pela autonomia intelectual;<\/li>\n\n\n\n<li>Atuar em a\u00e7\u00f5es ligadas ao ensino da sa\u00fade, assegurando uma integra\u00e7\u00e3o entre universidade e servi\u00e7os de sa\u00fade nos n\u00edveis de complexidade do Sistema \u00danico de Sa\u00fade (SUS), na aten\u00e7\u00e3o prim\u00e1ria, secund\u00e1ria e terci\u00e1ria da sa\u00fade;<\/li>\n\n\n\n<li>Conferir compet\u00eancia para avalia\u00e7\u00e3o cr\u00edtica e interven\u00e7\u00e3o na pr\u00e1tica profissional e resolu\u00e7\u00e3o de problemas; Intensificar o processo de educa\u00e7\u00e3o permanente dos profissionais do SUS na Amaz\u00f4nia;<\/li>\n\n\n\n<li>Qualificar o docente da sa\u00fade a exercer gest\u00e3o em m\u00faltiplos ambientes de ensino da sa\u00fade;<\/li>\n\n\n\n<li>Produzir conhecimento em ensino na sa\u00fade com base em investiga\u00e7\u00e3o relacionada com os servi\u00e7os e assist\u00eancia em sa\u00fade;<\/li>\n\n\n\n<li>Capacitar profissionais a desenvolver atividades e tecnologias de ensino para preceptorias, consultorias e orienta\u00e7\u00e3o de est\u00e1gios na \u00e1rea da sa\u00fade;<\/li>\n\n\n\n<li>Qualificar para o desenvolvimento de projetos e capta\u00e7\u00e3o de recursos financeiros.<\/li>\n<\/ul>\n\n\n\n<div class=\"wp-block-uagb-advanced-heading uagb-block-283fd026\"><h5 class=\"uagb-heading-text\"><strong>Perfil do Ingresso<\/strong>:<\/h5><p class=\"uagb-desc-text\">Poder\u00e3o participar do processo seletivo os candidatos que atendam, simultaneamente, \u00e0s seguintes condi\u00e7\u00f5es:<\/p><\/div>\n\n\n\n<ul class=\"wp-block-list justificar\">\n<li>Ser portador de diploma de curso de gradua\u00e7\u00e3o, exclusivamente, na \u00e1rea da sa\u00fade;<\/li>\n\n\n\n<li>Possuir v\u00ednculo atual com atividades de sa\u00fade ou com processos pedag\u00f3gicos formais de professor de cursos de gradua\u00e7\u00e3o, supervisor ou preceptor, na \u00e1rea da sa\u00fade;<\/li>\n\n\n\n<li>Possuir o diploma de Mestre em Ensino na Sa\u00fade ou em outra \u00e1rea, reconhecido pela CAPES\/MEC. No caso de curso no exterior, o diploma deve estar devidamente revalidado no Brasil, por meio de institui\u00e7\u00e3o com programa de p\u00f3s-gradua\u00e7\u00e3o reconhecido pela CAPES\/MEC.<\/li>\n<\/ul>\n\n\n\n<div class=\"wp-block-uagb-advanced-heading uagb-block-7d8c919f\"><h5 class=\"uagb-heading-text\"><strong>Total de Vagas<\/strong><\/h5><\/div>\n\n\n\n<div class=\"wp-block-uagb-advanced-heading uagb-block-0fd48de9 justificar\"><p class=\"uagb-heading-text\">S\u00e3o ofertadas 10 vagas\/ano, sendo 4 vagas para <a href=\"https:\/\/propesp.uepa.br\/ppgesa\/?page_id=65\">linha 1<\/a>; e 6 vagas para a <a href=\"https:\/\/propesp.uepa.br\/ppgesa\/?page_id=65\">linha 2<\/a>, ingresso atrav\u00e9s de Edital de chamada p\u00fablica para o processo seletivo que utiliza como forma de sele\u00e7\u00e3o: Prova, an\u00e1lise de curr\u00edculo, projeto e entrevista.<\/p><\/div>\n\n\n\n<div class=\"wp-block-uagb-container uagb-block-ccd25bae alignfull uagb-is-root-container\"><div class=\"uagb-container-inner-blocks-wrap\">\n<div class=\"wp-block-uagb-container uagb-block-60dcf0c7\">\n<div class=\"inherit-container-width wp-block-group is-layout-constrained wp-block-group-is-layout-constrained\"><div class=\"wp-block-group__inner-container\">\n<div class=\"wp-block-uagb-buttons uagb-buttons__outer-wrap uagb-btn__default-btn uagb-btn-tablet__default-btn uagb-btn-mobile__default-btn uagb-block-aa16a3c1\"><div class=\"uagb-buttons__wrap uagb-buttons-layout-wrap \">\n<div class=\"wp-block-uagb-buttons-child uagb-buttons__outer-wrap uagb-block-17b730ce wp-block-button\"><div class=\"uagb-button__wrapper\"><a class=\"uagb-buttons-repeater wp-block-button__link\" aria-label=\"\" href=\"https:\/\/propesp.uepa.br\/ppgesa\/index.php\/doutorado\/estrutura-curricular-doutorado\/\" rel=\"follow noopener\" target=\"_blank\" role=\"button\"><span class=\"uagb-button__icon uagb-button__icon-position-after\"><svg xmlns=\"https:\/\/www.w3.org\/2000\/svg\" viewBox=\"0 0 576 512\" aria-hidden=\"true\" focussable=\"false\"><path d=\"M208 80C208 53.49 229.5 32 256 32H320C346.5 32 368 53.49 368 80V144C368 170.5 346.5 192 320 192H312V232H464C494.9 232 520 257.1 520 288V320H528C554.5 320 576 341.5 576 368V432C576 458.5 554.5 480 528 480H464C437.5 480 416 458.5 416 432V368C416 341.5 437.5 320 464 320H472V288C472 283.6 468.4 280 464 280H312V320H320C346.5 320 368 341.5 368 368V432C368 458.5 346.5 480 320 480H256C229.5 480 208 458.5 208 432V368C208 341.5 229.5 320 256 320H264V280H112C107.6 280 104 283.6 104 288V320H112C138.5 320 160 341.5 160 368V432C160 458.5 138.5 480 112 480H48C21.49 480 0 458.5 0 432V368C0 341.5 21.49 320 48 320H56V288C56 257.1 81.07 232 112 232H264V192H256C229.5 192 208 170.5 208 144V80z\"><\/path><\/svg><\/span><\/a><\/div><\/div>\n<\/div><\/div>\n\n\n\n<div class=\"wp-block-uagb-advanced-heading uagb-block-6a2e487a\"><h4 class=\"uagb-heading-text\">Estrutura Curricular Doutorado<\/h4><\/div>\n<\/div><\/div>\n<\/div>\n\n\n\n<div class=\"wp-block-uagb-container uagb-block-175f03d0\">\n<div class=\"inherit-container-width wp-block-group is-layout-constrained wp-block-group-is-layout-constrained\"><div class=\"wp-block-group__inner-container\">\n<div class=\"wp-block-uagb-buttons uagb-buttons__outer-wrap uagb-btn__default-btn uagb-btn-tablet__default-btn uagb-btn-mobile__default-btn uagb-block-5b0f0918\"><div class=\"uagb-buttons__wrap uagb-buttons-layout-wrap \">\n<div class=\"wp-block-uagb-buttons-child uagb-buttons__outer-wrap uagb-block-cc990ed0 wp-block-button\"><div class=\"uagb-button__wrapper\"><a class=\"uagb-buttons-repeater wp-block-button__link\" aria-label=\"\" href=\"https:\/\/propesp.uepa.br\/ppgesa\/index.php\/regimento-doutorado\/\" rel=\"follow noopener\" target=\"_blank\" role=\"button\"><span class=\"uagb-button__icon uagb-button__icon-position-after\"><svg xmlns=\"https:\/\/www.w3.org\/2000\/svg\" viewBox=\"0 0 512 512\" aria-hidden=\"true\" focussable=\"false\"><path d=\"M0 219.2v212.5c0 14.25 11.62 26.25 26.5 27C75.32 461.2 180.2 471.3 240 511.9V245.2C181.4 205.5 79.99 194.8 29.84 192C13.59 191.1 0 203.6 0 219.2zM482.2 192c-50.09 2.848-151.3 13.47-209.1 53.09C272.1 245.2 272 245.3 272 245.5v266.5c60.04-40.39 164.7-50.76 213.5-53.28C500.4 457.9 512 445.9 512 431.7V219.2C512 203.6 498.4 191.1 482.2 192zM352 96c0-53-43-96-96-96S160 43 160 96s43 96 96 96S352 149 352 96z\"><\/path><\/svg><\/span><\/a><\/div><\/div>\n<\/div><\/div>\n\n\n\n<div class=\"wp-block-uagb-advanced-heading uagb-block-b6b75305\"><h4 class=\"uagb-heading-text\">Regimento<\/h4><\/div>\n<\/div><\/div>\n<\/div>\n\n\n\n<div class=\"wp-block-uagb-container uagb-block-07eec8e9\">\n<div class=\"inherit-container-width wp-block-group is-layout-constrained wp-block-group-is-layout-constrained\"><div class=\"wp-block-group__inner-container\">\n<div class=\"wp-block-uagb-buttons uagb-buttons__outer-wrap uagb-btn__default-btn uagb-btn-tablet__default-btn uagb-btn-mobile__default-btn uagb-block-4a1927bc\"><div class=\"uagb-buttons__wrap uagb-buttons-layout-wrap \">\n<div class=\"wp-block-uagb-buttons-child uagb-buttons__outer-wrap uagb-block-9c5d996d wp-block-button\"><div class=\"uagb-button__wrapper\"><a class=\"uagb-buttons-repeater wp-block-button__link\" aria-label=\"\" href=\"https:\/\/propesp.uepa.br\/ppgesa\/index.php\/formularios-e-orientacoes-aos-discentes-doutorado\/\" rel=\"follow noopener\" target=\"_blank\" role=\"button\"><span class=\"uagb-button__icon uagb-button__icon-position-after\"><svg xmlns=\"https:\/\/www.w3.org\/2000\/svg\" viewBox=\"0 0 384 512\" aria-hidden=\"true\" focussable=\"false\"><path d=\"M336 64h-53.88C268.9 26.8 233.7 0 192 0S115.1 26.8 101.9 64H48C21.5 64 0 85.48 0 112v352C0 490.5 21.5 512 48 512h288c26.5 0 48-21.48 48-48v-352C384 85.48 362.5 64 336 64zM96 392c-13.25 0-24-10.75-24-24S82.75 344 96 344s24 10.75 24 24S109.3 392 96 392zM96 296c-13.25 0-24-10.75-24-24S82.75 248 96 248S120 258.8 120 272S109.3 296 96 296zM192 64c17.67 0 32 14.33 32 32c0 17.67-14.33 32-32 32S160 113.7 160 96C160 78.33 174.3 64 192 64zM304 384h-128C167.2 384 160 376.8 160 368C160 359.2 167.2 352 176 352h128c8.801 0 16 7.199 16 16C320 376.8 312.8 384 304 384zM304 288h-128C167.2 288 160 280.8 160 272C160 263.2 167.2 256 176 256h128C312.8 256 320 263.2 320 272C320 280.8 312.8 288 304 288z\"><\/path><\/svg><\/span><\/a><\/div><\/div>\n<\/div><\/div>\n\n\n\n<div class=\"wp-block-uagb-advanced-heading uagb-block-83452ed5\"><h4 class=\"uagb-heading-text\">Formul\u00e1rios e Orienta\u00e7\u00f5es aos Discentes<\/h4><\/div>\n<\/div><\/div>\n<\/div>\n<\/div><\/div>\n\n\n\n<div class=\"wp-block-uagb-container uagb-block-b3b160b9 alignfull uagb-is-root-container\"><div class=\"uagb-container-inner-blocks-wrap\">\n<div class=\"wp-block-uagb-container uagb-block-5ccab1ad\"><\/div>\n\n\n\n<div class=\"wp-block-uagb-container uagb-block-7b2b4b52\">\n<div class=\"inherit-container-width wp-block-group is-layout-constrained wp-block-group-is-layout-constrained\"><div class=\"wp-block-group__inner-container\">\n<div class=\"wp-block-uagb-buttons uagb-buttons__outer-wrap uagb-btn__default-btn uagb-btn-tablet__default-btn uagb-btn-mobile__default-btn uagb-block-530549c6\"><div class=\"uagb-buttons__wrap uagb-buttons-layout-wrap \">\n<div class=\"wp-block-uagb-buttons-child uagb-buttons__outer-wrap uagb-block-3b15e0a7 wp-block-button\"><div class=\"uagb-button__wrapper\"><a class=\"uagb-buttons-repeater wp-block-button__link\" aria-label=\"\" href=\"https:\/\/drive.google.com\/drive\/folders\/1YiOEk2Qb1Z6eRslYLr0_wb6bj4bKNdOm?usp=sharing\" rel=\"follow noopener\" target=\"_blank\" role=\"button\"><span class=\"uagb-button__icon uagb-button__icon-position-after\"><svg xmlns=\"https:\/\/www.w3.org\/2000\/svg\" viewBox=\"0 0 448 512\" aria-hidden=\"true\" focussable=\"false\"><path d=\"M160 32V64H288V32C288 14.33 302.3 0 320 0C337.7 0 352 14.33 352 32V64H400C426.5 64 448 85.49 448 112V160H0V112C0 85.49 21.49 64 48 64H96V32C96 14.33 110.3 0 128 0C145.7 0 160 14.33 160 32zM0 192H448V464C448 490.5 426.5 512 400 512H48C21.49 512 0 490.5 0 464V192zM64 304C64 312.8 71.16 320 80 320H112C120.8 320 128 312.8 128 304V272C128 263.2 120.8 256 112 256H80C71.16 256 64 263.2 64 272V304zM192 304C192 312.8 199.2 320 208 320H240C248.8 320 256 312.8 256 304V272C256 263.2 248.8 256 240 256H208C199.2 256 192 263.2 192 272V304zM336 256C327.2 256 320 263.2 320 272V304C320 312.8 327.2 320 336 320H368C376.8 320 384 312.8 384 304V272C384 263.2 376.8 256 368 256H336zM64 432C64 440.8 71.16 448 80 448H112C120.8 448 128 440.8 128 432V400C128 391.2 120.8 384 112 384H80C71.16 384 64 391.2 64 400V432zM208 384C199.2 384 192 391.2 192 400V432C192 440.8 199.2 448 208 448H240C248.8 448 256 440.8 256 432V400C256 391.2 248.8 384 240 384H208zM320 432C320 440.8 327.2 448 336 448H368C376.8 448 384 440.8 384 432V400C384 391.2 376.8 384 368 384H336C327.2 384 320 391.2 320 400V432z\"><\/path><\/svg><\/span><\/a><\/div><\/div>\n<\/div><\/div>\n\n\n\n<div class=\"wp-block-uagb-advanced-heading uagb-block-347d338d\"><h4 class=\"uagb-heading-text\">Cronograma de<br>Disciplinas<\/h4><\/div>\n<\/div><\/div>\n<\/div>\n\n\n\n<div class=\"wp-block-uagb-container uagb-block-927dcef4\">\n<div class=\"inherit-container-width wp-block-group is-layout-constrained wp-block-group-is-layout-constrained\"><div class=\"wp-block-group__inner-container\">\n<div class=\"wp-block-uagb-buttons uagb-buttons__outer-wrap uagb-btn__default-btn uagb-btn-tablet__default-btn uagb-btn-mobile__default-btn uagb-block-0203c2f1\"><div class=\"uagb-buttons__wrap uagb-buttons-layout-wrap \">\n<div class=\"wp-block-uagb-buttons-child uagb-buttons__outer-wrap uagb-block-cfff32ed wp-block-button\"><div class=\"uagb-button__wrapper\"><a class=\"uagb-buttons-repeater wp-block-button__link\" aria-label=\"\" href=\"https:\/\/drive.google.com\/drive\/folders\/183uNvuSFy9Whm_P8cj9lyaKWtB1gQUrC?usp=sharing\" rel=\"follow noopener\" target=\"_blank\" role=\"button\"><span class=\"uagb-button__icon uagb-button__icon-position-after\"><svg xmlns=\"https:\/\/www.w3.org\/2000\/svg\" viewBox=\"0 0 448 512\" aria-hidden=\"true\" focussable=\"false\"><path d=\"M160 32V64H288V32C288 14.33 302.3 0 320 0C337.7 0 352 14.33 352 32V64H400C426.5 64 448 85.49 448 112V160H0V112C0 85.49 21.49 64 48 64H96V32C96 14.33 110.3 0 128 0C145.7 0 160 14.33 160 32zM0 192H448V464C448 490.5 426.5 512 400 512H48C21.49 512 0 490.5 0 464V192zM80 256C71.16 256 64 263.2 64 272V368C64 376.8 71.16 384 80 384H176C184.8 384 192 376.8 192 368V272C192 263.2 184.8 256 176 256H80z\"><\/path><\/svg><\/span><\/a><\/div><\/div>\n<\/div><\/div>\n\n\n\n<div class=\"wp-block-uagb-advanced-heading uagb-block-b8a526b9\"><h4 class=\"uagb-heading-text\">Agenda Qualifica\u00e7\u00f5es &amp; Defesas<\/h4><\/div>\n<\/div><\/div>\n<\/div>\n\n\n\n<div class=\"wp-block-uagb-container uagb-block-8609a79d\"><\/div>\n<\/div><\/div>\n\n\n\n<hr class=\"wp-block-separator has-alpha-channel-opacity is-style-dots\" style=\"margin-top:var(--wp--preset--spacing--30);margin-bottom:var(--wp--preset--spacing--30)\"\/>\n<\/div>\n<\/div><\/div>\n","protected":false},"excerpt":{"rendered":"<p>Doutorado Profissional O curso de Doutorado do Programa de p\u00f3s-gradua\u00e7\u00e3o Ensino em Sa\u00fade na Amaz\u00f4nia (PPG-ESA) propiciar\u00e1 consolidar um amplo espa\u00e7o acad\u00eamico de produ\u00e7\u00e3o, debate e resolu\u00e7\u00e3o de problemas sobre o Ensino na sa\u00fade em \u00e2mbito da regi\u00e3o Amaz\u00f4nica e para a Universidade do Estado do Par\u00e1 em particular, entre os quais destacamos os principais &hellip;<\/p>\n<p class=\"read-more\"> <a class=\"\" href=\"https:\/\/propesp.uepa.br\/ppgesa\/cursos\/doutorado-profissional\/\"> <span class=\"screen-reader-text\">Doutorado Profissional<\/span> Leia mais &raquo;<\/a><\/p>\n","protected":false},"author":2,"featured_media":0,"parent":4425,"menu_order":0,"comment_status":"closed","ping_status":"closed","template":"","meta":{"_uag_custom_page_level_css":"","site-sidebar-layout":"default","site-content-layout":"","ast-site-content-layout":"default","site-content-style":"default","site-sidebar-style":"default","ast-global-header-display":"","ast-banner-title-visibility":"","ast-main-header-display":"","ast-hfb-above-header-display":"","ast-hfb-below-header-display":"","ast-hfb-mobile-header-display":"","site-post-title":"disabled","ast-breadcrumbs-content":"","ast-featured-img":"","footer-sml-layout":"","theme-transparent-header-meta":"","adv-header-id-meta":"","stick-header-meta":"","header-above-stick-meta":"","header-main-stick-meta":"","header-below-stick-meta":"","astra-migrate-meta-layouts":"set","footnotes":""},"class_list":["post-6571","page","type-page","status-publish","hentry"],"uagb_featured_image_src":{"full":false,"thumbnail":false,"medium":false,"medium_large":false,"large":false,"1536x1536":false,"2048x2048":false},"uagb_author_info":{"display_name":"admin@uepa.br","author_link":"https:\/\/propesp.uepa.br\/ppgesa\/author\/adminuepa-br\/"},"uagb_comment_info":0,"uagb_excerpt":"Doutorado Profissional O curso de Doutorado do Programa de p\u00f3s-gradua\u00e7\u00e3o Ensino em Sa\u00fade na Amaz\u00f4nia (PPG-ESA) propiciar\u00e1 consolidar um amplo espa\u00e7o acad\u00eamico de produ\u00e7\u00e3o, debate e resolu\u00e7\u00e3o de problemas sobre o Ensino na sa\u00fade em \u00e2mbito da regi\u00e3o Amaz\u00f4nica e para a Universidade do Estado do Par\u00e1 em particular, entre os quais destacamos os principais&hellip;","_links":{"self":[{"href":"https:\/\/propesp.uepa.br\/ppgesa\/wp-json\/wp\/v2\/pages\/6571","targetHints":{"allow":["GET"]}}],"collection":[{"href":"https:\/\/propesp.uepa.br\/ppgesa\/wp-json\/wp\/v2\/pages"}],"about":[{"href":"https:\/\/propesp.uepa.br\/ppgesa\/wp-json\/wp\/v2\/types\/page"}],"author":[{"embeddable":true,"href":"https:\/\/propesp.uepa.br\/ppgesa\/wp-json\/wp\/v2\/users\/2"}],"replies":[{"embeddable":true,"href":"https:\/\/propesp.uepa.br\/ppgesa\/wp-json\/wp\/v2\/comments?post=6571"}],"version-history":[{"count":10,"href":"https:\/\/propesp.uepa.br\/ppgesa\/wp-json\/wp\/v2\/pages\/6571\/revisions"}],"predecessor-version":[{"id":7265,"href":"https:\/\/propesp.uepa.br\/ppgesa\/wp-json\/wp\/v2\/pages\/6571\/revisions\/7265"}],"up":[{"embeddable":true,"href":"https:\/\/propesp.uepa.br\/ppgesa\/wp-json\/wp\/v2\/pages\/4425"}],"wp:attachment":[{"href":"https:\/\/propesp.uepa.br\/ppgesa\/wp-json\/wp\/v2\/media?parent=6571"}],"curies":[{"name":"wp","href":"https:\/\/api.w.org\/{rel}","templated":true}]}}