{"id":796,"date":"2018-08-27T16:20:18","date_gmt":"2018-08-27T19:20:18","guid":{"rendered":"https:\/\/propesp.uepa.br\/ppgesa\/?page_id=796"},"modified":"2023-08-24T16:43:09","modified_gmt":"2023-08-24T19:43:09","slug":"galeria","status":"publish","type":"page","link":"https:\/\/propesp.uepa.br\/ppgesa\/galeria\/","title":{"rendered":"GALERIA"},"content":{"rendered":"\n<div class=\"wp-block-uagb-advanced-heading uagb-block-cbca9a99\"><h2 class=\"uagb-heading-text\">GALERIA<\/h2><div class=\"uagb-separator\"><\/div><\/div>\n\n\n\n<div class=\"wp-block-uagb-container uagb-block-ecb25bcd alignfull uagb-is-root-container\"><div class=\"uagb-container-inner-blocks-wrap\">\n<div class=\"wp-block-uagb-advanced-heading uagb-block-acefc3a0\"><h3 class=\"uagb-heading-text\"><strong>Defesa Simone Argentino (31\/05\/2019)<\/strong><\/h3><\/div>\n\n\n\n<div class=\"wp-block-uagb-image aligncenter uagb-block-df982b7c wp-block-uagb-image--layout-default wp-block-uagb-image--effect-static wp-block-uagb-image--align-center\"><figure class=\"wp-block-uagb-image__figure\"><img decoding=\"async\" srcset=\"https:\/\/propesp.uepa.br\/ppgesa\/wp-content\/uploads\/2023\/08\/IMG-20190531-WA0019-1024x768.jpg \" sizes=\"auto, (max-width: 480px) 150px\" src=\"https:\/\/propesp.uepa.br\/ppgesa\/wp-content\/uploads\/2023\/08\/IMG-20190531-WA0019-1024x768.jpg\" alt=\"\" class=\"uag-image-5996\" width=\"584\" height=\"438\" title=\"\" loading=\"lazy\"\/><figcaption class=\"uagb-image-caption\"><strong>Docentes:<\/strong> Dra. Katia Simone Kietzer;  Dr. Robson Jos\u00e9 de Souza Domingues;  Dra. Vera L\u00facia de Azevedo Lima;  Dr. Yuji Magalh\u00e3es Ikuta<\/figcaption><\/figure><\/div>\n\n\n\n<div class=\"wp-block-uagb-advanced-heading uagb-block-33a2f2a6\"><h3 class=\"uagb-heading-text\"><strong>Aula inaugural do m\u00f3dulo Educa\u00e7\u00e3o em Sa\u00fade na Amaz\u00f4nia I (28\/03\/2019)<\/strong><\/h3><\/div>\n\n\n\n<div class=\"wp-block-uagb-image aligncenter uagb-block-f06861f7 wp-block-uagb-image--layout-default wp-block-uagb-image--effect-static wp-block-uagb-image--align-center\"><figure class=\"wp-block-uagb-image__figure\"><img decoding=\"async\" srcset=\"https:\/\/propesp.uepa.br\/ppgesa\/wp-content\/uploads\/2023\/08\/Captura-de-tela-2023-08-24-155513-1.png \" sizes=\"auto, (max-width: 480px) 150px\" src=\"https:\/\/propesp.uepa.br\/ppgesa\/wp-content\/uploads\/2023\/08\/Captura-de-tela-2023-08-24-155513-1.png\" alt=\"\" class=\"uag-image-6001\" width=\"584\" height=\"438\" title=\"\" loading=\"lazy\"\/><figcaption class=\"uagb-image-caption\"><strong>Docentes: <\/strong>Dr. Renato da Costa Teixeira;  Dr. Robson Jos\u00e9 de Souza Domingues;  Dra. Edna Ferreira Coelho Galv\u00e3o<\/figcaption><\/figure><\/div>\n\n\n\n<div class=\"wp-block-uagb-advanced-heading uagb-block-899a968c\"><h3 class=\"uagb-heading-text\"><strong>Qualifica\u00e7\u00e3o Daniele Lima dos Santos Reis (12\/03\/2019)<\/strong><\/h3><\/div>\n\n\n\n<div class=\"wp-block-uagb-image aligncenter uagb-block-9245a35b wp-block-uagb-image--layout-default wp-block-uagb-image--effect-static wp-block-uagb-image--align-center\"><figure class=\"wp-block-uagb-image__figure\"><img decoding=\"async\" srcset=\"https:\/\/propesp.uepa.br\/ppgesa\/wp-content\/uploads\/2023\/08\/IMG-20190312-WA0066-1-1024x768.jpg \" sizes=\"auto, (max-width: 480px) 150px\" src=\"https:\/\/propesp.uepa.br\/ppgesa\/wp-content\/uploads\/2023\/08\/IMG-20190312-WA0066-1-1024x768.jpg\" alt=\"\" class=\"uag-image-6002\" width=\"584\" height=\"438\" title=\"\" loading=\"lazy\"\/><figcaption class=\"uagb-image-caption\"><strong>Docentes: <\/strong>Dra. Katia Simone Kietzer;  Dra. Ana Cristina Pimentel Carneiro de Almeida;  Dra. Ilma Ferreira Pastana<\/figcaption><\/figure><\/div>\n\n\n\n<div class=\"wp-block-uagb-advanced-heading uagb-block-0279321a\"><h3 class=\"uagb-heading-text\"><strong>Defesa&nbsp;Daniel Figueiredo Alves da Silva (12\/02\/2019)<\/strong><\/h3><\/div>\n\n\n\n<div class=\"wp-block-uagb-image aligncenter uagb-block-717ea7e5 wp-block-uagb-image--layout-default wp-block-uagb-image--effect-static wp-block-uagb-image--align-center\"><figure class=\"wp-block-uagb-image__figure\"><img decoding=\"async\" srcset=\"https:\/\/propesp.uepa.br\/ppgesa\/wp-content\/uploads\/2023\/08\/WhatsApp-Image-2019-02-13-at-08.13.09-300x254-1.jpeg \" sizes=\"auto, (max-width: 480px) 150px\" src=\"https:\/\/propesp.uepa.br\/ppgesa\/wp-content\/uploads\/2023\/08\/WhatsApp-Image-2019-02-13-at-08.13.09-300x254-1.jpeg\" alt=\"\" class=\"uag-image-6004\" width=\"584\" height=\"438\" title=\"\" loading=\"lazy\"\/><figcaption class=\"uagb-image-caption\"><strong>Docentes: <\/strong>Dr. Robson Jos\u00e9 de Souza Domingues;  Dra. Brenda Nazar\u00e9 Gomes Andriolo;  Dra. Tinara Leida de Souza Aar\u00e3o;  Dra. Isabela Guerreiro Diniz<\/figcaption><\/figure><\/div>\n\n\n\n<div class=\"wp-block-uagb-advanced-heading uagb-block-28edc339\"><h3 class=\"uagb-heading-text\"><strong>Planejamento e avalia\u00e7\u00e3o de curso (11\/08\/2018)<\/strong><\/h3><\/div>\n\n\n\n<div class=\"wp-block-uagb-image aligncenter uagb-block-583badaf wp-block-uagb-image--layout-default wp-block-uagb-image--effect-static wp-block-uagb-image--align-center\"><figure class=\"wp-block-uagb-image__figure\"><img decoding=\"async\" srcset=\"https:\/\/propesp.uepa.br\/ppgesa\/wp-content\/uploads\/2023\/08\/WhatsApp-Image-2018-08-10-at-16.10.10-1-1024x768.jpeg \" sizes=\"auto, (max-width: 480px) 150px\" src=\"https:\/\/propesp.uepa.br\/ppgesa\/wp-content\/uploads\/2023\/08\/WhatsApp-Image-2018-08-10-at-16.10.10-1-1024x768.jpeg\" alt=\"\" class=\"uag-image-6007\" width=\"584\" height=\"438\" title=\"\" loading=\"lazy\"\/><figcaption class=\"uagb-image-caption\"><strong>Docentes: <\/strong>Dra. Ilma Pastana Ferreira;  Dra. Vera Lucia Lameira Pican\u00e7o;  Dra. Eug\u00eania Suely Bel\u00e9m de Souza;  Dra. Maria Liracy Batista de Souza<\/figcaption><\/figure><\/div>\n\n\n\n<div class=\"wp-block-uagb-image uagb-block-6f6a59da wp-block-uagb-image--layout-default wp-block-uagb-image--effect-static wp-block-uagb-image--align-none\"><figure class=\"wp-block-uagb-image__figure\"><\/figure><\/div>\n<\/div><\/div>\n\n\n\n<div class=\"wp-block-uagb-container uag-hide-desktop uag-hide-tab uag-hide-mob uagb-block-95166485 alignfull uagb-is-root-container\"><div class=\"uagb-container-inner-blocks-wrap\">\n<h3 class=\"wp-block-heading\">&nbsp;<\/h3>\n\n\n\n<h3 class=\"wp-block-heading\">&nbsp;<\/h3>\n\n\n\n<h3 class=\"wp-block-heading\"><strong>Oficina: Como elaborar uma m\u00eddia de v\u00eddeo educacional na sa\u00fade (30\/06\/2018)<\/strong><\/h3>\n\n\n\n<figure class=\"wp-block-image aligncenter\"><img loading=\"lazy\" decoding=\"async\" width=\"300\" height=\"214\" src=\"http:\/\/paginas.uepa.br\/mestradoesa\/wp-content\/uploads\/2018\/07\/WhatsApp-Image-2018-07-03-at-09.13.15-1-300x214.jpeg\" alt=\"\" class=\"wp-image-724\" srcset=\"https:\/\/propesp.uepa.br\/ppgesa\/wp-content\/uploads\/2018\/07\/WhatsApp-Image-2018-07-03-at-09.13.15-1-300x214.jpeg 300w, https:\/\/propesp.uepa.br\/ppgesa\/wp-content\/uploads\/2018\/07\/WhatsApp-Image-2018-07-03-at-09.13.15-1-768x549.jpeg 768w, https:\/\/propesp.uepa.br\/ppgesa\/wp-content\/uploads\/2018\/07\/WhatsApp-Image-2018-07-03-at-09.13.15-1-1024x732.jpeg 1024w, https:\/\/propesp.uepa.br\/ppgesa\/wp-content\/uploads\/2018\/07\/WhatsApp-Image-2018-07-03-at-09.13.15-1.jpeg 1068w\" sizes=\"auto, (max-width: 300px) 100vw, 300px\" \/><\/figure>\n\n\n\n<p><strong>Ministrantes: <\/strong><\/p>\n\n\n\n<p>Dra. Irland Barroncas Gonzaga<\/p>\n\n\n\n<p>Cibele da Concei\u00e7\u00e3o Oliveira Ferreira<\/p>\n\n\n\n<p>Amanda Kelly de Barros Brito<\/p>\n\n\n\n<p><strong>Coordenadores:<\/strong><\/p>\n\n\n\n<p>Dra. Lizomar de Jesus Mau\u00e9s Pereira Moia<\/p>\n\n\n\n<p>F\u00e1bio&nbsp;Costa de&nbsp;Vasconcelos<\/p>\n\n\n\n<h3 class=\"wp-block-heading\"><strong>Defesa Deborah Holanda da Silva Brayde (26\/06\/2018)<\/strong><\/h3>\n\n\n\n<figure class=\"wp-block-image\"><img loading=\"lazy\" decoding=\"async\" width=\"300\" height=\"225\" src=\"http:\/\/paginas.uepa.br\/mestradoesa\/wp-content\/uploads\/2018\/06\/WhatsApp-Image-2018-06-26-at-10.58.30-300x225.jpeg\" alt=\"\" class=\"wp-image-718\" srcset=\"https:\/\/propesp.uepa.br\/ppgesa\/wp-content\/uploads\/2018\/06\/WhatsApp-Image-2018-06-26-at-10.58.30-300x225.jpeg 300w, https:\/\/propesp.uepa.br\/ppgesa\/wp-content\/uploads\/2018\/06\/WhatsApp-Image-2018-06-26-at-10.58.30-768x576.jpeg 768w, https:\/\/propesp.uepa.br\/ppgesa\/wp-content\/uploads\/2018\/06\/WhatsApp-Image-2018-06-26-at-10.58.30-1024x768.jpeg 1024w, https:\/\/propesp.uepa.br\/ppgesa\/wp-content\/uploads\/2018\/06\/WhatsApp-Image-2018-06-26-at-10.58.30.jpeg 1032w\" sizes=\"auto, (max-width: 300px) 100vw, 300px\" \/><\/figure>\n\n\n\n<p><strong>Titulo da disserta\u00e7\u00e3o:<\/strong>&nbsp;Integra\u00e7\u00e3o ensino-servi\u00e7o: as experi\u00eancias e dificuldades dos docentes na aten\u00e7\u00e3o b\u00e1sica<\/p>\n\n\n\n<p><strong>Orientador(a):<\/strong>&nbsp;Dra. Nara Macedo Botelho<\/p>\n\n\n\n<p><strong>Banca examinadora:<\/strong><\/p>\n\n\n\n<p>Dr. Jos\u00e9 Ant\u00f4nio Cordero da Silva<\/p>\n\n\n\n<p>Dr. Renato da Costa Teixeira<\/p>\n\n\n\n<p>Dra. Roseneide dos Santos Tavares<\/p>\n\n\n\n<p>Dra. Lizomar de Jesus Mau\u00e9s Pereira Moia<\/p>\n\n\n\n<h3 class=\"wp-block-heading\"><strong>Defesa Eduardo Clajus Oliveira (25\/06\/2018)<\/strong><\/h3>\n\n\n\n<figure class=\"wp-block-image\"><img loading=\"lazy\" decoding=\"async\" width=\"300\" height=\"225\" src=\"http:\/\/paginas.uepa.br\/mestradoesa\/wp-content\/uploads\/2018\/06\/WhatsApp-Image-2018-06-26-at-11.00.19-300x225.jpeg\" alt=\"\" class=\"wp-image-715\" srcset=\"https:\/\/propesp.uepa.br\/ppgesa\/wp-content\/uploads\/2018\/06\/WhatsApp-Image-2018-06-26-at-11.00.19-300x225.jpeg 300w, https:\/\/propesp.uepa.br\/ppgesa\/wp-content\/uploads\/2018\/06\/WhatsApp-Image-2018-06-26-at-11.00.19-768x576.jpeg 768w, https:\/\/propesp.uepa.br\/ppgesa\/wp-content\/uploads\/2018\/06\/WhatsApp-Image-2018-06-26-at-11.00.19-1024x768.jpeg 1024w, https:\/\/propesp.uepa.br\/ppgesa\/wp-content\/uploads\/2018\/06\/WhatsApp-Image-2018-06-26-at-11.00.19.jpeg 1280w\" sizes=\"auto, (max-width: 300px) 100vw, 300px\" \/><\/figure>\n\n\n\n<p><strong>Titulo da disserta\u00e7\u00e3o:<\/strong> Programa educacional hospitalar de interven\u00e7\u00e3o no estilo de vida para redu\u00e7\u00e3o de risco cardiometab\u00f3lico &#8211; Um relato de experi\u00eancia.<\/p>\n\n\n\n<p><strong>Orientador(a):<\/strong> Dr. Robson Jos\u00e9 de Souza Domingues<\/p>\n\n\n\n<p><strong>Banca examinadora:<\/strong><\/p>\n\n\n\n<p>Dra. Vera L\u00facia Azevedo de Lima<\/p>\n\n\n\n<p>Dra. Marcia Bitar Potella<\/p>\n\n\n\n<p>Dra. Elaine Xavier Prestes<\/p>\n\n\n\n<h3 class=\"wp-block-heading\"><strong>Defesa Milene Ribeiro Duarte Sena (21\/06\/2018)<\/strong><\/h3>\n\n\n\n<figure class=\"wp-block-image\"><img loading=\"lazy\" decoding=\"async\" width=\"300\" height=\"225\" src=\"http:\/\/paginas.uepa.br\/mestradoesa\/wp-content\/uploads\/2018\/06\/WhatsApp-Image-2018-06-21-at-17.29.41-300x225.jpeg\" alt=\"\" class=\"wp-image-707\" srcset=\"https:\/\/propesp.uepa.br\/ppgesa\/wp-content\/uploads\/2018\/06\/WhatsApp-Image-2018-06-21-at-17.29.41-300x225.jpeg 300w, https:\/\/propesp.uepa.br\/ppgesa\/wp-content\/uploads\/2018\/06\/WhatsApp-Image-2018-06-21-at-17.29.41-768x576.jpeg 768w, https:\/\/propesp.uepa.br\/ppgesa\/wp-content\/uploads\/2018\/06\/WhatsApp-Image-2018-06-21-at-17.29.41-1024x768.jpeg 1024w, https:\/\/propesp.uepa.br\/ppgesa\/wp-content\/uploads\/2018\/06\/WhatsApp-Image-2018-06-21-at-17.29.41.jpeg 1280w\" sizes=\"auto, (max-width: 300px) 100vw, 300px\" \/><\/figure>\n\n\n\n<p><strong>Titulo da disserta\u00e7\u00e3o:<\/strong>&nbsp;Avalia\u00e7\u00e3o continuada acerca de metodologias ativas na gradua\u00e7\u00e3o em fisioterapia.<\/p>\n\n\n\n<p><strong>Orientador(a):<\/strong> Dr. Jofre Jacob Silva Freitas<\/p>\n\n\n\n<p><strong>Banca examinadora:<\/strong><\/p>\n\n\n\n<p>Dra. Solange Helena Ximenes Rocha<\/p>\n\n\n\n<p>Dra. Ilma Pastana Ferreira<\/p>\n\n\n\n<p>Dra. Val\u00e9ria Marques Ferreira Normando<\/p>\n\n\n\n<h3 class=\"wp-block-heading\"><strong>Defesa Cinthia Regina Sales Furtado Vieira (20\/06\/18)<\/strong><\/h3>\n\n\n\n<figure class=\"wp-block-image aligncenter\"><img loading=\"lazy\" decoding=\"async\" width=\"300\" height=\"225\" src=\"http:\/\/paginas.uepa.br\/mestradoesa\/wp-content\/uploads\/2018\/06\/WhatsApp-Image-2018-06-21-at-08.05.35-300x225.jpeg\" alt=\"\" class=\"wp-image-700\" srcset=\"https:\/\/propesp.uepa.br\/ppgesa\/wp-content\/uploads\/2018\/06\/WhatsApp-Image-2018-06-21-at-08.05.35-300x225.jpeg 300w, https:\/\/propesp.uepa.br\/ppgesa\/wp-content\/uploads\/2018\/06\/WhatsApp-Image-2018-06-21-at-08.05.35-768x576.jpeg 768w, https:\/\/propesp.uepa.br\/ppgesa\/wp-content\/uploads\/2018\/06\/WhatsApp-Image-2018-06-21-at-08.05.35-1024x768.jpeg 1024w, https:\/\/propesp.uepa.br\/ppgesa\/wp-content\/uploads\/2018\/06\/WhatsApp-Image-2018-06-21-at-08.05.35.jpeg 1280w\" sizes=\"auto, (max-width: 300px) 100vw, 300px\" \/><\/figure>\n\n\n\n<p><strong>Titulo da disserta\u00e7\u00e3o:<\/strong>&nbsp;Utiliza\u00e7\u00e3o de metodologia ativa de ensino na forma\u00e7\u00e3o do profissional de nutri\u00e7\u00e3o<\/p>\n\n\n\n<p><strong>Orientador(a):&nbsp;<\/strong>Rosa de F\u00e1tima da Silva Vieira Marques<\/p>\n\n\n\n<p><strong>Banca examinadora:<\/strong><\/p>\n\n\n\n<p>Dra. Xaene Maria Fernandes Duarte Mendon\u00e7a<\/p>\n\n\n\n<p>Dr. Renato da Costa Teixeira<\/p>\n\n\n\n<p>Dra. Lizomar de Jesus Mau\u00e9s Pereira Moia<\/p>\n\n\n\n<h3 class=\"wp-block-heading\"><strong>Defesa Vivaldo Gemaque de Almeida (08\/06\/2018)<\/strong><\/h3>\n\n\n\n<figure class=\"wp-block-image aligncenter\"><img loading=\"lazy\" decoding=\"async\" width=\"300\" height=\"225\" src=\"http:\/\/paginas.uepa.br\/mestradoesa\/wp-content\/uploads\/2018\/06\/WhatsApp-Image-2018-06-11-at-15.33.48-e1528742731660-300x225.jpeg\" alt=\"\" class=\"wp-image-665\" srcset=\"https:\/\/propesp.uepa.br\/ppgesa\/wp-content\/uploads\/2018\/06\/WhatsApp-Image-2018-06-11-at-15.33.48-e1528742731660-300x225.jpeg 300w, https:\/\/propesp.uepa.br\/ppgesa\/wp-content\/uploads\/2018\/06\/WhatsApp-Image-2018-06-11-at-15.33.48-e1528742731660-768x576.jpeg 768w, https:\/\/propesp.uepa.br\/ppgesa\/wp-content\/uploads\/2018\/06\/WhatsApp-Image-2018-06-11-at-15.33.48-e1528742731660-1024x768.jpeg 1024w, https:\/\/propesp.uepa.br\/ppgesa\/wp-content\/uploads\/2018\/06\/WhatsApp-Image-2018-06-11-at-15.33.48-e1528742731660.jpeg 1280w\" sizes=\"auto, (max-width: 300px) 100vw, 300px\" \/><\/figure>\n\n\n\n<p><strong>Titulo da disserta\u00e7\u00e3o:<\/strong> Autoscopia &#8211; Ferramenta pedag\u00f3gica que favorece a rela\u00e7\u00e3o m\u00e9dico-paciente.<\/p>\n\n\n\n<p><strong>Orientador(a):<\/strong> Edna Ferreira Coelho Galv\u00e3o.<\/p>\n\n\n\n<p><strong>Banca examinadora:<\/strong><\/p>\n\n\n\n<p>Dra. Edna Ferreira Coelho Galv\u00e3o<\/p>\n\n\n\n<p>Dra. Ana Cristina Pimentel Carneiro de Almeida<\/p>\n\n\n\n<p>Dr. Robson Jos\u00e9 de Souza Domingues<\/p>\n\n\n\n<p>Dra. Ilma Pastana Ferreira<\/p>\n<\/div><\/div>\n","protected":false},"excerpt":{"rendered":"<p>GALERIA Defesa Simone Argentino (31\/05\/2019) Aula inaugural do m\u00f3dulo Educa\u00e7\u00e3o em Sa\u00fade na Amaz\u00f4nia I (28\/03\/2019) Qualifica\u00e7\u00e3o Daniele Lima dos Santos Reis (12\/03\/2019) Defesa&nbsp;Daniel Figueiredo Alves da Silva (12\/02\/2019) Planejamento e avalia\u00e7\u00e3o de curso (11\/08\/2018) &nbsp; &nbsp; Oficina: Como elaborar uma m\u00eddia de v\u00eddeo educacional na sa\u00fade (30\/06\/2018) Ministrantes: Dra. Irland Barroncas Gonzaga Cibele da &hellip;<\/p>\n<p class=\"read-more\"> <a class=\"\" href=\"https:\/\/propesp.uepa.br\/ppgesa\/galeria\/\"> <span class=\"screen-reader-text\">GALERIA<\/span> Leia mais &raquo;<\/a><\/p>\n","protected":false},"author":2,"featured_media":0,"parent":0,"menu_order":0,"comment_status":"closed","ping_status":"closed","template":"","meta":{"_uag_custom_page_level_css":"","site-sidebar-layout":"default","site-content-layout":"default","ast-site-content-layout":"default","site-content-style":"default","site-sidebar-style":"default","ast-global-header-display":"","ast-banner-title-visibility":"","ast-main-header-display":"","ast-hfb-above-header-display":"","ast-hfb-below-header-display":"","ast-hfb-mobile-header-display":"","site-post-title":"disabled","ast-breadcrumbs-content":"","ast-featured-img":"","footer-sml-layout":"","theme-transparent-header-meta":"default","adv-header-id-meta":"","stick-header-meta":"","header-above-stick-meta":"","header-main-stick-meta":"","header-below-stick-meta":"","astra-migrate-meta-layouts":"set","footnotes":""},"class_list":["post-796","page","type-page","status-publish","hentry"],"uagb_featured_image_src":{"full":false,"thumbnail":false,"medium":false,"medium_large":false,"large":false,"1536x1536":false,"2048x2048":false},"uagb_author_info":{"display_name":"admin@uepa.br","author_link":"https:\/\/propesp.uepa.br\/ppgesa\/author\/adminuepa-br\/"},"uagb_comment_info":0,"uagb_excerpt":"GALERIA Defesa Simone Argentino (31\/05\/2019) Aula inaugural do m\u00f3dulo Educa\u00e7\u00e3o em Sa\u00fade na Amaz\u00f4nia I (28\/03\/2019) Qualifica\u00e7\u00e3o Daniele Lima dos Santos Reis (12\/03\/2019) Defesa&nbsp;Daniel Figueiredo Alves da Silva (12\/02\/2019) Planejamento e avalia\u00e7\u00e3o de curso (11\/08\/2018) &nbsp; &nbsp; Oficina: Como elaborar uma m\u00eddia de v\u00eddeo educacional na sa\u00fade (30\/06\/2018) Ministrantes: Dra. Irland Barroncas Gonzaga Cibele da&hellip;","_links":{"self":[{"href":"https:\/\/propesp.uepa.br\/ppgesa\/wp-json\/wp\/v2\/pages\/796","targetHints":{"allow":["GET"]}}],"collection":[{"href":"https:\/\/propesp.uepa.br\/ppgesa\/wp-json\/wp\/v2\/pages"}],"about":[{"href":"https:\/\/propesp.uepa.br\/ppgesa\/wp-json\/wp\/v2\/types\/page"}],"author":[{"embeddable":true,"href":"https:\/\/propesp.uepa.br\/ppgesa\/wp-json\/wp\/v2\/users\/2"}],"replies":[{"embeddable":true,"href":"https:\/\/propesp.uepa.br\/ppgesa\/wp-json\/wp\/v2\/comments?post=796"}],"version-history":[{"count":21,"href":"https:\/\/propesp.uepa.br\/ppgesa\/wp-json\/wp\/v2\/pages\/796\/revisions"}],"predecessor-version":[{"id":6009,"href":"https:\/\/propesp.uepa.br\/ppgesa\/wp-json\/wp\/v2\/pages\/796\/revisions\/6009"}],"wp:attachment":[{"href":"https:\/\/propesp.uepa.br\/ppgesa\/wp-json\/wp\/v2\/media?parent=796"}],"curies":[{"name":"wp","href":"https:\/\/api.w.org\/{rel}","templated":true}]}}