{"id":31,"date":"2023-08-28T15:20:25","date_gmt":"2023-08-28T18:20:25","guid":{"rendered":"https:\/\/propesp.uepa.br\/ppgmusa\/?page_id=31"},"modified":"2024-03-12T16:30:26","modified_gmt":"2024-03-12T19:30:26","slug":"docentes","status":"publish","type":"page","link":"https:\/\/propesp.uepa.br\/ppgmusa\/index.php\/docentes\/","title":{"rendered":"DOCENTES"},"content":{"rendered":"\n<div class=\"wp-block-uagb-container uagb-block-1f19ef3e alignfull uagb-is-root-container\"><div class=\"uagb-container-inner-blocks-wrap\">\n<div class=\"wp-block-uagb-container uagb-block-b5a54dcf alignfull uagb-is-root-container\"><div class=\"uagb-container-inner-blocks-wrap\">\n<div class=\"wp-block-uagb-container uagb-block-0d7ef45c alignfull uagb-is-root-container\"><div class=\"uagb-container-inner-blocks-wrap\">\n<div class=\"wp-block-uagb-container uagb-block-5ef0ccf0\">\n<div class=\"wp-block-uagb-image aligncenter uagb-block-37f04388 wp-block-uagb-image--layout-default wp-block-uagb-image--effect-static wp-block-uagb-image--align-center\"><figure class=\"wp-block-uagb-image__figure\"><img decoding=\"async\" srcset=\"https:\/\/propesp.uepa.br\/ppgmusa\/wp-content\/uploads\/2023\/08\/Foto-Ana-Maria-fundo-colorido-e1693344916170-150x150.jpeg ,https:\/\/propesp.uepa.br\/forum\/2024\/wp-content\/uploads\/2024\/02\/Altem-Nascimento-Pontes-edited.jpeg 780w, https:\/\/propesp.uepa.br\/ppgmusa\/wp-content\/uploads\/2023\/08\/Foto-Ana-Maria-fundo-colorido-e1693344916170-150x150.jpeg 360w\" sizes=\"auto, (max-width: 480px) 150px\" src=\"https:\/\/propesp.uepa.br\/ppgmusa\/wp-content\/uploads\/2023\/08\/Foto-Ana-Maria-fundo-colorido-e1693344916170-150x150.jpeg\" alt=\"\" class=\"uag-image-135\" width=\"150\" height=\"150\" title=\"\" loading=\"lazy\"\/><\/figure><\/div>\n\n\n\n<div class=\"wp-block-uagb-advanced-heading uagb-block-0bb8d5b3\"><h4 class=\"uagb-heading-text\">Dr.\u00aa Ana Maria de Castro Souza<\/h4><\/div>\n\n\n\n<p class=\"has-text-align-center\"><strong>Docente permanente<\/strong><br>Linha de Pesquisa: M\u00fasica e Forma\u00e7\u00e3o<\/p>\n\n\n\n<div class=\"wp-block-uagb-buttons uagb-buttons__outer-wrap uagb-btn__default-btn uagb-btn-tablet__default-btn uagb-btn-mobile__default-btn uagb-block-fd30cfb6\"><div class=\"uagb-buttons__wrap uagb-buttons-layout-wrap\">\n<div class=\"wp-block-uagb-buttons-child uagb-buttons__outer-wrap uagb-block-8203e457 wp-block-button\"><div class=\"uagb-button__wrapper\"><a class=\"uagb-buttons-repeater wp-block-button__link\" href=\"https:\/\/buscatextual.cnpq.br\/buscatextual\/visualizacv.do?metodo=apresentar&amp;id=K4778423D9\" onclick=\"return true;\" rel=\"follow noopener\" target=\"_blank\"><div class=\"uagb-button__link\">Acesso ao Lattes<\/div><\/a><\/div><\/div>\n<\/div><\/div>\n<\/div>\n\n\n\n<div class=\"wp-block-uagb-container uagb-block-7d4cb214\">\n<div class=\"wp-block-uagb-image aligncenter uagb-block-40838b2a wp-block-uagb-image--layout-default wp-block-uagb-image--effect-static wp-block-uagb-image--align-center\"><figure class=\"wp-block-uagb-image__figure\"><img decoding=\"async\" srcset=\"https:\/\/propesp.uepa.br\/ppgmusa\/wp-content\/uploads\/2023\/08\/Foto-Ana-Paula-fundo-colorido-150x150.jpg ,https:\/\/propesp.uepa.br\/forum\/2024\/wp-content\/uploads\/2024\/02\/Altem-Nascimento-Pontes-edited.jpeg 780w, https:\/\/propesp.uepa.br\/ppgmusa\/wp-content\/uploads\/2023\/08\/Foto-Ana-Paula-fundo-colorido-150x150.jpg 360w\" sizes=\"auto, (max-width: 480px) 150px\" src=\"https:\/\/propesp.uepa.br\/ppgmusa\/wp-content\/uploads\/2023\/08\/Foto-Ana-Paula-fundo-colorido-150x150.jpg\" alt=\"\" class=\"uag-image-134\" width=\"150\" height=\"150\" title=\"\" loading=\"lazy\"\/><\/figure><\/div>\n\n\n\n<div class=\"wp-block-uagb-advanced-heading uagb-block-634480cc\"><h4 class=\"uagb-heading-text\">Dr.\u00aa Ana Paula Cunha dos Santos Fernandes<\/h4><\/div>\n\n\n\n<p class=\"has-text-align-center\"><strong>Docente permanente<\/strong><br>Linha de Pesquisa: M\u00fasica e Forma\u00e7\u00e3o<\/p>\n\n\n\n<div class=\"wp-block-uagb-buttons uagb-buttons__outer-wrap uagb-btn__default-btn uagb-btn-tablet__default-btn uagb-btn-mobile__default-btn uagb-block-aa0bc367\"><div class=\"uagb-buttons__wrap uagb-buttons-layout-wrap\">\n<div class=\"wp-block-uagb-buttons-child uagb-buttons__outer-wrap uagb-block-65d9a7b2 wp-block-button\"><div class=\"uagb-button__wrapper\"><a class=\"uagb-buttons-repeater wp-block-button__link\" href=\"https:\/\/buscatextual.cnpq.br\/buscatextual\/visualizacv.do?id=K4592840D8&amp;tokenCaptchar=03AFcWeA51On6OfJEYJAtKIejZuu-AaUZqdm9A5nkeD5-IU2cD5Okk-TXG-mIz4vs0ZrEgQVVR8jAYEfNjDOTCFoLDvnF7pyu8ZOD0WUtAcVKcCiX8yAHuiwd1f-AliRXjKhwIug-P45WgEYtMjyqqe5_oIFdOdMAy8y8djhsZeg3Ms--YWUi1a1FfqLCEkqQVZaxw4k2ZxoVOQ3WpfR6Vlxo7M8016jP766D4V0fQhRWkUenBZZEusarDv3BglBEro5XfWtkHRsNrq5rwV-O1w9my8EHCTgqV3NQYYkvovAV80ffhkd6gSnNRHgQXMKppw5POwCBkk819YRpeovfZ8y-LeRwkRWPDWqF4VCeiUj89XxEiBNCM7T1x7obMHKEiOw2Jw28jR74kmz2yNOzeQhlzucImeXdM75Q7AtIDdFaKMU7bL39l2_pmYbr9U9s_j2DnkDAE3y3uI12Yu--bznRz0neQ_J-JMiptkaLSAZ_lbMEq9LIAteeLyzNGOv5ZPHIYVxF2Kumh3HQCArwxCqRy5zqnGV82lFYBQ5xVIifli-QZEewf3d-CCYAOjbdW5eQaK9yhPxQV5-Moz3s8zskC8ybc205EwdA2ra20AUrgffr8grM3JrPdo_kb4JKmJNSW9ksKbeVtwHdfFo2f-X8nM3ksszDpqe4vCt0lFhR9FC4tV2R-COQ\" onclick=\"return true;\" rel=\"follow noopener\" target=\"_blank\"><div class=\"uagb-button__link\">Acesso ao Lattes<\/div><\/a><\/div><\/div>\n<\/div><\/div>\n<\/div>\n\n\n\n<div class=\"wp-block-uagb-container uagb-block-01a2d016\">\n<div class=\"wp-block-uagb-image aligncenter uagb-block-964f6f47 wp-block-uagb-image--layout-default wp-block-uagb-image--effect-static wp-block-uagb-image--align-center\"><figure class=\"wp-block-uagb-image__figure\"><img decoding=\"async\" srcset=\"https:\/\/propesp.uepa.br\/ppgmusa\/wp-content\/uploads\/2023\/08\/Foto-Augusto-fundo-colorido-150x150.jpg ,https:\/\/propesp.uepa.br\/forum\/2024\/wp-content\/uploads\/2024\/02\/Altem-Nascimento-Pontes-edited.jpeg 780w, https:\/\/propesp.uepa.br\/ppgmusa\/wp-content\/uploads\/2023\/08\/Foto-Augusto-fundo-colorido-150x150.jpg 360w\" sizes=\"auto, (max-width: 480px) 150px\" src=\"https:\/\/propesp.uepa.br\/ppgmusa\/wp-content\/uploads\/2023\/08\/Foto-Augusto-fundo-colorido-150x150.jpg\" alt=\"\" class=\"uag-image-143\" width=\"150\" height=\"150\" title=\"\" loading=\"lazy\"\/><\/figure><\/div>\n\n\n\n<div class=\"wp-block-uagb-advanced-heading uagb-block-08ab02ed\"><h4 class=\"uagb-heading-text\">Dr. Carlos Augusto Pinheiro Souto<\/h4><\/div>\n\n\n\n<p class=\"has-text-align-center\"><strong>Docente permanente<\/strong><br>Linha de Pesquisa: M\u00fasica e Forma\u00e7\u00e3o<\/p>\n\n\n\n<div class=\"wp-block-uagb-buttons uagb-buttons__outer-wrap uagb-btn__default-btn uagb-btn-tablet__default-btn uagb-btn-mobile__default-btn uagb-block-0b67bfa3\"><div class=\"uagb-buttons__wrap uagb-buttons-layout-wrap\">\n<div class=\"wp-block-uagb-buttons-child uagb-buttons__outer-wrap uagb-block-0da3cabb wp-block-button\"><div class=\"uagb-button__wrapper\"><a class=\"uagb-buttons-repeater wp-block-button__link\" href=\"http:\/\/lattes.cnpq.br\/1726104348762182\" onclick=\"return true;\" rel=\"follow noopener\" target=\"_blank\"><div class=\"uagb-button__link\">Acesso ao Lattes<\/div><\/a><\/div><\/div>\n<\/div><\/div>\n<\/div>\n\n\n\n<div class=\"wp-block-uagb-container uagb-block-8343988d\">\n<div class=\"wp-block-uagb-image aligncenter uagb-block-91d6f59d wp-block-uagb-image--layout-default wp-block-uagb-image--effect-static wp-block-uagb-image--align-center\"><figure class=\"wp-block-uagb-image__figure\"><img decoding=\"async\" srcset=\"https:\/\/propesp.uepa.br\/ppgmusa\/wp-content\/uploads\/2023\/08\/Foto-Dione-fundo-colorido-e1693345049560-150x150.jpg ,https:\/\/propesp.uepa.br\/forum\/2024\/wp-content\/uploads\/2024\/02\/Altem-Nascimento-Pontes-edited.jpeg 780w, https:\/\/propesp.uepa.br\/ppgmusa\/wp-content\/uploads\/2023\/08\/Foto-Dione-fundo-colorido-e1693345049560-150x150.jpg 360w\" sizes=\"auto, (max-width: 480px) 150px\" src=\"https:\/\/propesp.uepa.br\/ppgmusa\/wp-content\/uploads\/2023\/08\/Foto-Dione-fundo-colorido-e1693345049560-150x150.jpg\" alt=\"\" class=\"uag-image-133\" width=\"150\" height=\"150\" title=\"\" loading=\"lazy\"\/><\/figure><\/div>\n\n\n\n<div class=\"wp-block-uagb-advanced-heading uagb-block-9e91b5ef\"><h4 class=\"uagb-heading-text\">Dr.\u00aa Dione Colares de Souza<\/h4><\/div>\n\n\n\n<p class=\"has-text-align-center\"><strong>Docente permanente<\/strong><br>Linha de Pesquisa: M\u00fasica e Cultura<\/p>\n\n\n\n<div class=\"wp-block-uagb-buttons uagb-buttons__outer-wrap uagb-btn__default-btn uagb-btn-tablet__default-btn uagb-btn-mobile__default-btn uagb-block-9a58bb95\"><div class=\"uagb-buttons__wrap uagb-buttons-layout-wrap\">\n<div class=\"wp-block-uagb-buttons-child uagb-buttons__outer-wrap uagb-block-3c0bc227 wp-block-button\"><div class=\"uagb-button__wrapper\"><a class=\"uagb-buttons-repeater wp-block-button__link\" href=\"https:\/\/buscatextual.cnpq.br\/buscatextual\/visualizacv.do?metodo=apresentar&amp;id=K4778013Z5\" onclick=\"return true;\" rel=\"follow noopener\" target=\"_blank\"><div class=\"uagb-button__link\">Acesso ao Lattes<\/div><\/a><\/div><\/div>\n<\/div><\/div>\n<\/div>\n\n\n\n<div class=\"wp-block-uagb-container uagb-block-41121f9e\">\n<div class=\"wp-block-uagb-image aligncenter uagb-block-8d42b8f2 wp-block-uagb-image--layout-default wp-block-uagb-image--effect-static wp-block-uagb-image--align-center\"><figure class=\"wp-block-uagb-image__figure\"><img decoding=\"async\" srcset=\"https:\/\/propesp.uepa.br\/ppgmusa\/wp-content\/uploads\/2023\/08\/Foto-Jessika-fundo-claro-e1693345175426-150x150.jpg ,https:\/\/propesp.uepa.br\/forum\/2024\/wp-content\/uploads\/2024\/02\/Altem-Nascimento-Pontes-edited.jpeg 780w, https:\/\/propesp.uepa.br\/ppgmusa\/wp-content\/uploads\/2023\/08\/Foto-Jessika-fundo-claro-e1693345175426-150x150.jpg 360w\" sizes=\"auto, (max-width: 480px) 150px\" src=\"https:\/\/propesp.uepa.br\/ppgmusa\/wp-content\/uploads\/2023\/08\/Foto-Jessika-fundo-claro-e1693345175426-150x150.jpg\" alt=\"\" class=\"uag-image-132\" width=\"150\" height=\"150\" title=\"\" loading=\"lazy\"\/><\/figure><\/div>\n\n\n\n<div class=\"wp-block-uagb-advanced-heading uagb-block-1a07b56e\"><h4 class=\"uagb-heading-text\">Dr.\u00aa Jessika Rodrigues da Silva<\/h4><\/div>\n\n\n\n<p class=\"has-text-align-center\"><strong>Docente permanente<\/strong><br>Linha de Pesquisa: M\u00fasica e Forma\u00e7\u00e3o<\/p>\n\n\n\n<div class=\"wp-block-uagb-buttons uagb-buttons__outer-wrap uagb-btn__default-btn uagb-btn-tablet__default-btn uagb-btn-mobile__default-btn uagb-block-b4666b00\"><div class=\"uagb-buttons__wrap uagb-buttons-layout-wrap\">\n<div class=\"wp-block-uagb-buttons-child uagb-buttons__outer-wrap uagb-block-f088fe02 wp-block-button\"><div class=\"uagb-button__wrapper\"><a class=\"uagb-buttons-repeater wp-block-button__link\" href=\"https:\/\/buscatextual.cnpq.br\/buscatextual\/visualizacv.do?metodo=apresentar&amp;id=K4489722T0\" onclick=\"return true;\" rel=\"follow noopener\" target=\"_blank\"><div class=\"uagb-button__link\">Acesso ao Lattes<\/div><\/a><\/div><\/div>\n<\/div><\/div>\n<\/div>\n\n\n\n<div class=\"wp-block-uagb-container uagb-block-3dea4003\">\n<div class=\"wp-block-uagb-image aligncenter uagb-block-d8795ba8 wp-block-uagb-image--layout-default wp-block-uagb-image--effect-static wp-block-uagb-image--align-center\"><figure class=\"wp-block-uagb-image__figure\"><img decoding=\"async\" srcset=\"https:\/\/propesp.uepa.br\/ppgmusa\/wp-content\/uploads\/2023\/08\/Foto-Jonas-fundo-preto-e1693345215935.jpg ,https:\/\/propesp.uepa.br\/forum\/2024\/wp-content\/uploads\/2024\/02\/Altem-Nascimento-Pontes-edited.jpeg 780w, https:\/\/propesp.uepa.br\/ppgmusa\/wp-content\/uploads\/2023\/08\/Foto-Jonas-fundo-preto-e1693345215935-150x150.jpg 360w\" sizes=\"auto, (max-width: 480px) 150px\" src=\"https:\/\/propesp.uepa.br\/ppgmusa\/wp-content\/uploads\/2023\/08\/Foto-Jonas-fundo-preto-e1693345215935.jpg\" alt=\"\" class=\"uag-image-129\" width=\"150\" height=\"150\" title=\"\" loading=\"lazy\"\/><\/figure><\/div>\n\n\n\n<div class=\"wp-block-uagb-advanced-heading uagb-block-b2266708\"><h4 class=\"uagb-heading-text\">Dr. Jonas Monteiro Arraes<\/h4><\/div>\n\n\n\n<p class=\"has-text-align-center\"><strong>Docente permanente<\/strong><br>Linha de Pesquisa: M\u00fasica e Cultura<\/p>\n\n\n\n<div class=\"wp-block-uagb-buttons uagb-buttons__outer-wrap uagb-btn__default-btn uagb-btn-tablet__default-btn uagb-btn-mobile__default-btn uagb-block-098fa178\"><div class=\"uagb-buttons__wrap uagb-buttons-layout-wrap\">\n<div class=\"wp-block-uagb-buttons-child uagb-buttons__outer-wrap uagb-block-cc9d9b45 wp-block-button\"><div class=\"uagb-button__wrapper\"><a class=\"uagb-buttons-repeater wp-block-button__link\" href=\"https:\/\/buscatextual.cnpq.br\/buscatextual\/visualizacv.do?metodo=apresentar&amp;id=K4210399H9\" onclick=\"return true;\" rel=\"follow noopener\" target=\"_blank\"><div class=\"uagb-button__link\">Acesso ao Lattes<\/div><\/a><\/div><\/div>\n<\/div><\/div>\n<\/div>\n\n\n\n<div class=\"wp-block-uagb-container uagb-block-7690d87d\">\n<div class=\"wp-block-uagb-image aligncenter uagb-block-b510700b wp-block-uagb-image--layout-default wp-block-uagb-image--effect-static wp-block-uagb-image--align-center\"><figure class=\"wp-block-uagb-image__figure\"><img decoding=\"async\" srcset=\"https:\/\/propesp.uepa.br\/ppgmusa\/wp-content\/uploads\/2023\/08\/Foto-Jorgete-fundo-colorido-e1693345252717-150x150.jpg ,https:\/\/propesp.uepa.br\/forum\/2024\/wp-content\/uploads\/2024\/02\/Altem-Nascimento-Pontes-edited.jpeg 780w, https:\/\/propesp.uepa.br\/ppgmusa\/wp-content\/uploads\/2023\/08\/Foto-Jorgete-fundo-colorido-e1693345252717-150x150.jpg 360w\" sizes=\"auto, (max-width: 480px) 150px\" src=\"https:\/\/propesp.uepa.br\/ppgmusa\/wp-content\/uploads\/2023\/08\/Foto-Jorgete-fundo-colorido-e1693345252717-150x150.jpg\" alt=\"\" class=\"uag-image-128\" width=\"150\" height=\"150\" title=\"\" loading=\"lazy\"\/><\/figure><\/div>\n\n\n\n<div class=\"wp-block-uagb-advanced-heading uagb-block-918b7959\"><h4 class=\"uagb-heading-text\">Dr.\u00aa Jorgete Maria Portal Lago<\/h4><\/div>\n\n\n\n<p class=\"has-text-align-center\"><strong>Docente permanente<\/strong><br>Linha de Pesquisa: M\u00fasica e Cultura<\/p>\n\n\n\n<div class=\"wp-block-uagb-buttons uagb-buttons__outer-wrap uagb-btn__default-btn uagb-btn-tablet__default-btn uagb-btn-mobile__default-btn uagb-block-586ef7c1\"><div class=\"uagb-buttons__wrap uagb-buttons-layout-wrap\">\n<div class=\"wp-block-uagb-buttons-child uagb-buttons__outer-wrap uagb-block-ef1ad4c6 wp-block-button\"><div class=\"uagb-button__wrapper\"><a class=\"uagb-buttons-repeater wp-block-button__link\" href=\"https:\/\/buscatextual.cnpq.br\/buscatextual\/visualizacv.do?metodo=apresentar&amp;id=K4264171U6\" onclick=\"return true;\" rel=\"follow noopener\" target=\"_blank\"><div class=\"uagb-button__link\">Acesso ao Lattes<\/div><\/a><\/div><\/div>\n<\/div><\/div>\n<\/div>\n\n\n\n<div class=\"wp-block-uagb-container uagb-block-13fc7d0c\">\n<div class=\"wp-block-uagb-image aligncenter uagb-block-dd8df890 wp-block-uagb-image--layout-default wp-block-uagb-image--effect-static wp-block-uagb-image--align-center\"><figure class=\"wp-block-uagb-image__figure\"><img decoding=\"async\" srcset=\"https:\/\/propesp.uepa.br\/ppgmusa\/wp-content\/uploads\/2023\/08\/Foto-Ruy-fundo-colorido-150x150.jpg ,https:\/\/propesp.uepa.br\/forum\/2024\/wp-content\/uploads\/2024\/02\/Altem-Nascimento-Pontes-edited.jpeg 780w, https:\/\/propesp.uepa.br\/ppgmusa\/wp-content\/uploads\/2023\/08\/Foto-Ruy-fundo-colorido-150x150.jpg 360w\" sizes=\"auto, (max-width: 480px) 150px\" src=\"https:\/\/propesp.uepa.br\/ppgmusa\/wp-content\/uploads\/2023\/08\/Foto-Ruy-fundo-colorido-150x150.jpg\" alt=\"\" class=\"uag-image-130\" width=\"150\" height=\"150\" title=\"\" loading=\"lazy\"\/><\/figure><\/div>\n\n\n\n<div class=\"wp-block-uagb-advanced-heading uagb-block-01775ba6\"><h4 class=\"uagb-heading-text\">Dr. Jos\u00e9 Ruy Henderson Filho<\/h4><\/div>\n\n\n\n<p class=\"has-text-align-center\"><strong>Docente permanente<\/strong><br>Linha de Pesquisa: M\u00fasica e Forma\u00e7\u00e3o<\/p>\n\n\n\n<div class=\"wp-block-uagb-buttons uagb-buttons__outer-wrap uagb-btn__default-btn uagb-btn-tablet__default-btn uagb-btn-mobile__default-btn uagb-block-0d86051d\"><div class=\"uagb-buttons__wrap uagb-buttons-layout-wrap\">\n<div class=\"wp-block-uagb-buttons-child uagb-buttons__outer-wrap uagb-block-5ba6b6b4 wp-block-button\"><div class=\"uagb-button__wrapper\"><a class=\"uagb-buttons-repeater wp-block-button__link\" href=\"https:\/\/buscatextual.cnpq.br\/buscatextual\/visualizacv.do?metodo=apresentar&amp;id=K4778065Y0\" onclick=\"return true;\" rel=\"follow noopener\" target=\"_blank\"><div class=\"uagb-button__link\">Acesso ao Lattes<\/div><\/a><\/div><\/div>\n<\/div><\/div>\n<\/div>\n\n\n\n<div class=\"wp-block-uagb-container uagb-block-3b63e387\">\n<div class=\"wp-block-uagb-image aligncenter uagb-block-11c0b3c1 wp-block-uagb-image--layout-default wp-block-uagb-image--effect-static wp-block-uagb-image--align-center\"><figure class=\"wp-block-uagb-image__figure\"><img decoding=\"async\" srcset=\"https:\/\/propesp.uepa.br\/ppgmusa\/wp-content\/uploads\/2023\/08\/Foto-Paulo-Murilo-fundo-colorido-150x150.jpeg ,https:\/\/propesp.uepa.br\/forum\/2024\/wp-content\/uploads\/2024\/02\/Altem-Nascimento-Pontes-edited.jpeg 780w, https:\/\/propesp.uepa.br\/ppgmusa\/wp-content\/uploads\/2023\/08\/Foto-Paulo-Murilo-fundo-colorido-150x150.jpeg 360w\" sizes=\"auto, (max-width: 480px) 150px\" src=\"https:\/\/propesp.uepa.br\/ppgmusa\/wp-content\/uploads\/2023\/08\/Foto-Paulo-Murilo-fundo-colorido-150x150.jpeg\" alt=\"\" class=\"uag-image-127\" width=\"150\" height=\"150\" title=\"\" loading=\"lazy\"\/><\/figure><\/div>\n\n\n\n<div class=\"wp-block-uagb-advanced-heading uagb-block-561846b1\"><h4 class=\"uagb-heading-text\">Dr. Paulo Murilo Guerreiro do Amaral<\/h4><\/div>\n\n\n\n<p class=\"has-text-align-center\"><strong>Docente permanente<\/strong><br>Linha de Pesquisa: M\u00fasica e Cultura<\/p>\n\n\n\n<div class=\"wp-block-uagb-buttons uagb-buttons__outer-wrap uagb-btn__default-btn uagb-btn-tablet__default-btn uagb-btn-mobile__default-btn uagb-block-863726f4\"><div class=\"uagb-buttons__wrap uagb-buttons-layout-wrap\">\n<div class=\"wp-block-uagb-buttons-child uagb-buttons__outer-wrap uagb-block-e54def12 wp-block-button\"><div class=\"uagb-button__wrapper\"><a class=\"uagb-buttons-repeater wp-block-button__link\" href=\"https:\/\/buscatextual.cnpq.br\/buscatextual\/visualizacv.do?metodo=apresentar&amp;id=K4751274D2\" onclick=\"return true;\" rel=\"follow noopener\" target=\"_blank\"><div class=\"uagb-button__link\">Acesso ao Lattes<\/div><\/a><\/div><\/div>\n<\/div><\/div>\n<\/div>\n\n\n\n<div class=\"wp-block-uagb-container uagb-block-47836eac\">\n<div class=\"wp-block-uagb-image aligncenter uagb-block-b3628125 wp-block-uagb-image--layout-default wp-block-uagb-image--effect-static wp-block-uagb-image--align-center\"><figure class=\"wp-block-uagb-image__figure\"><img decoding=\"async\" srcset=\"https:\/\/propesp.uepa.br\/ppgmusa\/wp-content\/uploads\/2023\/08\/Foto-Taina-fundo-colorido-scaled-e1693345343894-150x150.jpg ,https:\/\/propesp.uepa.br\/forum\/2024\/wp-content\/uploads\/2024\/02\/Altem-Nascimento-Pontes-edited.jpeg 780w, https:\/\/propesp.uepa.br\/ppgmusa\/wp-content\/uploads\/2023\/08\/Foto-Taina-fundo-colorido-scaled-e1693345343894-150x150.jpg 360w\" sizes=\"auto, (max-width: 480px) 150px\" src=\"https:\/\/propesp.uepa.br\/ppgmusa\/wp-content\/uploads\/2023\/08\/Foto-Taina-fundo-colorido-scaled-e1693345343894-150x150.jpg\" alt=\"\" class=\"uag-image-126\" width=\"150\" height=\"150\" title=\"\" loading=\"lazy\"\/><\/figure><\/div>\n\n\n\n<div class=\"wp-block-uagb-advanced-heading uagb-block-3582fd06\"><h4 class=\"uagb-heading-text\">Dr.\u00aa Tain\u00e1 Maria Magalh\u00e3es Fa\u00e7anha<\/h4><\/div>\n\n\n\n<p class=\"has-text-align-center\"><strong>Docente permanente<\/strong><br>Linha de Pesquisa: M\u00fasica e Cultura<\/p>\n\n\n\n<div class=\"wp-block-uagb-buttons uagb-buttons__outer-wrap uagb-btn__default-btn uagb-btn-tablet__default-btn uagb-btn-mobile__default-btn uagb-block-afba0d9e\"><div class=\"uagb-buttons__wrap uagb-buttons-layout-wrap\">\n<div class=\"wp-block-uagb-buttons-child uagb-buttons__outer-wrap uagb-block-c97385a4 wp-block-button\"><div class=\"uagb-button__wrapper\"><a class=\"uagb-buttons-repeater wp-block-button__link\" href=\"https:\/\/buscatextual.cnpq.br\/buscatextual\/visualizacv.do?metodo=apresentar&amp;id=K4477079J8\" onclick=\"return true;\" rel=\"follow noopener\" target=\"_blank\"><div class=\"uagb-button__link\">Acesso ao Lattes<\/div><\/a><\/div><\/div>\n<\/div><\/div>\n<\/div>\n<\/div><\/div>\n<\/div><\/div>\n<\/div><\/div>\n","protected":false},"excerpt":{"rendered":"<p>Dr.\u00aa Ana Maria de Castro Souza Docente permanenteLinha de Pesquisa: M\u00fasica e Forma\u00e7\u00e3o Dr.\u00aa Ana Paula Cunha dos Santos Fernandes Docente permanenteLinha de Pesquisa: M\u00fasica e Forma\u00e7\u00e3o Dr. Carlos Augusto Pinheiro Souto Docente permanenteLinha de Pesquisa: M\u00fasica e Forma\u00e7\u00e3o Dr.\u00aa Dione Colares de Souza Docente permanenteLinha de Pesquisa: M\u00fasica e Cultura Dr.\u00aa Jessika Rodrigues da &hellip;<\/p>\n<p class=\"read-more\"> <a class=\"\" href=\"https:\/\/propesp.uepa.br\/ppgmusa\/index.php\/docentes\/\"> <span class=\"screen-reader-text\">DOCENTES<\/span> Leia mais &raquo;<\/a><\/p>\n","protected":false},"author":1,"featured_media":0,"parent":0,"menu_order":0,"comment_status":"closed","ping_status":"closed","template":"","meta":{"_uag_custom_page_level_css":"","site-sidebar-layout":"no-sidebar","site-content-layout":"plain-container","ast-global-header-display":"","ast-banner-title-visibility":"","ast-main-header-display":"","ast-hfb-above-header-display":"","ast-hfb-below-header-display":"","ast-hfb-mobile-header-display":"","site-post-title":"","ast-breadcrumbs-content":"","ast-featured-img":"","footer-sml-layout":"","theme-transparent-header-meta":"","adv-header-id-meta":"","stick-header-meta":"","header-above-stick-meta":"","header-main-stick-meta":"","header-below-stick-meta":"","footnotes":""},"class_list":["post-31","page","type-page","status-publish","hentry"],"uagb_featured_image_src":{"full":false,"thumbnail":false,"medium":false,"medium_large":false,"large":false,"1536x1536":false,"2048x2048":false},"uagb_author_info":{"display_name":"adminsites@uepa.br","author_link":"https:\/\/propesp.uepa.br\/ppgmusa\/index.php\/author\/adminsitesuepa-br\/"},"uagb_comment_info":0,"uagb_excerpt":"Dr.\u00aa Ana Maria de Castro Souza Docente permanenteLinha de Pesquisa: M\u00fasica e Forma\u00e7\u00e3o Dr.\u00aa Ana Paula Cunha dos Santos Fernandes Docente permanenteLinha de Pesquisa: M\u00fasica e Forma\u00e7\u00e3o Dr. Carlos Augusto Pinheiro Souto Docente permanenteLinha de Pesquisa: M\u00fasica e Forma\u00e7\u00e3o Dr.\u00aa Dione Colares de Souza Docente permanenteLinha de Pesquisa: M\u00fasica e Cultura Dr.\u00aa Jessika Rodrigues da&hellip;","_links":{"self":[{"href":"https:\/\/propesp.uepa.br\/ppgmusa\/index.php\/wp-json\/wp\/v2\/pages\/31","targetHints":{"allow":["GET"]}}],"collection":[{"href":"https:\/\/propesp.uepa.br\/ppgmusa\/index.php\/wp-json\/wp\/v2\/pages"}],"about":[{"href":"https:\/\/propesp.uepa.br\/ppgmusa\/index.php\/wp-json\/wp\/v2\/types\/page"}],"author":[{"embeddable":true,"href":"https:\/\/propesp.uepa.br\/ppgmusa\/index.php\/wp-json\/wp\/v2\/users\/1"}],"replies":[{"embeddable":true,"href":"https:\/\/propesp.uepa.br\/ppgmusa\/index.php\/wp-json\/wp\/v2\/comments?post=31"}],"version-history":[{"count":41,"href":"https:\/\/propesp.uepa.br\/ppgmusa\/index.php\/wp-json\/wp\/v2\/pages\/31\/revisions"}],"predecessor-version":[{"id":633,"href":"https:\/\/propesp.uepa.br\/ppgmusa\/index.php\/wp-json\/wp\/v2\/pages\/31\/revisions\/633"}],"wp:attachment":[{"href":"https:\/\/propesp.uepa.br\/ppgmusa\/index.php\/wp-json\/wp\/v2\/media?parent=31"}],"curies":[{"name":"wp","href":"https:\/\/api.w.org\/{rel}","templated":true}]}}