{"id":52,"date":"2023-08-28T15:37:42","date_gmt":"2023-08-28T18:37:42","guid":{"rendered":"https:\/\/propesp.uepa.br\/ppgmusa\/?page_id=52"},"modified":"2024-02-22T17:15:38","modified_gmt":"2024-02-22T20:15:38","slug":"nupem","status":"publish","type":"page","link":"https:\/\/propesp.uepa.br\/ppgmusa\/index.php\/nupem\/","title":{"rendered":"NUPEM"},"content":{"rendered":"\n<div class=\"wp-block-uagb-container uagb-block-1f19ef3e alignfull uagb-is-root-container\"><div class=\"uagb-container-inner-blocks-wrap\">\n<div class=\"wp-block-media-text is-stacked-on-mobile\" style=\"grid-template-columns:21% auto\"><figure class=\"wp-block-media-text__media\"><img loading=\"lazy\" decoding=\"async\" width=\"394\" height=\"394\" src=\"https:\/\/propesp.uepa.br\/ppgmusa\/wp-content\/uploads\/2023\/08\/Imagem-NUPEM.jpg\" alt=\"\" class=\"wp-image-137 size-full\" srcset=\"https:\/\/propesp.uepa.br\/ppgmusa\/wp-content\/uploads\/2023\/08\/Imagem-NUPEM.jpg 394w, https:\/\/propesp.uepa.br\/ppgmusa\/wp-content\/uploads\/2023\/08\/Imagem-NUPEM-300x300.jpg 300w, https:\/\/propesp.uepa.br\/ppgmusa\/wp-content\/uploads\/2023\/08\/Imagem-NUPEM-150x150.jpg 150w\" sizes=\"auto, (max-width: 394px) 100vw, 394px\" \/><\/figure><div class=\"wp-block-media-text__content\">\n<p>O N\u00facleo de Pesquisa em M\u00fasica \u201cVicente Salles\u201d NUPEM\/UEPA tem por objetivo integrar os grupos de pesquisa em m\u00fasica da UEPA para, a partir de a\u00e7\u00f5es&nbsp;&nbsp;&nbsp;&nbsp; coordenadas e articuladas, fomentar atividades de ensino, pesquisa e extens\u00e3o inter e transdisciplinares em m\u00fasica na Amaz\u00f4nia, bem como o di\u00e1logo permanente dos saberes e fazeres amaz\u00f4nicos com outros contextos nacionais e internacionais. Dessa forma, compreende-se que o N\u00facleo de Pesquisa em M\u00fasica poder\u00e1 estabelecer parcerias com outras IES brasileiras e estrangeiras com o objetivo prec\u00edpuo de desenvolver pesquisas que contribuam com o desenvolvimento local e global. Considerando a diversidade cultural amaz\u00f4nica, bem como as a\u00e7\u00f5es capitaneadas pelos grupos de pesquisa em m\u00fasica da UEPA, ser\u00e1 poss\u00edvel potencializar pesquisas em m\u00fasica, assim como oportunizar pesquisadoras e pesquisadores a se posicionarem, criticamente, frente a diversos contextos e problematiza\u00e7\u00f5es que poder\u00e3o corroborar a constru\u00e7\u00e3o de conhecimentos mais significativos e socialmente engajados. Por fim, o N\u00facleo de Pesquisa em M\u00fasica \u201cVicente Salles\u201d \u2013 NUPEM entende a necessidade premente de articula\u00e7\u00f5es que oportunizem a cria\u00e7\u00e3o de novos espa\u00e7os para o pensamento te\u00f3rico-emp\u00edrico, considerando as pesquisadoras e pesquisadores n\u00e3o como seres isolados em seus campos epistemol\u00f3gicos, mas como intelectuais transformadoras\/es; atores e autores coletivos e engajadas\/os com o bem social. Dessa forma, destaca-se a import\u00e2ncia do referido N\u00facleo como polo gerador do desenvolvimento efetivo e perene de pesquisas a partir do saber musical. O NUPEM realizou, no ano de 2022, o I F\u00f3rum Permanente dos Grupos de Pesquisa em M\u00fasica da UEPA \u2013 I FORPEM, e, no ano de 2023, o II FORPEM, no \u00e2mbito do qual ocorreu o I Encontro Integrado dos Grupos de Pesquisa em M\u00fasica da UEPA \u2013 I ENIGRUPEM, envolvendo grupos de pesquisa em m\u00fasica da UEPA, UFPA, UFG, UFRR, UFPE e IFPA.<\/p>\n<\/div><\/div>\n<\/div><\/div>\n","protected":false},"excerpt":{"rendered":"<p>O N\u00facleo de Pesquisa em M\u00fasica \u201cVicente Salles\u201d NUPEM\/UEPA tem por objetivo integrar os grupos de pesquisa em m\u00fasica da UEPA para, a partir de a\u00e7\u00f5es&nbsp;&nbsp;&nbsp;&nbsp; coordenadas e articuladas, fomentar atividades de ensino, pesquisa e extens\u00e3o inter e transdisciplinares em m\u00fasica na Amaz\u00f4nia, bem como o di\u00e1logo permanente dos saberes e fazeres amaz\u00f4nicos com outros &hellip;<\/p>\n<p class=\"read-more\"> <a class=\"\" href=\"https:\/\/propesp.uepa.br\/ppgmusa\/index.php\/nupem\/\"> <span class=\"screen-reader-text\">NUPEM<\/span> Leia mais &raquo;<\/a><\/p>\n","protected":false},"author":1,"featured_media":0,"parent":0,"menu_order":0,"comment_status":"closed","ping_status":"closed","template":"","meta":{"_uag_custom_page_level_css":"","site-sidebar-layout":"default","site-content-layout":"default","ast-global-header-display":"","ast-banner-title-visibility":"","ast-main-header-display":"","ast-hfb-above-header-display":"","ast-hfb-below-header-display":"","ast-hfb-mobile-header-display":"","site-post-title":"","ast-breadcrumbs-content":"","ast-featured-img":"","footer-sml-layout":"","theme-transparent-header-meta":"","adv-header-id-meta":"","stick-header-meta":"","header-above-stick-meta":"","header-main-stick-meta":"","header-below-stick-meta":"","footnotes":""},"class_list":["post-52","page","type-page","status-publish","hentry"],"uagb_featured_image_src":{"full":false,"thumbnail":false,"medium":false,"medium_large":false,"large":false,"1536x1536":false,"2048x2048":false},"uagb_author_info":{"display_name":"adminsites@uepa.br","author_link":"https:\/\/propesp.uepa.br\/ppgmusa\/index.php\/author\/adminsitesuepa-br\/"},"uagb_comment_info":0,"uagb_excerpt":"O N\u00facleo de Pesquisa em M\u00fasica \u201cVicente Salles\u201d NUPEM\/UEPA tem por objetivo integrar os grupos de pesquisa em m\u00fasica da UEPA para, a partir de a\u00e7\u00f5es&nbsp;&nbsp;&nbsp;&nbsp; coordenadas e articuladas, fomentar atividades de ensino, pesquisa e extens\u00e3o inter e transdisciplinares em m\u00fasica na Amaz\u00f4nia, bem como o di\u00e1logo permanente dos saberes e fazeres amaz\u00f4nicos com outros&hellip;","_links":{"self":[{"href":"https:\/\/propesp.uepa.br\/ppgmusa\/index.php\/wp-json\/wp\/v2\/pages\/52","targetHints":{"allow":["GET"]}}],"collection":[{"href":"https:\/\/propesp.uepa.br\/ppgmusa\/index.php\/wp-json\/wp\/v2\/pages"}],"about":[{"href":"https:\/\/propesp.uepa.br\/ppgmusa\/index.php\/wp-json\/wp\/v2\/types\/page"}],"author":[{"embeddable":true,"href":"https:\/\/propesp.uepa.br\/ppgmusa\/index.php\/wp-json\/wp\/v2\/users\/1"}],"replies":[{"embeddable":true,"href":"https:\/\/propesp.uepa.br\/ppgmusa\/index.php\/wp-json\/wp\/v2\/comments?post=52"}],"version-history":[{"count":5,"href":"https:\/\/propesp.uepa.br\/ppgmusa\/index.php\/wp-json\/wp\/v2\/pages\/52\/revisions"}],"predecessor-version":[{"id":468,"href":"https:\/\/propesp.uepa.br\/ppgmusa\/index.php\/wp-json\/wp\/v2\/pages\/52\/revisions\/468"}],"wp:attachment":[{"href":"https:\/\/propesp.uepa.br\/ppgmusa\/index.php\/wp-json\/wp\/v2\/media?parent=52"}],"curies":[{"name":"wp","href":"https:\/\/api.w.org\/{rel}","templated":true}]}}