{"id":7,"date":"2023-08-31T15:13:22","date_gmt":"2023-08-31T18:13:22","guid":{"rendered":"https:\/\/propesp.uepa.br\/ppgreab\/?page_id=7"},"modified":"2026-01-30T09:47:39","modified_gmt":"2026-01-30T12:47:39","slug":"home","status":"publish","type":"page","link":"https:\/\/propesp.uepa.br\/ppgreab\/","title":{"rendered":"Home"},"content":{"rendered":"\n<style>\r\n.ast-above-header-wrap  {\r\nbackground: none;\r\n}\r\n<\/style>\n\n\n\n<div class=\"wp-block-uagb-container uagb-block-96fa4c7c alignfull uagb-is-root-container\"><div class=\"uagb-container__shape uagb-container__shape-bottom uagb-container__invert\" data-negative=\"false\"><svg xmlns=\"https:\/\/www.w3.org\/2000\/svg\" viewBox=\"0 0 1000 100\" preserveAspectRatio=\"none\"><path class=\"uagb-container__shape-fill\" d=\"M0,0c0,0,0,6,0,6.7c0,18,240.2,93.6,615.2,92.6C989.8,98.5,1000,25,1000,6.7c0-0.7,0-6.7,0-6.7H0z\"><\/path><\/svg><\/div><div class=\"uagb-container-inner-blocks-wrap\">\n<div class=\"wp-block-uagb-image alignleft uagb-block-9e937355 wp-block-uagb-image--layout-default wp-block-uagb-image--effect-static wp-block-uagb-image--align-left\"><figure class=\"wp-block-uagb-image__figure\"><img decoding=\"async\" srcset=\"https:\/\/propesp.uepa.br\/wp-content\/uploads\/2022\/11\/logo-uepa-branca_Prancheta-1-1024x724.png \" sizes=\"auto, (max-width: 480px) 150px\" src=\"https:\/\/propesp.uepa.br\/wp-content\/uploads\/2022\/11\/logo-uepa-branca_Prancheta-1-1024x724.png\" alt=\"\" class=\"uag-image-4288\" width=\"200\" height=\"1\" title=\"\" loading=\"lazy\"\/><\/figure><\/div>\n<\/div><\/div>\n\n\n\n<div id=\"itens\" class=\"wp-block-uagb-container uagb-block-b3dfbb08 alignfull uagb-is-root-container\"><div class=\"uagb-container__shape uagb-container__shape-bottom uagb-container__invert\" data-negative=\"false\"><svg xmlns=\"https:\/\/www.w3.org\/2000\/svg\" viewBox=\"0 0 1000 100\" preserveAspectRatio=\"none\"><path class=\"uagb-container__shape-fill\" d=\"M0,0c0,0,0,6,0,6.7c0,18,240.2,93.6,615.2,92.6C989.8,98.5,1000,25,1000,6.7c0-0.7,0-6.7,0-6.7H0z\"><\/path><\/svg><\/div><div class=\"uagb-container-inner-blocks-wrap\">\n<div class=\"wp-block-uagb-advanced-heading uagb-block-2c8d0076\"><h2 class=\"uagb-heading-text\">Apresenta\u00e7\u00e3o<\/h2><div class=\"uagb-separator\"><\/div><\/div>\n\n\n\n<p class=\"justify has-ast-global-color-8-color has-text-color\">O Programa de P\u00f3s-gradua\u00e7\u00e3o em Reabilita\u00e7\u00e3o e Desempenho Funcional da Universidade do Estado do Par\u00e1 (PPGREAB-UEPA) tem como \u00e1rea de concentra\u00e7\u00e3o <strong>\u201cInterven\u00e7\u00e3o e Funcionalidade\u201d<\/strong> distribu\u00edda em duas linhas de pesquisa, \u201c<strong>Avalia\u00e7\u00e3o e interven\u00e7\u00e3o terap\u00eautica nos sistemas neuromuscular\u201d <\/strong>e<strong> \u201cAvalia\u00e7\u00e3o e interven\u00e7\u00e3o terap\u00eautica nos sistemas cardiorrespirat\u00f3rio e metab\u00f3lico\u201d<\/strong>, formado por um corpo docente altamente qualificado e com experi\u00eancia na orienta\u00e7\u00e3o de pesquisas cient\u00edficas na \u00e1rea 21 da CAPES.<br><br>O Programa \u00e9 o terceiro da Regi\u00e3o Norte na \u00e1rea de concentra\u00e7\u00e3o de Educa\u00e7\u00e3o F\u00edsica e o primeiro em Reabilita\u00e7\u00e3o aprovado pela CAPES em 07\/06\/2023 para in\u00edcio das atividades com o mestrado acad\u00eamico. <\/p>\n\n\n\n<p>Portaria de reconhecimento do curso de P\u00f3s-gradua\u00e7\u00e3o Stricto Sensu pela CAPES PORTARIA 2.149, DI\u00c1RIO OFICIAL DA UNI\u00c3O DE 26 de dezembro de 2023.<\/p>\n\n\n\n<p class=\"justify has-ast-global-color-8-color has-text-color\">Portaria de cria\u00e7\u00e3o do curso de mestrado n\u00edvel acad\u00eamico na Universidade do Estado do Par\u00e1 RESOLU\u00c7\u00c3O N\u00ba 4077\/24-CONSUN, 21 de fevereiro de 2024.<\/p>\n\n\n\n<div class=\"wp-block-uagb-advanced-heading uagb-block-9d777f35\"><h2 class=\"uagb-heading-text\">Equipe<\/h2><div class=\"uagb-separator\"><\/div><\/div>\n\n\n\n<div id=\"equipe-1\" class=\"wp-block-uagb-container uagb-block-4187bc56\">\n<div class=\"wp-block-uagb-container uagb-block-a089cf7f\">\n<div class=\"wp-block-uagb-advanced-heading uagb-block-e3b2da64\"><h4 class=\"uagb-heading-text\">Coordenador&nbsp;<\/h4><\/div>\n\n\n\n<div class=\"wp-block-uagb-advanced-heading uagb-block-c1533706\"><p class=\"uagb-heading-text\">Prof\u00ba Dr. Rodrigo Santiago Barbosa Rocha<\/p><\/div>\n<\/div>\n\n\n\n<div class=\"wp-block-uagb-container uagb-block-68604594\">\n<div class=\"wp-block-uagb-advanced-heading uagb-block-066eb3db\"><h4 class=\"uagb-heading-text\">Vice-coordenadora<\/h4><\/div>\n\n\n\n<div class=\"wp-block-uagb-advanced-heading uagb-block-7b1d5a25\"><p class=\"uagb-heading-text\">Prof\u00aa Dra. Larissa Salgado de Oliveira Rocha<\/p><\/div>\n<\/div>\n\n\n\n<div class=\"wp-block-uagb-container uagb-block-90bff998\">\n<div class=\"wp-block-uagb-advanced-heading uagb-block-24a6be45\"><h4 class=\"uagb-heading-text\">Reitor<\/h4><\/div>\n\n\n\n<div class=\"wp-block-uagb-advanced-heading uagb-block-46b9e4e5\"><p class=\"uagb-heading-text\">Prof\u00ba Dr. Clay Anderson Nunes Chagas&nbsp;<\/p><\/div>\n<\/div>\n<\/div>\n\n\n\n<div id=\"equipe-1\" class=\"wp-block-uagb-container uagb-block-88597c8f\">\n<div class=\"wp-block-uagb-container uagb-block-5798f2be\">\n<div class=\"wp-block-uagb-advanced-heading uagb-block-c42853bb\"><h4 class=\"uagb-heading-text\">Vice-Reitora<\/h4><\/div>\n\n\n\n<div class=\"wp-block-uagb-advanced-heading uagb-block-7f86dbae\"><p class=\"uagb-heading-text\">Prof\u00aa Dra. Ilma Pastana Ferreira<\/p><\/div>\n<\/div>\n\n\n\n<div class=\"wp-block-uagb-container uagb-block-6893fb11\">\n<div class=\"wp-block-uagb-advanced-heading uagb-block-2a5e1629\"><h4 class=\"uagb-heading-text\">Secret\u00e1ria<\/h4><\/div>\n\n\n\n<div class=\"wp-block-uagb-advanced-heading uagb-block-f8288d4c\"><p class=\"uagb-heading-text\">Ma. Sheyla Fernanda da Costa Barbosa<\/p><\/div>\n<\/div>\n<\/div>\n<\/div><\/div>\n\n\n\n<p><\/p>\n","protected":false},"excerpt":{"rendered":"<p>Apresenta\u00e7\u00e3o O Programa de P\u00f3s-gradua\u00e7\u00e3o em Reabilita\u00e7\u00e3o e Desempenho Funcional da Universidade do Estado do Par\u00e1 (PPGREAB-UEPA) tem como \u00e1rea de concentra\u00e7\u00e3o \u201cInterven\u00e7\u00e3o e Funcionalidade\u201d distribu\u00edda em duas linhas de pesquisa, \u201cAvalia\u00e7\u00e3o e interven\u00e7\u00e3o terap\u00eautica nos sistemas neuromuscular\u201d e \u201cAvalia\u00e7\u00e3o e interven\u00e7\u00e3o terap\u00eautica nos sistemas cardiorrespirat\u00f3rio e metab\u00f3lico\u201d, formado por um corpo docente altamente qualificado &hellip;<\/p>\n<p class=\"read-more\"> <a class=\"\" href=\"https:\/\/propesp.uepa.br\/ppgreab\/\"> <span class=\"screen-reader-text\">Home<\/span> Leia mais &raquo;<\/a><\/p>\n","protected":false},"author":1,"featured_media":0,"parent":0,"menu_order":0,"comment_status":"closed","ping_status":"closed","template":"","meta":{"_uag_custom_page_level_css":"","site-sidebar-layout":"no-sidebar","site-content-layout":"plain-container","ast-site-content-layout":"","site-content-style":"default","site-sidebar-style":"default","ast-global-header-display":"","ast-banner-title-visibility":"","ast-main-header-display":"","ast-hfb-above-header-display":"","ast-hfb-below-header-display":"","ast-hfb-mobile-header-display":"","site-post-title":"disabled","ast-breadcrumbs-content":"","ast-featured-img":"","footer-sml-layout":"","theme-transparent-header-meta":"enabled","adv-header-id-meta":"","stick-header-meta":"","header-above-stick-meta":"","header-main-stick-meta":"","header-below-stick-meta":"","astra-migrate-meta-layouts":"","ast-page-background-enabled":"default","ast-page-background-meta":{"desktop":{"background-color":"var(--ast-global-color-4)","background-image":"","background-repeat":"repeat","background-position":"center center","background-size":"auto","background-attachment":"scroll","background-type":"","background-media":"","overlay-type":"","overlay-color":"","overlay-gradient":""},"tablet":{"background-color":"","background-image":"","background-repeat":"repeat","background-position":"center center","background-size":"auto","background-attachment":"scroll","background-type":"","background-media":"","overlay-type":"","overlay-color":"","overlay-gradient":""},"mobile":{"background-color":"","background-image":"","background-repeat":"repeat","background-position":"center center","background-size":"auto","background-attachment":"scroll","background-type":"","background-media":"","overlay-type":"","overlay-color":"","overlay-gradient":""}},"ast-content-background-meta":{"desktop":{"background-color":"var(--ast-global-color-5)","background-image":"","background-repeat":"repeat","background-position":"center center","background-size":"auto","background-attachment":"scroll","background-type":"","background-media":"","overlay-type":"","overlay-color":"","overlay-gradient":""},"tablet":{"background-color":"var(--ast-global-color-5)","background-image":"","background-repeat":"repeat","background-position":"center center","background-size":"auto","background-attachment":"scroll","background-type":"","background-media":"","overlay-type":"","overlay-color":"","overlay-gradient":""},"mobile":{"background-color":"var(--ast-global-color-5)","background-image":"","background-repeat":"repeat","background-position":"center center","background-size":"auto","background-attachment":"scroll","background-type":"","background-media":"","overlay-type":"","overlay-color":"","overlay-gradient":""}},"footnotes":""},"class_list":["post-7","page","type-page","status-publish","hentry"],"uagb_featured_image_src":{"full":false,"thumbnail":false,"medium":false,"medium_large":false,"large":false,"1536x1536":false,"2048x2048":false},"uagb_author_info":{"display_name":"adminsites@uepa.br","author_link":"https:\/\/propesp.uepa.br\/ppgreab\/index.php\/author\/adminsitesuepa-br\/"},"uagb_comment_info":0,"uagb_excerpt":"Apresenta\u00e7\u00e3o O Programa de P\u00f3s-gradua\u00e7\u00e3o em Reabilita\u00e7\u00e3o e Desempenho Funcional da Universidade do Estado do Par\u00e1 (PPGREAB-UEPA) tem como \u00e1rea de concentra\u00e7\u00e3o \u201cInterven\u00e7\u00e3o e Funcionalidade\u201d distribu\u00edda em duas linhas de pesquisa, \u201cAvalia\u00e7\u00e3o e interven\u00e7\u00e3o terap\u00eautica nos sistemas neuromuscular\u201d e \u201cAvalia\u00e7\u00e3o e interven\u00e7\u00e3o terap\u00eautica nos sistemas cardiorrespirat\u00f3rio e metab\u00f3lico\u201d, formado por um corpo docente altamente qualificado&hellip;","_links":{"self":[{"href":"https:\/\/propesp.uepa.br\/ppgreab\/index.php\/wp-json\/wp\/v2\/pages\/7","targetHints":{"allow":["GET"]}}],"collection":[{"href":"https:\/\/propesp.uepa.br\/ppgreab\/index.php\/wp-json\/wp\/v2\/pages"}],"about":[{"href":"https:\/\/propesp.uepa.br\/ppgreab\/index.php\/wp-json\/wp\/v2\/types\/page"}],"author":[{"embeddable":true,"href":"https:\/\/propesp.uepa.br\/ppgreab\/index.php\/wp-json\/wp\/v2\/users\/1"}],"replies":[{"embeddable":true,"href":"https:\/\/propesp.uepa.br\/ppgreab\/index.php\/wp-json\/wp\/v2\/comments?post=7"}],"version-history":[{"count":35,"href":"https:\/\/propesp.uepa.br\/ppgreab\/index.php\/wp-json\/wp\/v2\/pages\/7\/revisions"}],"predecessor-version":[{"id":379,"href":"https:\/\/propesp.uepa.br\/ppgreab\/index.php\/wp-json\/wp\/v2\/pages\/7\/revisions\/379"}],"wp:attachment":[{"href":"https:\/\/propesp.uepa.br\/ppgreab\/index.php\/wp-json\/wp\/v2\/media?parent=7"}],"curies":[{"name":"wp","href":"https:\/\/api.w.org\/{rel}","templated":true}]}}